-- Data for Name: auto_login_tokens; Type: TABLE DATA; Schema: public; Owner: neondb_owner
--

COPY public.auto_login_tokens (id, user_id, token, purpose, expires_at, used, used_at, created_at) FROM stdin;
\.


--
-- TOC entry 3867 (class 0 OID 17957)
-- Dependencies: 221
-- Data for Name: company_settings; Type: TABLE DATA; Schema: public; Owner: neondb_owner
--

COPY public.company_settings (id, company_name, vat_number, registration_number, address, phone, email, created_at, updated_at, created_by_id) FROM stdin;
1	Open ISP cc	4020230068	2005 / 156968 / 23	PO Box 491 Ballito 4420	0873508601	notify@openweb.live	2025-06-05 13:14:06.188976	2025-06-05 13:14:30.977791	2
\.


--
-- TOC entry 3869 (class 0 OID 17963)
-- Dependencies: 223
-- Data for Name: credit_transactions; Type: TABLE DATA; Schema: public; Owner: neondb_owner
--

COPY public.credit_transactions (id, wallet_id, transaction_type, amount, description, status, payfast_payment_id, payfast_merchant_id, payfast_signature, order_id, admin_user_id, created_at, processed_at) FROM stdin;
1	1	ADJUSTMENT	100.00	Admin Test Credit	COMPLETED	\N	\N	\N	\N	2	2025-05-31 16:58:38.64393	2025-05-31 16:58:38.578735
2	1	ADJUSTMENT	100.00	Admin Test Credit	COMPLETED	\N	\N	\N	\N	2	2025-05-31 16:58:40.812281	2025-05-31 16:58:40.745003
3	2	TOPUP	5.00	Credit top-up via Payfast - R5	PENDING	\N	\N	\N	\N	\N	2025-06-02 12:51:27.712963	\N
4	2	TOPUP	5.00	Credit top-up via Payfast - R5	PENDING	\N	\N	\N	\N	\N	2025-06-02 12:54:59.352528	\N
5	2	TOPUP	5.00	Credit top-up via Payfast - R5	PENDING	\N	\N	\N	\N	\N	2025-06-02 13:00:42.676283	\N
6	2	TOPUP	5.00	Credit top-up via Payfast - R5	PENDING	\N	\N	\N	\N	\N	2025-06-02 13:08:41.121508	\N
7	2	TOPUP	5.00	Credit top-up via Payfast - R5	PENDING	\N	\N	\N	\N	\N	2025-06-02 13:26:37.47177	\N
8	2	TOPUP	5.00	Credit top-up via Payfast - R5	PENDING	\N	\N	\N	\N	\N	2025-06-02 13:34:44.219208	\N
10	2	TOPUP	10.00	Credit top-up via Stripe - R10	COMPLETED	\N	\N	\N	\N	\N	2025-06-02 13:51:38.206871	2025-06-02 13:52:04.538393
11	2	TOPUP	10.00	Stripe payment completed: cs_live_a1gKweBPygRjQx7JiWrHC6VciGRkHT0j0h77A8IqrGrqBMdBAXLFtTcvzF	COMPLETED	\N	\N	\N	\N	\N	2025-06-02 13:52:04.774103	\N
12	2	ADJUSTMENT	1000.00	Admin Load	COMPLETED	\N	\N	\N	\N	2	2025-06-02 14:35:40.829758	2025-06-02 14:35:40.763824
13	2	PURCHASE	-294.20	Service order: Uncapped 1.5Mbps for marlene	COMPLETED	\N	\N	\N	4	\N	2025-06-02 15:14:13.001235	\N
16	2	ADJUSTMENT	1000.00	Admin Loaded	COMPLETED	\N	\N	\N	\N	2	2025-06-04 13:28:34.513945	2025-06-04 13:28:34.486926
18	3	TOPUP	100.00	Credit top-up via Stripe - R100	PENDING	\N	\N	\N	\N	\N	2025-06-04 13:49:19.654411	\N
19	5	TOPUP	500.00	First-time credit top-up - R500 + R50 bonus	PENDING	\N	\N	\N	\N	\N	2025-06-04 16:00:53.449275	\N
20	5	TOPUP	200.00	Credit top-up via Stripe - R200	PENDING	\N	\N	\N	\N	\N	2025-06-05 11:15:39.813736	\N
21	2	PURCHASE	-320.39	Service order: Uncapped - 2Mbps for lte2@openweb.co.za	COMPLETED	\N	\N	\N	8	\N	2025-06-05 11:57:42.478585	\N
17	2	PURCHASE	-320.39	Service order: Uncapped - 2Mbps for marlene	COMPLETED	\N	\N	\N	\N	\N	2025-06-04 13:29:43.008014	\N
22	2	REFUND	320.39	Refund for rejected order ORD4841282	COMPLETED	\N	\N	\N	\N	\N	2025-06-05 12:46:30.432861	\N
14	2	PURCHASE	-294.20	Service order: Uncapped 1.5Mbps for marlene	COMPLETED	\N	\N	\N	\N	\N	2025-06-02 15:43:57.234812	\N
23	2	REFUND	294.20	Refund for rejected order ORD7551515	COMPLETED	\N	\N	\N	\N	\N	2025-06-05 12:46:44.764443	\N
15	2	PURCHASE	-320.39	Service order: Uncapped - 2Mbps for marlene	COMPLETED	\N	\N	\N	\N	\N	2025-06-03 12:58:38.480346	\N
24	2	REFUND	320.39	Refund for rejected order ORD5156497	COMPLETED	\N	\N	\N	\N	\N	2025-06-05 12:46:52.180296	\N
25	9	TOPUP	1000.00	Credit top-up via Stripe - R1000	PENDING	\N	\N	\N	\N	\N	2025-06-07 11:55:12.272257	\N
27	2	PURCHASE	-284.79	Service order: Uncapped - 2Mbps for test3 (Qty: 1)	COMPLETED	\N	\N	\N	10	\N	2025-06-09 14:08:23.368807	\N
28	2	PURCHASE	-346.87	Service order: Uncapped - 5Mbps  for lte2@openweb.co.za (Qty: 1)	COMPLETED	\N	\N	\N	11	\N	2025-06-09 14:15:18.827835	\N
29	2	PURCHASE	-261.51	Service order: Uncapped 1.5Mbps for marlene (Qty: 1)	COMPLETED	\N	\N	\N	12	\N	2025-06-09 14:23:40.720282	\N
30	2	PURCHASE	-284.79	Service order: Uncapped - 2Mbps for marlene (Qty: 1)	COMPLETED	\N	\N	\N	13	\N	2025-06-09 14:32:44.021952	\N
31	2	ADJUSTMENT	500.00	Admin Test Credit	COMPLETED	\N	\N	\N	\N	2	2025-06-09 14:54:42.729792	2025-06-09 14:54:42.499263
32	2	TOPUP	100.00	Credit top-up via Stripe - R100	PENDING	\N	\N	\N	\N	\N	2025-06-09 14:56:14.699447	\N
33	2	PURCHASE	-331.35	Service order: Uncapped 5Mbps for marlene (Qty: 1)	COMPLETED	\N	\N	\N	14	\N	2025-06-09 14:56:56.443997	\N
34	10	TOPUP	300.00	Credit top-up via Stripe - R300	COMPLETED	\N	\N	\N	\N	\N	2025-06-10 11:30:26.849183	2025-06-10 11:41:28.857348
35	10	TOPUP	300.00	Stripe payment completed: cs_live_a1yLnJFp8aYDL4D0BvaEdD1X3P9Vf58bGyoQkKHULPVTemeYHiYEwyjg6H	COMPLETED	\N	\N	\N	\N	\N	2025-06-10 11:41:29.05275	\N
37	2	ADJUSTMENT	500.00	Admin Load for Testing	COMPLETED	\N	\N	\N	\N	2	2025-06-10 14:33:38.670605	2025-06-10 14:33:38.421117
38	2	PURCHASE	-278.92	Service order: Uncapped - 2Mbps - Delivery to Keoma (Qty: 1)	COMPLETED	\N	\N	\N	16	\N	2025-06-10 14:36:15.640042	\N
39	2	ADJUSTMENT	1200.00	Admin Manual Adjustment	COMPLETED	\N	\N	\N	\N	2	2025-06-10 15:05:14.273269	2025-06-10 15:05:14.033014
40	2	PURCHASE	-278.92	Service order: Uncapped - 2Mbps - Delivery to Keoma (Qty: 1)	COMPLETED	\N	\N	\N	19	\N	2025-06-10 15:07:26.282906	\N
36	10	PURCHASE	-293.60	Service order: Uncapped - 2Mbps for tmasuku@tssngroup.co.za (Qty: 1)	COMPLETED	\N	\N	\N	\N	\N	2025-06-10 11:52:33.463622	\N
41	10	REFUND	293.60	Refund for rejected order ORD9275490	COMPLETED	\N	\N	\N	\N	\N	2025-06-10 15:08:09.501957	\N
42	2	PURCHASE	-278.92	Service order: Uncapped - 2Mbps - Delivery to Keoma (Qty: 1)	COMPLETED	\N	\N	\N	20	\N	2025-06-10 15:25:09.545139	\N
43	10	PURCHASE	-293.60	Service order: Uncapped - 2Mbps - Delivery to Bethuel  (Qty: 1)	COMPLETED	\N	\N	\N	21	\N	2025-06-10 16:39:13.269815	\N
44	2	PURCHASE	-339.72	Service order: Uncapped - 5Mbps  - Delivery to Keoma Wright (Qty: 1)	COMPLETED	\N	\N	\N	22	\N	2025-06-10 17:15:30.767966	\N
45	6	PURCHASE	0.00	Monthly service renewal - June 2025	COMPLETED	\N	\N	\N	\N	\N	2025-06-10 17:24:58.441034	\N
46	7	PURCHASE	0.00	Monthly service renewal - June 2025	COMPLETED	\N	\N	\N	\N	\N	2025-06-10 17:25:06.961458	\N
47	2	PURCHASE	-244.06	Service order: Uncapped - 2Mbps - Delivery to Michael (Qty: 1)	COMPLETED	\N	\N	\N	23	\N	2025-06-11 08:36:08.773338	\N
48	2	PURCHASE	-297.26	Service order: Uncapped - 5Mbps  - Delivery to Keoma (Qty: 1)	COMPLETED	\N	\N	\N	24	\N	2025-06-11 09:26:55.18315	\N
49	2	PURCHASE	-244.06	Service order: Uncapped - 2Mbps - Delivery to Keoma (Qty: 1)	COMPLETED	\N	\N	\N	25	\N	2025-06-11 09:46:39.255576	\N
50	2	ADJUSTMENT	1000.00	Admin Adjustment	COMPLETED	\N	\N	\N	\N	2	2025-06-14 12:55:50.657184	2025-06-14 12:55:50.412254
51	2	PURCHASE	-212.31	Service order: Uncapped 1.5Mbps - Delivery to  (Qty: 1)	COMPLETED	\N	\N	\N	27	\N	2025-06-15 10:07:46.053569	\N
52	2	PURCHASE	-269.01	Service order: Uncapped Wildcard - Delivery to  (Qty: 1)	COMPLETED	\N	\N	\N	28	\N	2025-06-15 10:15:20.192763	\N
53	2	PURCHASE	-231.21	Service order: Uncapped - 2Mbps - Delivery to  (Qty: 1)	COMPLETED	\N	\N	\N	29	\N	2025-06-15 10:22:27.181485	\N
54	2	PURCHASE	-212.31	Service order: Uncapped 1.5Mbps - Delivery to  (Qty: 1)	COMPLETED	\N	\N	\N	30	\N	2025-06-15 10:28:56.666276	\N
55	2	ADJUSTMENT	1000.00	Admin Adjust	COMPLETED	\N	\N	\N	\N	2	2025-06-15 10:34:06.522679	2025-06-15 10:34:06.384451
56	2	PURCHASE	-212.31	Service order: Uncapped 1.5Mbps - Delivery to  (Qty: 1)	COMPLETED	\N	\N	\N	31	\N	2025-06-15 10:35:29.081472	\N
57	2	PURCHASE	-212.31	Service order: Uncapped 1.5Mbps - Delivery to  (Qty: 1)	COMPLETED	\N	\N	\N	32	\N	2025-06-15 10:40:59.664591	\N
58	2	PURCHASE	-212.31	Service order: Uncapped 1.5Mbps - Delivery to  (Qty: 1)	COMPLETED	\N	\N	\N	33	\N	2025-06-15 10:46:38.672364	\N
59	2	PURCHASE	-212.31	Service order: Uncapped 1.5Mbps - Delivery to  (Qty: 1)	COMPLETED	\N	\N	\N	34	\N	2025-06-15 10:51:45.675504	\N
60	2	PURCHASE	-212.31	Service order: Uncapped 1.5Mbps - Delivery to Keoma Wright (Qty: 1)	COMPLETED	\N	\N	\N	35	\N	2025-06-15 10:57:26.238094	\N
61	2	ADJUSTMENT	1211.00	Admin Adjust	COMPLETED	\N	\N	\N	\N	2	2025-06-15 11:01:30.52105	2025-06-15 11:01:30.387459
62	2	PURCHASE	-212.31	Service order: Uncapped 1.5Mbps - Delivery to  (Qty: 1)	COMPLETED	\N	\N	\N	36	\N	2025-06-15 11:03:13.385001	\N
63	2	PURCHASE	-212.31	Service order: Uncapped 1.5Mbps - Delivery to  (Qty: 1)	COMPLETED	\N	\N	\N	37	\N	2025-06-15 11:03:37.943139	\N
64	2	PURCHASE	-212.31	Service order: Uncapped 1.5Mbps - Delivery to  (Qty: 1)	COMPLETED	\N	\N	\N	38	\N	2025-06-15 11:26:41.044283	\N
65	27	TOPUP	100.00	Credit top-up via Stripe - R100	PENDING	\N	\N	\N	\N	\N	2025-06-16 11:04:10.260647	\N
66	25	TOPUP	500.00	First-time credit top-up - R500 + R50 bonus	PENDING	\N	\N	\N	\N	\N	2025-06-16 15:57:30.272539	\N
67	25	TOPUP	500.00	First-time credit top-up - R500 + R50 bonus	COMPLETED	\N	\N	\N	\N	\N	2025-06-16 15:57:37.691948	2025-06-16 15:59:06.633709
68	25	TOPUP	500.00	Stripe payment completed: cs_live_a1Th350WAkrEmBBS8wYW4aiOQeDYxRnaTHUktFgAZu40amb0LPvpdCbxhN	COMPLETED	\N	\N	\N	\N	\N	2025-06-16 15:59:08.551718	\N
69	25	PURCHASE	-232.20	Service order: Uncapped 8Mbps - Delivery to Alvin Vafana (Qty: 1)	COMPLETED	\N	\N	\N	45	\N	2025-06-16 16:14:49.748406	\N
70	3	ADJUSTMENT	10000.00	Internal - Not Actual Credit - Postpaid Clients	COMPLETED	\N	\N	\N	\N	2	2025-06-17 14:22:29.659828	2025-06-17 14:22:29.415477
71	7	ADJUSTMENT	10000.00	Internal - Not Actual Credit - Postpaid Clients	COMPLETED	\N	\N	\N	\N	2	2025-06-17 14:23:17.079816	2025-06-17 14:23:16.837872
72	25	TOPUP	800.00	Credit top-up via Stripe - R800	PENDING	\N	\N	\N	\N	\N	2025-06-18 10:33:59.426699	\N
73	25	TOPUP	700.00	Credit top-up via Stripe - R700	COMPLETED	\N	\N	\N	\N	\N	2025-06-18 10:35:48.431414	2025-06-18 10:36:35.696654
74	25	TOPUP	700.00	Stripe payment completed: cs_live_a1Llp0fwnbLzAgYSX6hrTUq6IXuXm0x198OOVakyIpdm4ehUcpQTF7PVXo	COMPLETED	\N	\N	\N	\N	\N	2025-06-18 10:36:37.610507	\N
75	37	TOPUP	500.00	First-time credit top-up - R500 + R50 bonus	COMPLETED	\N	\N	\N	\N	\N	2025-06-19 13:51:39.176706	2025-06-19 13:54:56.18102
76	37	TOPUP	500.00	Stripe payment completed: cs_live_a12hPRYWWp9YqMjqkUdrttLOJz2N9sdvjh7uynIoIi0O71F2Uls03C6ta1	COMPLETED	\N	\N	\N	\N	\N	2025-06-19 13:54:58.090491	\N
77	2	PURCHASE	-198.18	Service order: Uncapped - 2Mbps - Delivery to Keoma (Qty: 1)	COMPLETED	\N	\N	\N	48	\N	2025-06-19 15:25:06.740277	\N
80	31	TOPUP	500.00	First-time credit top-up - R500 + R50 bonus	PENDING	\N	\N	\N	\N	\N	2025-06-21 19:06:36.681081	\N
78	3	PURCHASE	-208.98	Service order: Uncapped 8Mbps - Delivery to Casper Rossouw (Qty: 1)	COMPLETED	\N	\N	\N	\N	\N	2025-06-20 07:10:39.216543	\N
82	3	REFUND	208.98	Refund for rejected order ORD9688348	COMPLETED	\N	\N	\N	\N	\N	2025-06-24 14:29:50.128525	\N
79	2	PURCHASE	-198.18	Service order: Uncapped - 2Mbps - Delivery to Monday (Qty: 1)	COMPLETED	\N	\N	\N	\N	\N	2025-06-20 15:15:58.273778	\N
83	2	REFUND	198.18	Refund for rejected order ORD6479186	COMPLETED	\N	\N	\N	\N	\N	2025-06-24 14:29:59.597888	\N
84	8	PURCHASE	0.00	Service order: Uncapped Wildcard - Delivery to Louis Van Tonder (Qty: 1)	COMPLETED	\N	\N	\N	53	\N	2025-06-24 18:59:37.311401	\N
85	8	PURCHASE	0.00	Service order: Uncapped Wildcard Lite - Delivery to Louis Van Tonder (Qty: 1)	COMPLETED	\N	\N	\N	54	\N	2025-06-24 19:21:24.644824	\N
86	8	TOPUP	200.00	Credit top-up via Stripe - R200	PENDING	\N	\N	\N	\N	\N	2025-06-24 19:59:36.381995	\N
90	2	REFUND	199.00	Refund for rejected order ORD7507392	COMPLETED	\N	\N	\N	58	\N	2025-06-26 12:26:56.024672	\N
92	2	ADJUSTMENT	1200.00	Admin Load	COMPLETED	\N	\N	\N	\N	2	2025-06-26 15:15:14.472177	2025-06-26 15:15:14.340517
93	2	ADJUSTMENT	1200.00	Admin Load	COMPLETED	\N	\N	\N	\N	2	2025-06-26 15:15:29.697321	2025-06-26 15:15:29.568297
97	37	TOPUP	200.00	Credit top-up via Stripe - R200	COMPLETED	\N	\N	\N	\N	\N	2025-06-27 13:18:05.661748	2025-06-27 13:18:27.042568
98	37	TOPUP	200.00	Stripe payment completed: cs_live_a1TxIg7ln3Yk6RsbX6vbJnYzHB3JEchoCmcUAM2zABRFNTwMyhOYTNFZsb	COMPLETED	\N	\N	\N	\N	\N	2025-06-27 13:18:28.94935	\N
102	2	REFUND	199.00	Refund for rejected order ORD4780555	COMPLETED	\N	\N	\N	65	\N	2025-06-27 17:46:32.244253	\N
104	87	TOPUP	10.00	Credit top-up via Stripe - R10	COMPLETED	\N	\N	\N	\N	\N	2025-06-28 09:55:57.885703	2025-06-28 09:57:15.272669
105	87	TOPUP	10.00	Stripe payment completed: cs_live_a1HaElRSIkaMDIAtGJ4a9kAAFziLSuK0jhqmHwR92xybKpFJOMBDXXx6PR	COMPLETED	\N	\N	\N	\N	\N	2025-06-28 09:57:17.275886	\N
106	77	TOPUP	1000.00	First-time credit top-up - R1000 + R100 bonus	COMPLETED	\N	\N	\N	\N	\N	2025-06-28 20:32:26.063188	2025-06-28 20:35:12.610594
107	77	TOPUP	1000.00	Stripe payment completed: cs_live_a1gfZ9dnGPcSAWVrYAfCzmMYMisncfQk8KsC3OQdehCqzDhUVQjDGD0zQG	COMPLETED	\N	\N	\N	\N	\N	2025-06-28 20:35:14.523999	\N
108	84	TOPUP	250.00	First-time credit top-up - R250 + R0 bonus	COMPLETED	\N	\N	\N	\N	\N	2025-06-30 10:12:32.374214	2025-06-30 10:14:14.410833
109	84	TOPUP	250.00	Stripe payment completed: cs_live_a12wNdz6Xcz8gttIUVsQY35oz1UKAZoxRW3vo5z3XToUNAZ9l5vTNi35dO	COMPLETED	\N	\N	\N	\N	\N	2025-06-30 10:14:16.33246	\N
110	7	TOPUP	2421.09	Credit top-up via Stripe - R2421.09	COMPLETED	\N	\N	\N	\N	\N	2025-06-30 16:46:55.608451	2025-06-30 16:49:00.365251
111	7	TOPUP	2421.09	Stripe payment completed: cs_live_a1D3t0oXYyfLy2E6hEEERt3lJE2GCkaNsytkCn1CZ4rGERZqDR9aGAc2uh	COMPLETED	\N	\N	\N	\N	\N	2025-06-30 16:49:02.270593	\N
115	3	RENEWAL	3226.23	Monthly service renewal - July 2025	\N	\N	\N	\N	\N	\N	2025-07-01 15:00:16.787774	\N
116	7	RENEWAL	2421.09	Monthly service renewal - July 2025	\N	\N	\N	\N	\N	\N	2025-07-01 15:00:17.952766	\N
117	25	RENEWAL	387.00	Monthly service renewal - July 2025	\N	\N	\N	\N	\N	\N	2025-07-01 15:00:19.504437	\N
118	3	RENEWAL	3226.23	Monthly service renewal - July 2025	\N	\N	\N	\N	\N	\N	2025-07-01 15:01:19.979617	\N
119	7	RENEWAL	2421.09	Monthly service renewal - July 2025	\N	\N	\N	\N	\N	\N	2025-07-01 15:01:21.137365	\N
120	25	RENEWAL	387.00	Monthly service renewal - July 2025	\N	\N	\N	\N	\N	\N	2025-07-01 15:01:22.676226	\N
121	2	ADJUSTMENT	1700.00	Admin Load	COMPLETED	\N	\N	\N	\N	2	2025-07-01 15:12:55.858794	2025-07-01 15:12:55.722374
122	2	ADJUSTMENT	300.00	Admin	COMPLETED	\N	\N	\N	\N	2	2025-07-01 17:13:56.490964	2025-07-01 17:13:56.357719
123	10	TOPUP	370.00	Credit top-up via Stripe - R370	COMPLETED	\N	\N	\N	\N	\N	2025-07-02 07:50:48.263801	2025-07-02 07:53:17.920892
124	10	TOPUP	370.00	Stripe payment completed: cs_live_a1thZfIbnFucFlihV8w4D4nkR7cJYriNbylTm2yscRMgCfdtzu8jCMnKtq	COMPLETED	\N	\N	\N	\N	\N	2025-07-02 07:53:19.836928	\N
125	89	TOPUP	200.00	Credit top-up via Stripe - R200	COMPLETED	\N	\N	\N	\N	\N	2025-07-02 08:05:04.129804	2025-07-02 08:07:58.940436
126	89	TOPUP	200.00	Stripe payment completed: cs_live_a12lfYNpnsxHniw3XqvDxOt8fDBXClP244A4XcdTMqsqaTTDMJKfrA78Iq	COMPLETED	\N	\N	\N	\N	\N	2025-07-02 08:08:00.841427	\N
147	2	ADJUSTMENT	1000.00	Admin	COMPLETED	\N	\N	\N	\N	2	2025-07-02 11:46:06.825675	2025-07-02 11:46:06.695599
152	2	RENEWAL	-4429.98	Monthly renewal for 15 services - Admin processed	COMPLETED	\N	\N	\N	\N	2	2025-07-02 15:36:18.014544	\N
154	2	ADJUSTMENT	550.00	Admin Load	COMPLETED	\N	\N	\N	\N	2	2025-07-02 16:01:29.729683	2025-07-02 16:01:29.596662
155	10	RENEWAL	-367.00	Monthly renewal for 1 services - Admin processed	COMPLETED	\N	\N	\N	\N	2	2025-07-02 16:52:05.483587	\N
158	91	TOPUP	900.00	Credit top-up via Stripe - R900	COMPLETED	\N	\N	\N	\N	\N	2025-07-02 18:22:04.016706	2025-07-02 18:26:00.929769
159	91	TOPUP	900.00	Stripe payment completed: cs_live_a1HnpCiDfG4gjgphHy1ojtCH448AlYh41Te1Z2xGERwZHVamuXgO8rsryR	COMPLETED	\N	\N	\N	\N	\N	2025-07-02 18:26:02.892456	\N
161	91	PURCHASE	-897.30	Service order: Uncapped Full Speed - Delivery to CHRIS WILLIAMS (Qty: 1)	COMPLETED	\N	\N	\N	90	\N	2025-07-02 18:38:42.067212	\N
162	37	PURCHASE	-528.30	Service order: Uncapped 20Mbps - Delivery to  (Qty: 1)	COMPLETED	\N	\N	\N	91	\N	2025-07-03 06:22:09.578669	\N
163	37	TOPUP	500.00	Credit top-up via Stripe - R500	COMPLETED	\N	\N	\N	\N	\N	2025-07-03 06:31:15.781499	2025-07-03 06:31:39.568204
164	37	TOPUP	500.00	Stripe payment completed: cs_live_a1Y1K80wmNrFsftBi3CCN0WDkWR3qX4VJ4Ivqv1GY4leP9qG653k2BAUhG	COMPLETED	\N	\N	\N	\N	\N	2025-07-03 06:31:41.532602	\N
169	7	ADJUSTMENT	7578.91	Client moved to Prepaid Model - Internal Credit Removed	COMPLETED	\N	\N	\N	\N	2	2025-07-03 15:57:21.19594	2025-07-03 15:57:20.944002
170	3	ADJUSTMENT	6651.46	Internal Credit Load - Debit Order Client	COMPLETED	\N	\N	\N	\N	2	2025-07-03 16:21:45.701192	2025-07-03 16:21:45.454026
171	10	ADJUSTMENT	367.00	Credit Refund	COMPLETED	\N	\N	\N	\N	2	2025-07-04 09:52:20.442717	2025-07-04 09:52:20.307736
172	7	ADJUSTMENT	10000.00	Admin Internal Removal	COMPLETED	\N	\N	\N	\N	2	2025-07-06 11:13:05.110207	2025-07-06 11:13:05.107493
178	7	ADJUSTMENT	2421.09	User Credit - Paid via Debit Card	COMPLETED	\N	\N	\N	\N	2	2025-07-08 12:57:44.455185	2025-07-08 12:57:44.19919
180	98	TOPUP	100.00	Credit top-up via Stripe - R100	PENDING	\N	\N	\N	\N	\N	2025-07-09 16:38:21.562605	\N
181	84	TOPUP	200.00	Credit top-up via Stripe - R200	COMPLETED	\N	\N	\N	\N	\N	2025-07-10 17:07:32.677278	2025-07-10 17:09:22.321993
182	84	TOPUP	200.00	Stripe payment completed: cs_live_a196xxxUKybpiTYjAVBcwmWOYy9Y2GeYFaudKgsWCiXXPaIm54RTJXV3bX	COMPLETED	\N	\N	\N	\N	\N	2025-07-10 17:09:24.277144	\N
184	84	PURCHASE	-340.00	Service order: Uncapped 75Mbps Lite - Delivery to  (Qty: 1)	COMPLETED	\N	\N	\N	98	\N	2025-07-10 17:21:04.748301	\N
185	3	REFUND	49.00	Refund for rejected order ORD6711641	COMPLETED	\N	\N	\N	96	\N	2025-07-14 10:05:01.923269	\N
186	99	TOPUP	500.00	First-time credit top-up - R500 + R50 bonus	COMPLETED	\N	\N	\N	\N	\N	2025-07-14 23:11:37.0545	2025-07-14 23:15:40.692192
187	99	TOPUP	500.00	Stripe payment completed: cs_live_a122n62uNQpvQYqWDwFZgmhT3LWnIC3Sv1ixRosR4cM6313poW6Bio0y3z	COMPLETED	\N	\N	\N	\N	\N	2025-07-14 23:15:42.613872	\N
188	83	TOPUP	100.00	First-time credit top-up - R100 + R0 bonus	PENDING	\N	\N	\N	\N	\N	2025-07-15 17:35:29.158361	\N
189	84	TOPUP	250.00	Credit top-up via Stripe - R250	COMPLETED	\N	\N	\N	\N	\N	2025-07-16 06:49:43.509328	2025-07-16 06:51:48.945426
190	84	TOPUP	250.00	Stripe payment completed: cs_live_a1jbKMW97VNIDLZrMEiCw3DvSTuMKnp0EYPCReTdk1pgRySJGo4w0DH5x1	COMPLETED	\N	\N	\N	\N	\N	2025-07-16 06:51:50.861234	\N
191	84	PURCHASE	-232.20	Service order: Uncapped 10Mbps Basic - Delivery to  (Qty: 1)	COMPLETED	\N	\N	\N	100	\N	2025-07-16 06:59:22.534864	\N
193	2	PURCHASE	-161.46	Service order: Telkom One Starter - Delivery to  (Qty: 1)	COMPLETED	\N	\N	\N	102	\N	2025-07-17 17:02:14.197563	\N
194	3	ADJUSTMENT	-10000.00	going fully onto reselelrs panel	COMPLETED	\N	\N	\N	\N	14	2025-07-18 07:58:49.814838	2025-07-18 07:58:49.573532
195	3	ADJUSTMENT	20000.00	going over to resellers panel	COMPLETED	\N	\N	\N	\N	14	2025-07-18 08:00:37.125488	2025-07-18 08:00:36.885885
196	3	TOPUP	262.98	Credit top-up via Stripe - R262.98	COMPLETED	\N	\N	\N	\N	\N	2025-07-19 06:38:32.930373	2025-07-19 06:39:48.244168
197	3	TOPUP	262.98	Stripe payment completed: cs_live_a1VzQ26HqACJMySqJePxJXtScRi6Cw82IPiOGR42BRnB0UpLPr0rc7K1Tt	COMPLETED	\N	\N	\N	\N	\N	2025-07-19 06:39:50.331978	\N
198	84	TOPUP	200.00	Credit top-up via Stripe - R200	COMPLETED	\N	\N	\N	\N	\N	2025-07-19 16:12:41.348056	2025-07-19 16:13:04.651434
199	84	TOPUP	200.00	Stripe payment completed: cs_live_a122mk3KkDTB3jVyzmSgah3yvPRStsCunx5cd5MoVnBTVpdp1NcNhUnZDD	COMPLETED	\N	\N	\N	\N	\N	2025-07-19 16:13:06.56739	\N
201	77	PURCHASE	-238.20	Service order: Uncapped - 2Mbps - Delivery to  (Qty: 1)	COMPLETED	\N	\N	\N	104	\N	2025-07-20 18:59:55.543667	\N
202	3	PURCHASE	-175.32	Service order: Uncapped 10Mbps - Delivery to  (Qty: 1)	COMPLETED	\N	\N	\N	105	\N	2025-07-21 06:35:30.697542	\N
203	103	TOPUP	1000.00	Credit top-up via Stripe - R1000	PENDING	\N	\N	\N	\N	\N	2025-07-21 10:59:13.645769	\N
205	84	PURCHASE	-151.60	Service order: 50GB Full Speed Anytime - Delivery to  (Qty: 1)	COMPLETED	\N	\N	\N	106	\N	2025-07-22 15:35:46.500953	\N
206	99	ADJUSTMENT	-92.65	bulk telkom sims	COMPLETED	\N	\N	\N	\N	14	2025-07-23 09:49:30.584636	2025-07-23 09:49:30.341498
207	92	TOPUP	1000.00	Credit top-up via Stripe - R1000	COMPLETED	\N	\N	\N	\N	\N	2025-07-23 10:27:14.42471	2025-07-23 11:01:57.032073
208	92	TOPUP	1000.00	Stripe payment completed: cs_live_a1aKvch1ppUkQGvAt0IhfYBZcUwKElCpd3UyHCOD3ImfzQwyQm8Ezel8cw	COMPLETED	\N	\N	\N	\N	\N	2025-07-23 11:02:00.729174	\N
209	92	PURCHASE	-314.80	Service order: Uncapped 50Mbps - Delivery to  (Qty: 1)	COMPLETED	\N	\N	\N	107	\N	2025-07-23 11:20:25.855182	\N
210	92	PURCHASE	-314.80	Service order: Uncapped 50Mbps - Delivery to  (Qty: 1)	COMPLETED	\N	\N	\N	108	\N	2025-07-23 11:23:12.157614	\N
211	92	PURCHASE	-314.80	Service order: Uncapped 50Mbps - Delivery to  (Qty: 1)	COMPLETED	\N	\N	\N	109	\N	2025-07-23 11:37:52.769043	\N
212	105	TOPUP	1000.00	Credit top-up via Stripe - R1000	COMPLETED	\N	\N	\N	\N	\N	2025-07-23 15:07:58.557716	2025-07-23 15:09:17.65465
213	105	TOPUP	1000.00	Stripe payment completed: cs_live_a1FXs8g9fIPvmmf0wZ9QDHmOHL4rkGklxZ1AM6XlD3RL6EwH3OFNiR2lna	COMPLETED	\N	\N	\N	\N	\N	2025-07-23 15:09:19.752868	\N
215	87	PURCHASE	-38.70	Service order: Uncapped 8Mbps - Delivery to  (Qty: 1)	COMPLETED	\N	\N	\N	114	\N	2025-07-25 03:31:37.168648	\N
216	107	TOPUP	1000.00	Credit top-up via Stripe - R1000	PENDING	\N	\N	\N	\N	\N	2025-07-25 06:00:12.172946	\N
217	2	ADJUSTMENT	2110.00	Admin Internal Adjust	COMPLETED	\N	\N	\N	\N	2	2025-07-25 12:46:14.752549	2025-07-25 12:46:14.615464
218	2	PURCHASE	-38.43	Service order: Uncapped 5Mbps - Delivery to  (Qty: 1)	COMPLETED	\N	\N	\N	115	\N	2025-07-25 13:12:37.395401	\N
220	2	PURCHASE	-38.43	Service order: Uncapped 5Mbps - Delivery to  (Qty: 1)	COMPLETED	\N	\N	\N	116	\N	2025-07-25 13:29:17.275415	\N
222	2	PURCHASE	-43.83	Service order: Uncapped 10Mbps - Delivery to  (Qty: 1)	COMPLETED	\N	\N	\N	117	\N	2025-07-25 13:44:10.46598	\N
223	2	PURCHASE	-38.43	Service order: Uncapped 5Mbps - Delivery to  (Qty: 1)	COMPLETED	\N	\N	\N	118	\N	2025-07-25 14:02:44.744805	\N
224	2	PURCHASE	-35.91	Service order: Telkom One Pro - Delivery to  (Qty: 1)	COMPLETED	\N	\N	\N	119	\N	2025-07-25 14:13:39.403501	\N
225	107	TOPUP	1000.00	First-time credit top-up - R1000 + R100 bonus	COMPLETED	\N	\N	\N	\N	\N	2025-07-25 15:24:31.609352	2025-07-25 15:27:26.644365
226	107	TOPUP	1000.00	Stripe payment completed: cs_live_a14DZbjXvTaaUwFP1C3kuLDy0hs0PdnjwK1JLBPTCKiC4lEmoB3AWp4YKY	COMPLETED	\N	\N	\N	\N	\N	2025-07-25 15:27:28.68375	\N
227	92	TOPUP	100.00	Credit top-up via Stripe - R100	COMPLETED	\N	\N	\N	\N	\N	2025-07-25 18:28:59.855965	2025-07-25 18:38:01.489369
228	92	TOPUP	100.00	Stripe payment completed: cs_live_a1u9Acmd7pL5DNAl3IO4D73SMBnKLN7wG95nyLRKdyLa8E3g01ScelvWr8	COMPLETED	\N	\N	\N	\N	\N	2025-07-25 18:38:03.441632	\N
230	92	PURCHASE	-78.70	Service order: Uncapped 50Mbps - Delivery to  (Qty: 1)	COMPLETED	\N	\N	\N	122	\N	2025-07-27 13:55:37.596925	\N
231	92	TOPUP	2400.00	Credit top-up via Stripe - R2400	COMPLETED	\N	\N	\N	\N	\N	2025-07-27 14:00:32.175438	2025-07-27 14:02:19.745413
232	92	TOPUP	2400.00	Stripe payment completed: cs_live_a15SxqkpOsQRcODLnNLtbCDxMGunHv19yIiHXJXPfKvGZGVEO8BxnbBLKU	COMPLETED	\N	\N	\N	\N	\N	2025-07-27 14:02:23.20219	\N
234	92	PURCHASE	-78.70	Service order: Uncapped 50Mbps - Delivery to  (Qty: 1)	COMPLETED	\N	\N	\N	123	\N	2025-07-27 14:04:06.495978	\N
\.


--
-- TOC entry 3871 (class 0 OID 17969)
-- Dependencies: 225
-- Data for Name: credit_wallets; Type: TABLE DATA; Schema: public; Owner: neondb_owner
--

COPY public.credit_wallets (id, reseller_id, balance, renewal_amount, last_renewal_sync, insufficient_credit_flag, created_at, updated_at) FROM stdin;
11	38	0.00	0.00	2025-07-25 12:47:05.13584	f	2025-06-10 14:58:20.290856	2025-07-25 12:47:05.237045
55	62	0.00	0.00	2025-07-25 12:47:16.127281	f	2025-06-24 12:45:43.975918	2025-07-25 12:47:16.22829
73	93	0.00	0.00	2025-07-25 12:47:21.670759	f	2025-06-24 14:01:49.098077	2025-07-25 12:47:21.772132
74	94	0.00	0.00	2025-07-25 12:47:22.161093	f	2025-06-24 14:01:49.737219	2025-07-25 12:47:22.262121
77	100	1107.75	397.00	2025-07-25 12:47:27.111218	f	2025-06-24 14:01:53.700574	2025-07-25 12:47:27.213552
10	33	469.05	0.00	2025-07-25 12:47:05.625613	f	2025-06-09 11:08:16.437715	2025-07-25 12:47:05.726667
27	46	0.00	0.00	2025-07-25 12:47:06.115196	f	2025-06-15 14:51:39.323898	2025-07-25 12:47:06.216271
24	60	0.00	0.00	2025-07-25 12:47:06.604903	f	2025-06-11 15:04:36.357163	2025-07-25 12:47:06.706067
56	63	0.00	0.00	2025-07-25 12:47:07.09468	f	2025-06-24 12:45:46.135306	2025-07-25 12:47:07.195717
90	124	0.00	0.00	2025-07-25 12:47:38.739677	f	2025-06-30 11:57:32.807378	2025-07-25 12:47:38.842871
57	64	0.00	0.00	2025-07-25 12:47:07.584464	f	2025-06-24 12:45:47.6129	2025-07-25 12:47:07.685399
58	65	0.00	0.00	2025-07-25 12:47:08.07362	f	2025-06-24 12:45:49.089223	2025-07-25 12:47:08.174584
23	58	0.00	0.00	2025-07-25 12:47:08.563443	f	2025-06-11 08:38:49.571034	2025-07-25 12:47:08.664577
60	70	0.00	0.00	2025-07-25 12:47:16.628789	f	2025-06-24 13:18:47.543294	2025-07-25 12:47:16.729735
68	82	0.00	0.00	2025-07-25 12:47:17.130807	f	2025-06-24 13:18:53.645487	2025-07-25 12:47:17.231891
70	90	0.00	0.00	2025-07-25 12:47:17.632864	f	2025-06-24 13:18:54.681356	2025-07-25 12:47:17.73407
33	89	0.00	0.00	2025-07-25 12:47:18.134919	f	2025-06-19 09:35:38.129302	2025-07-25 12:47:18.235843
8	35	0.00	0.00	2025-07-25 12:47:39.243739	f	2025-06-07 11:27:56.018053	2025-07-25 12:47:39.34476
72	91	0.00	0.00	2025-07-25 12:47:18.636946	f	2025-06-24 14:01:46.442615	2025-07-25 12:47:18.737969
34	85	0.00	0.00	2025-07-25 12:47:19.138678	f	2025-06-19 11:06:34.473117	2025-07-25 12:47:19.239887
35	86	0.00	0.00	2025-07-25 12:47:19.641251	f	2025-06-19 12:23:22.999636	2025-07-25 12:47:19.742743
78	101	0.00	0.00	2025-07-25 12:47:27.61442	f	2025-06-24 14:01:54.337433	2025-07-25 12:47:27.715635
81	105	0.00	0.00	2025-07-25 12:47:32.649479	f	2025-06-24 14:01:56.248427	2025-07-25 12:47:32.750488
79	103	0.00	0.00	2025-07-25 12:47:28.116258	f	2025-06-24 14:01:54.974803	2025-07-25 12:47:28.217336
38	92	126.65	0.00	2025-07-25 12:47:22.651121	f	2025-06-20 09:56:36.767487	2025-07-25 12:47:22.752111
26	66	0.00	0.00	2025-07-25 12:47:09.052778	f	2025-06-15 05:49:05.357731	2025-07-25 12:47:09.153791
28	67	0.00	0.00	2025-07-25 12:47:10.571882	f	2025-06-15 21:58:20.237294	2025-07-25 12:47:10.67321
25	61	193.80	387.00	2025-07-25 12:47:11.07396	f	2025-06-12 08:07:56.830316	2025-07-25 12:47:11.174983
62	72	0.00	0.00	2025-07-25 12:47:11.57586	f	2025-06-24 13:18:48.580644	2025-07-25 12:47:11.676962
20	34	0.00	0.00	2025-07-25 12:46:54.158282	f	2025-06-10 17:24:55.485858	2025-07-25 12:46:54.259325
6	24	0.00	0.00	2025-07-25 12:46:54.648126	f	2025-06-04 16:05:45.868586	2025-07-25 12:46:54.749674
3	15	87.66	3873.33	2025-07-25 12:46:55.139206	f	2025-06-04 11:28:48.124616	2025-07-25 12:46:55.240438
7	30	2421.09	2421.09	2025-07-25 12:46:55.629281	f	2025-06-05 14:50:01.226493	2025-07-25 12:46:55.7312
22	40	0.00	0.00	2025-07-25 12:46:56.119394	f	2025-06-10 17:27:32.8509	2025-07-25 12:46:56.220424
21	37	0.00	0.00	2025-07-25 12:46:56.609133	f	2025-06-10 17:27:30.24124	2025-07-25 12:46:56.710324
19	32	0.00	0.00	2025-07-25 12:46:57.0995	f	2025-06-10 17:24:52.977475	2025-07-25 12:46:57.200662
42	41	0.00	0.00	2025-07-25 12:46:57.589584	f	2025-06-24 12:41:54.682498	2025-07-25 12:46:57.690565
43	42	0.00	0.00	2025-07-25 12:46:58.07961	f	2025-06-24 12:41:56.102749	2025-07-25 12:46:58.180601
45	44	0.00	0.00	2025-07-25 12:46:59.601507	f	2025-06-24 12:41:58.941379	2025-07-25 12:46:59.702672
46	45	0.00	0.00	2025-07-25 12:47:00.103736	f	2025-06-24 12:42:00.36076	2025-07-25 12:47:00.204919
47	47	0.00	0.00	2025-07-25 12:47:00.605757	f	2025-06-24 12:42:01.778441	2025-07-25 12:47:00.706942
39	88	0.00	0.00	2025-07-25 12:47:23.141563	f	2025-06-20 11:13:56.403473	2025-07-25 12:47:23.242768
29	73	0.00	0.00	2025-07-25 12:47:12.077832	f	2025-06-18 06:04:43.613697	2025-07-25 12:47:12.178777
63	75	0.00	0.00	2025-07-25 12:47:12.579682	f	2025-06-24 13:18:50.178052	2025-07-25 12:47:12.680749
64	76	0.00	0.00	2025-07-25 12:47:13.081332	f	2025-06-24 13:18:50.695952	2025-07-25 12:47:13.18232
30	74	0.00	0.00	2025-07-25 12:47:13.583753	f	2025-06-18 07:59:54.723334	2025-07-25 12:47:13.684975
32	77	0.00	0.00	2025-07-25 12:47:14.085787	f	2025-06-18 11:20:33.294119	2025-07-25 12:47:14.186853
59	69	0.00	0.00	2025-07-25 12:47:14.587952	f	2025-06-24 12:45:53.932073	2025-07-25 12:47:14.689121
80	104	0.00	0.00	2025-07-25 12:47:28.617781	f	2025-06-24 14:01:55.611688	2025-07-25 12:47:28.718911
31	78	0.00	0.00	2025-07-25 12:47:23.631708	f	2025-06-18 08:54:30.896652	2025-07-25 12:47:23.733075
67	81	0.00	0.00	2025-07-25 12:47:24.121968	f	2025-06-24 13:18:53.126904	2025-07-25 12:47:24.223252
82	106	0.00	0.00	2025-07-25 12:47:29.119726	f	2025-06-24 14:01:56.885246	2025-07-25 12:47:29.220916
85	109	0.00	0.00	2025-07-25 12:47:29.621617	f	2025-06-24 14:01:59.334238	2025-07-25 12:47:29.722781
48	48	0.00	0.00	2025-07-25 12:47:01.108201	f	2025-06-24 12:42:03.196558	2025-07-25 12:47:01.209208
86	111	0.00	0.00	2025-07-25 12:47:30.12375	f	2025-06-24 14:01:59.971587	2025-07-25 12:47:30.224821
41	110	0.00	0.00	2025-07-25 12:47:30.625715	f	2025-06-24 12:04:34.912871	2025-07-25 12:47:30.726764
84	108	176.20	1191.00	2025-07-25 12:47:31.1278	f	2025-06-24 14:01:58.696794	2025-07-25 12:47:31.229012
66	80	0.00	0.00	2025-07-25 12:47:31.629942	f	2025-06-24 13:18:52.609168	2025-07-25 12:47:31.73056
36	87	0.00	0.00	2025-07-25 12:47:20.146458	f	2025-06-19 13:18:56.265133	2025-07-25 12:47:20.247714
75	95	0.00	0.00	2025-07-25 12:47:24.612136	f	2025-06-24 14:01:50.376291	2025-07-25 12:47:24.713259
76	99	0.00	0.00	2025-07-25 12:47:25.101457	f	2025-06-24 14:01:53.062866	2025-07-25 12:47:25.202525
69	84	0.00	0.00	2025-07-25 12:47:25.590815	f	2025-06-24 13:18:54.163723	2025-07-25 12:47:25.691789
83	107	0.00	0.00	2025-07-25 12:47:33.13887	f	2025-06-24 14:01:57.522932	2025-07-25 12:47:33.240262
52	56	0.00	0.00	2025-07-25 12:47:33.629091	f	2025-06-24 12:42:10.161393	2025-07-25 12:47:33.730235
1	3	200.00	0.00	2025-07-25 12:46:48.736418	f	2025-05-31 16:58:38.198911	2025-07-25 12:46:48.838183
97	141	0.00	0.00	2025-07-25 12:47:44.413815	f	2025-07-07 09:16:32.567973	2025-07-25 12:47:44.514902
9	39	0.00	0.00	2025-07-25 12:47:01.609795	f	2025-06-07 11:46:26.219412	2025-07-25 12:47:01.710664
49	49	0.00	0.00	2025-07-25 12:47:02.111615	f	2025-06-24 12:42:05.260897	2025-07-25 12:47:02.212744
50	50	0.00	0.00	2025-07-25 12:47:02.613566	f	2025-06-24 12:42:06.679202	2025-07-25 12:47:02.714677
51	51	0.00	0.00	2025-07-25 12:47:03.115024	f	2025-06-24 12:42:08.097725	2025-07-25 12:47:03.215959
53	57	0.00	0.00	2025-07-25 12:47:03.617518	f	2025-06-24 12:42:11.579786	2025-07-25 12:47:03.718662
37	83	671.70	924.00	2025-07-25 12:47:20.648891	f	2025-06-19 13:50:06.203586	2025-07-25 12:47:20.749461
87	118	97.95	0.00	2025-07-25 12:47:34.741232	f	2025-06-26 05:41:02.441832	2025-07-25 12:47:34.842283
88	121	0.00	0.00	2025-07-25 12:47:37.089985	f	2025-06-27 14:24:11.773378	2025-07-25 12:47:37.191006
89	122	200.00	0.00	2025-07-25 12:47:39.745887	f	2025-06-28 10:30:49.027435	2025-07-25 12:47:39.846951
91	117	2.70	16143.30	2025-07-25 12:47:40.247585	f	2025-07-01 21:04:29.64512	2025-07-25 12:47:40.348513
93	133	0.00	0.00	2025-07-25 12:47:41.251315	f	2025-07-02 12:46:06.926597	2025-07-25 12:47:41.352585
94	135	0.00	0.00	2025-07-25 12:47:42.390211	f	2025-07-03 18:37:51.351976	2025-07-25 12:47:42.491484
40	102	0.00	0.00	2025-06-24 14:02:00.742079	f	2025-06-24 11:58:09.984948	2025-06-24 14:02:00.842995
61	71	0.00	0.00	2025-07-25 12:47:15.089887	f	2025-06-24 13:18:48.062306	2025-07-25 12:47:15.1906
54	59	0.00	0.00	2025-07-25 12:47:04.119342	f	2025-06-24 12:42:12.997638	2025-07-25 12:47:04.219882
98	145	0.00	0.00	2025-07-25 12:47:44.904237	f	2025-07-09 14:21:20.962999	2025-07-25 12:47:45.005557
12	22	0.00	0.00	2025-07-25 12:46:49.227203	f	2025-06-10 17:24:39.546393	2025-07-25 12:46:49.328054
100	151	0.00	0.00	2025-07-25 12:47:45.395265	f	2025-07-15 10:05:46.009038	2025-07-25 12:47:45.496522
65	79	0.00	0.00	2025-07-25 12:47:26.080256	f	2025-06-24 13:18:51.99069	2025-07-25 12:47:26.180751
95	137	0.00	0.00	2025-07-25 12:47:42.892581	f	2025-07-04 11:09:42.456837	2025-07-25 12:47:42.993788
96	138	0.00	0.00	2025-07-25 12:47:43.394157	f	2025-07-04 17:09:08.613676	2025-07-25 12:47:43.494749
101	155	0.00	0.00	2025-07-25 12:47:46.505954	f	2025-07-18 08:08:51.989321	2025-07-25 12:47:46.60711
106	165	0.00	0.00	2025-07-25 12:47:50.101335	f	2025-07-24 07:34:32.210779	2025-07-25 12:47:50.20236
102	156	0.00	0.00	2025-07-25 12:47:46.995856	f	2025-07-18 12:57:35.589207	2025-07-25 12:47:47.096946
103	159	0.00	0.00	2025-07-25 12:47:47.486357	f	2025-07-21 10:33:43.030067	2025-07-25 12:47:47.587604
99	144	407.35	0.00	2025-07-25 12:47:47.976948	f	2025-07-14 09:48:39.764998	2025-07-25 12:47:48.078135
104	161	0.00	0.00	2025-07-25 12:47:48.467077	f	2025-07-22 09:36:20.857214	2025-07-25 12:47:48.568455
105	164	1000.00	0.00	2025-07-25 12:47:50.591912	f	2025-07-23 14:10:04.375048	2025-07-25 12:47:50.69303
4	13	0.00	0.00	2025-07-25 12:46:49.716649	f	2025-06-04 11:33:18.630285	2025-07-25 12:46:49.81801
13	16	0.00	0.00	2025-07-25 12:46:50.207186	f	2025-06-10 17:24:42.048326	2025-07-25 12:46:50.308624
14	23	0.00	0.00	2025-07-25 12:46:50.697607	f	2025-06-10 17:24:43.87966	2025-07-25 12:46:50.798597
15	25	0.00	0.00	2025-07-25 12:46:51.187964	f	2025-06-10 17:24:45.694645	2025-07-25 12:46:51.289135
16	26	0.00	0.00	2025-07-25 12:46:51.677464	f	2025-06-10 17:24:47.516953	2025-07-25 12:46:51.778442
17	27	0.00	0.00	2025-07-25 12:46:52.16859	f	2025-06-10 17:24:49.332725	2025-07-25 12:46:52.269755
18	31	0.00	0.00	2025-07-25 12:46:52.658431	f	2025-06-10 17:24:51.155887	2025-07-25 12:46:52.759395
5	21	0.00	0.00	2025-07-25 12:46:53.148148	f	2025-06-04 16:00:42.722612	2025-07-25 12:46:53.248639
44	43	0.00	0.00	2025-07-25 12:46:58.568895	f	2025-06-24 12:41:57.522046	2025-07-25 12:46:58.670344
108	116	0.00	0.00	2025-07-25 12:47:34.251522	f	2025-07-25 12:47:33.991872	2025-07-25 12:47:34.35252
109	123	0.00	0.00	2025-07-25 12:47:35.360763	f	2025-07-25 12:47:35.101686	2025-07-25 12:47:35.462091
110	125	0.00	0.00	2025-07-25 12:47:35.980974	f	2025-07-25 12:47:35.722012	2025-07-25 12:47:36.081979
111	126	0.00	0.00	2025-07-25 12:47:36.600414	f	2025-07-25 12:47:36.341393	2025-07-25 12:47:36.70143
112	127	0.00	0.00	2025-07-25 12:47:37.709704	f	2025-07-25 12:47:37.450764	2025-07-25 12:47:37.810308
113	136	0.00	0.00	2025-07-25 12:47:41.88782	f	2025-07-25 12:47:41.620561	2025-07-25 12:47:41.9889
114	154	0.00	0.00	2025-07-25 12:47:46.015809	f	2025-07-25 12:47:45.756546	2025-07-25 12:47:46.117128
115	171	0.00	0.00	2025-07-25 12:47:49.087211	f	2025-07-25 12:47:48.828204	2025-07-25 12:47:49.187808
116	167	0.00	0.00	2025-07-25 12:47:51.70098	f	2025-07-25 12:47:51.4422	2025-07-25 12:47:51.80218
117	169	0.00	0.00	2025-07-25 12:47:52.320734	f	2025-07-25 12:47:52.061863	2025-07-25 12:47:52.421862
118	170	0.00	0.00	2025-07-25 12:47:52.940758	f	2025-07-25 12:47:52.681606	2025-07-25 12:47:53.04298
2	6	3340.30	4391.10	2025-07-25 12:47:09.542243	f	2025-06-02 12:03:06.999851	2025-07-25 14:13:39.271758
107	168	1126.65	0.00	2025-07-25 12:47:51.081731	f	2025-07-25 05:47:38.330128	2025-07-25 15:27:27.412927
92	132	2398.20	2361.00	2025-07-25 12:47:40.749021	f	2025-07-02 10:26:03.683881	2025-07-27 14:04:06.254821
\.


--
-- TOC entry 3873 (class 0 OID 17973)
-- Dependencies: 227
-- Data for Name: discount_tier_fees; Type: TABLE DATA; Schema: public; Owner: neondb_owner
--

COPY public.discount_tier_fees (id, user_id, subscription_id, fee_amount, discount_percentage, status, due_date, paid_date, created_at) FROM stdin;
\.


--
-- TOC entry 3875 (class 0 OID 17977)
-- Dependencies: 229
-- Data for Name: early_discount_subscriptions; Type: TABLE DATA; Schema: public; Owner: neondb_owner
--

COPY public.early_discount_subscriptions (id, user_id, discount_percentage, monthly_fee, tier_name, is_active, created_at, activated_at, deactivated_at, created_by_id) FROM stdin;
4	58	3	999.00	Bronze	f	2025-06-14 13:13:31.478634	\N	\N	58
\.


--
-- TOC entry 3877 (class 0 OID 17981)
-- Dependencies: 231
-- Data for Name: email_queue; Type: TABLE DATA; Schema: public; Owner: neondb_owner
--

COPY public.email_queue (id, recipient_email, recipient_name, recipient_user_id, subject, body_text, body_html, template_key, template_variables, status, priority, retry_count, max_retries, created_at, scheduled_at, processed_at, sent_at, error_message, last_attempt_at, message_type, initiated_by_user_id, batch_id) FROM stdin;
\.


--
-- TOC entry 3879 (class 0 OID 17987)
-- Dependencies: 233
-- Data for Name: email_templates; Type: TABLE DATA; Schema: public; Owner: neondb_owner
--

COPY public.email_templates (id, template_key, template_name, subject, body_text, body_html, description, available_variables, is_active, created_at, updated_at, created_by_id) FROM stdin;
3	order_received	Order Received - Processing	Order #{order_id} Received - Now Processing	Dear {reseller_name},\r\n\r\nWe have received your order and it is now being processed.\r\n\r\nOrder Details:\r\n- Order ID: #{order_id}\r\n- Order Date: {order_date}\r\n- Total Amount: {total_amount}\r\n\r\nItems Ordered:\r\n{items_list}\r\n\r\nYou will receive another notification once your order has been provisioned and is ready for use.\r\n\r\nBest regards,\r\nOpenWeb Reseller Management Team	<!DOCTYPE html>\r\n<html>\r\n<head><meta charset="UTF-8"><title>Order Received</title></head>\r\n<body style="font-family: Arial, sans-serif; line-height: 1.6; color: #333; max-width: 600px; margin: 0 auto; padding: 20px;">\r\n    <div style="background: #fff3cd; padding: 20px; border-radius: 8px; margin-bottom: 20px; border-left: 4px solid #ffc107;">\r\n        <h2 style="color: #856404; margin: 0;">Order Processing</h2>\r\n        <p style="color: #856404; margin: 5px 0 0 0;">Order #{order_id} Received</p>\r\n    </div>\r\n    \r\n    <div style="background: white; padding: 20px; border: 1px solid #dee2e6; border-radius: 8px;">\r\n        <p>Dear {reseller_name},</p>\r\n        \r\n        <p>We have received your order and it is now being processed.</p>\r\n        \r\n        <div style="background: #f8f9fa; padding: 15px; border-radius: 5px; margin: 20px 0;">\r\n            <h4 style="color: #495057; margin: 0 0 10px 0;">Order Details:</h4>\r\n            <ul style="margin: 0; padding-left: 20px;">\r\n                <li><strong>Order ID:</strong> #{order_id}</li>\r\n                <li><strong>Order Date:</strong> {order_date}</li>\r\n                <li><strong>Total Amount:</strong> {total_amount}</li>\r\n                <li><strong>Estimated Completion:</strong> {estimated_completion}</li>\r\n            </ul>\r\n        </div>\r\n        \r\n        <div style="background: #e3f2fd; padding: 15px; border-radius: 5px; margin: 20px 0;">\r\n            <h4 style="color: #1976d2; margin: 0 0 10px 0;">Items Ordered:</h4>\r\n            <div style="white-space: pre-line;">{items_list}</div>\r\n        </div>\r\n        \r\n        <p>You will receive another notification once your order has been provisioned and is ready for use.</p>\r\n        \r\n        <p>Best regards,<br><strong>OpenWeb Reseller Management Team</strong></p>\r\n    </div>\r\n</body>\r\n</html>	Sent when a new order is received and being processed	["reseller_name", "order_id", "order_date", "total_amount", "items_list", "estimated_completion"]	t	2025-06-04 12:58:59.032782	2025-06-04 13:15:27.471316	\N
1	registration_received	Registration Received - Pending Approval	OpenWeb Reseller Registration Received - Pending Approval	Dear {reseller_name},\n\nThank you for your interest in becoming an OpenWeb reseller!\n\nWe have received your registration request for the following details:\n- Name: {reseller_name}\n- Email: {reseller_email}\n- Company: {company_name}\n- Registration Date: {registration_date}\n\nYour application is currently being reviewed by our admin team. We will notify you within 1-2 business days regarding the status of your application.\n\nIf you have any questions, please contact us at admin@openweb.co.za.\n\nBest regards,\nOpenWeb Reseller Management Team	<!DOCTYPE html>\n<html>\n<head><meta charset="UTF-8"><title>Registration Received</title></head>\n<body style="font-family: Arial, sans-serif; line-height: 1.6; color: #333; max-width: 600px; margin: 0 auto; padding: 20px;">\n    <div style="background: #f8f9fa; padding: 20px; border-radius: 8px; margin-bottom: 20px;">\n        <h2 style="color: #2c3e50; margin: 0;">OpenWeb Reseller Program</h2>\n        <p style="color: #7f8c8d; margin: 5px 0 0 0;">Registration Received</p>\n    </div>\n    \n    <div style="background: white; padding: 20px; border: 1px solid #dee2e6; border-radius: 8px;">\n        <p>Dear {reseller_name},</p>\n        \n        <p>Thank you for your interest in becoming an OpenWeb reseller!</p>\n        \n        <div style="background: #e3f2fd; padding: 15px; border-radius: 5px; margin: 20px 0;">\n            <h4 style="color: #1976d2; margin: 0 0 10px 0;">Registration Details:</h4>\n            <ul style="margin: 0; padding-left: 20px;">\n                <li><strong>Name:</strong> {reseller_name}</li>\n                <li><strong>Email:</strong> {reseller_email}</li>\n                <li><strong>Company:</strong> {company_name}</li>\n                <li><strong>Registration Date:</strong> {registration_date}</li>\n            </ul>\n        </div>\n        \n        <p>Your application is currently being reviewed by our admin team. We will notify you within 1-2 business days regarding the status of your application.</p>\n        \n        <p>If you have any questions, please contact us at <a href="mailto:admin@openweb.co.za">admin@openweb.co.za</a>.</p>\n        \n        <p>Best regards,<br><strong>OpenWeb Reseller Management Team</strong></p>\n    </div>\n</body>\n</html>	Sent when a new reseller registration is received and pending admin approval	["reseller_name", "reseller_surname", "reseller_email", "company_name", "registration_id", "registration_date", "physical_address"]	t	2025-06-04 12:58:58.794626	2025-06-04 12:58:58.794632	\N
5	credit_added	Credit Added to Account	Credit Added: {credit_amount} - Account Updated	Dear {reseller_name},\n\nCredits have been successfully added to your account.\n\nTransaction Details:\n- Amount Added: {credit_amount}\n- Transaction ID: {transaction_id}\n- Payment Method: {payment_method}\n- Transaction Date: {transaction_date}\n- New Account Balance: {new_balance}\n\nYour account is now updated and ready for new orders.\n\nBest regards,\nOpenWeb Reseller Management Team	<!DOCTYPE html>\n<html>\n<head><meta charset="UTF-8"><title>Credit Added</title></head>\n<body style="font-family: Arial, sans-serif; line-height: 1.6; color: #333; max-width: 600px; margin: 0 auto; padding: 20px;">\n    <div style="background: linear-gradient(135deg, #4caf50, #45a049); padding: 20px; border-radius: 8px; margin-bottom: 20px; color: white;">\n        <h2 style="margin: 0;">Credit Added Successfully!</h2>\n        <p style="margin: 5px 0 0 0; opacity: 0.9;">{credit_amount}</p>\n    </div>\n    \n    <div style="background: white; padding: 20px; border: 1px solid #dee2e6; border-radius: 8px;">\n        <p>Dear {reseller_name},</p>\n        \n        <p>Credits have been successfully added to your account.</p>\n        \n        <div style="background: #e8f5e8; padding: 15px; border-radius: 5px; margin: 20px 0;">\n            <h4 style="color: #2e7d32; margin: 0 0 10px 0;">Transaction Details:</h4>\n            <ul style="margin: 0; padding-left: 20px;">\n                <li><strong>Amount Added:</strong> {credit_amount}</li>\n                <li><strong>Transaction ID:</strong> {transaction_id}</li>\n                <li><strong>Payment Method:</strong> {payment_method}</li>\n                <li><strong>Transaction Date:</strong> {transaction_date}</li>\n                <li><strong>New Account Balance:</strong> <span style="color: #2e7d32; font-weight: bold;">{new_balance}</span></li>\n            </ul>\n        </div>\n        \n        <p>Your account is now updated and ready for new orders.</p>\n        \n        <p>Best regards,<br><strong>OpenWeb Reseller Management Team</strong></p>\n    </div>\n</body>\n</html>	Sent when credits are added to reseller account	["reseller_name", "credit_amount", "transaction_id", "new_balance", "payment_method", "transaction_date"]	t	2025-06-04 12:58:59.266864	2025-06-04 12:58:59.26687	\N
4	order_provisioned	Order Provisioned - Service Details	Order #{order_id} Provisioned Successfully - Service Details Included	Dear {reseller_name},\r\n\r\nGreat news! Your order #{order_id} has been successfully provisioned.\r\n\r\nService Details:\r\n{service_details}\r\n\r\nLogin Credentials:\r\n{login_credentials}\r\n\r\nBilling Cycle: {billing_cycle}\r\n\r\nYour services are now active and ready for use. Please save these details securely.\r\n\r\nFor technical support, contact us at wow@openweb.email\r\n\r\nBest regards,\r\nOpenWeb Reseller Management Team	<!DOCTYPE html>\r\n<html>\r\n<head><meta charset="UTF-8"><title>Order Provisioned</title></head>\r\n<body style="font-family: Arial, sans-serif; line-height: 1.6; color: #333; max-width: 600px; margin: 0 auto; padding: 20px;">\r\n    <div style="background: linear-gradient(135deg, #4caf50, #45a049); padding: 20px; border-radius: 8px; margin-bottom: 20px; color: white;">\r\n        <h2 style="margin: 0;">Order Provisioned Successfully!</h2>\r\n        <p style="margin: 5px 0 0 0; opacity: 0.9;">Order #{order_id}</p>\r\n    </div>\r\n    \r\n    <div style="background: white; padding: 20px; border: 1px solid #dee2e6; border-radius: 8px;">\r\n        <p>Dear {reseller_name},</p>\r\n        \r\n        <p><strong>Great news!</strong> Your order #{order_id} has been successfully provisioned.</p>\r\n        \r\n        <div style="background: #e8f5e8; padding: 15px; border-radius: 5px; margin: 20px 0;">\r\n            <h4 style="color: #2e7d32; margin: 0 0 10px 0;">Service Details:</h4>\r\n            <div style="white-space: pre-line; font-family: monospace; background: #f8f9fa; padding: 10px; border-radius: 3px;">{service_details}</div>\r\n        </div>\r\n        \r\n        <div style="background: #fff3cd; padding: 15px; border-radius: 5px; margin: 20px 0; border-left: 4px solid #ffc107;">\r\n            <h4 style="color: #856404; margin: 0 0 10px 0;">Login Credentials:</h4>\r\n            <div style="white-space: pre-line; font-family: monospace; background: #f8f9fa; padding: 10px; border-radius: 3px;">{login_credentials}</div>\r\n            <p style="margin: 10px 0 0 0; font-size: 12px; color: #856404;"><strong>Important:</strong> Please save these details securely.</p>\r\n        </div>\r\n        \r\n        <p><strong>Billing Cycle:</strong> {billing_cycle}</p>\r\n        \r\n        <p>Your services are now active and ready for use.</p>\r\n        \r\n        <p>For technical support, contact us at <a href="mailto:{support_contact}">{support_contact}</a>.</p>\r\n        \r\n        <p>Best regards,<br><strong>OpenWeb Reseller Management Team</strong></p>\r\n    </div>\r\n</body>\r\n</html>	Sent when an order has been successfully provisioned with service details	["reseller_name", "order_id", "service_details", "login_credentials", "support_contact", "billing_cycle"]	t	2025-06-04 12:58:59.146463	2025-06-04 13:16:13.278011	\N
6	admin_new_registration	Admin New Registration Notification	New Reseller Registration - Approval Required	New Reseller Registration Pending Approval\n\nA new reseller has submitted their registration and requires admin approval.\n\nRegistration Details:\n- Name: {reseller_name} {reseller_surname}\n- Email: {reseller_email}\n- Mobile: {reseller_mobile}\n- Company: {company_name}\n- VAT Number: {vat_number}\n- Physical Address: {physical_address}\n- Registration ID: {registration_id}\n- Submitted: {registration_date}\n- IP Address: {ip_address}\n\nAction Required:\nPlease log into the admin dashboard to review and approve this registration.\n\nThe applicant has been sent a confirmation email and is awaiting approval notification.\n\nBest regards,\nOpenWeb Reseller Management System	<!DOCTYPE html>\n<html>\n<head><meta charset="UTF-8"><title>New Reseller Registration</title></head>\n<body style="font-family: Arial, sans-serif; line-height: 1.6; color: #333; max-width: 600px; margin: 0 auto; padding: 20px;">\n    <div style="background: #f8f9fa; padding: 20px; border-radius: 8px; margin-bottom: 20px;">\n        <h2 style="color: #2c3e50; margin: 0 0 10px 0;">OpenWeb Admin Notification</h2>\n        <p style="color: #7f8c8d; margin: 0;">New Reseller Registration</p>\n    </div>\n    \n    <div style="background: white; padding: 20px; border: 1px solid #dee2e6; border-radius: 8px;">\n        <div style="background: #fff3cd; border: 1px solid #ffeaa7; padding: 15px; border-radius: 5px; margin-bottom: 20px;">\n            <h4 style="color: #856404; margin: 0 0 10px 0;">🔔 Action Required</h4>\n            <p style="margin: 0; color: #856404;">A new reseller registration is pending your approval.</p>\n        </div>\n        \n        <div style="background: #f8f9fa; padding: 15px; border-radius: 5px; margin: 20px 0;">\n            <h4 style="color: #495057; margin: 0 0 15px 0;">📋 Registration Details</h4>\n            <table style="width: 100%; border-collapse: collapse;">\n                <tr><td style="padding: 8px 0; color: #6c757d; width: 30%;"><strong>Name:</strong></td><td style="padding: 8px 0;">{reseller_name} {reseller_surname}</td></tr>\n                <tr><td style="padding: 8px 0; color: #6c757d;"><strong>Email:</strong></td><td style="padding: 8px 0;">{reseller_email}</td></tr>\n                <tr><td style="padding: 8px 0; color: #6c757d;"><strong>Mobile:</strong></td><td style="padding: 8px 0;">{reseller_mobile}</td></tr>\n                <tr><td style="padding: 8px 0; color: #6c757d;"><strong>Company:</strong></td><td style="padding: 8px 0;">{company_name}</td></tr>\n                <tr><td style="padding: 8px 0; color: #6c757d;"><strong>VAT Number:</strong></td><td style="padding: 8px 0;">{vat_number}</td></tr>\n                <tr><td style="padding: 8px 0; color: #6c757d;"><strong>Registration ID:</strong></td><td style="padding: 8px 0;"><strong>#{registration_id}</strong></td></tr>\n                <tr><td style="padding: 8px 0; color: #6c757d;"><strong>Submitted:</strong></td><td style="padding: 8px 0;">{registration_date}</td></tr>\n                <tr><td style="padding: 8px 0; color: #6c757d;"><strong>IP Address:</strong></td><td style="padding: 8px 0;">{ip_address}</td></tr>\n            </table>\n        </div>\n        \n        <p>Please log into the admin dashboard to review this registration and approve or reject the application.</p>\n        \n        <p>Best regards,<br><strong>OpenWeb Reseller Management System</strong></p>\n    </div>\n</body>\n</html>	Admin notification for new reseller registrations	["reseller_name", "reseller_surname", "reseller_email", "reseller_mobile", "company_name", "vat_number", "physical_address", "registration_id", "registration_date", "ip_address"]	t	2025-06-04 15:21:28.190219	2025-06-04 15:21:28.190219	\N
2	registration_approved	Registration Approved - Welcome!	Welcome to OpenWeb Reseller Program	Dear {reseller_name},\r\n\r\nCongratulations! Your OpenWeb reseller registration has been approved.\r\n\r\nYou can now access your reseller dashboard at: https://reseller.openweb.co.za\r\n\r\nLogin credentials:\r\n- Email: {reseller_email}\r\n- Use the password you set during registration\r\n\r\nStart exploring our products and begin selling to your customers today!\r\n\r\nFor support, contact us at notify@openweb.live\r\n\r\nBest regards,\r\nOpenWeb Reseller Team	<!DOCTYPE html>\r\n<html>\r\n<head><meta charset="UTF-8"><title>Registration Approved</title></head>\r\n<body style="font-family: Arial, sans-serif; line-height: 1.6; color: #333; max-width: 600px; margin: 0 auto; padding: 20px;">\r\n    <div style="background: linear-gradient(135deg, #4caf50, #45a049); padding: 20px; border-radius: 8px; margin-bottom: 20px; color: white;">\r\n        <h2 style="margin: 0;">Welcome to OpenWeb Reseller Program!</h2>\r\n        <p style="margin: 5px 0 0 0; opacity: 0.9;">Registration Approved</p>\r\n    </div>\r\n    \r\n    <div style="background: white; padding: 20px; border: 1px solid #dee2e6; border-radius: 8px;">\r\n        <p>Dear {reseller_name},</p>\r\n        \r\n        <p><strong>Congratulations!</strong> Your OpenWeb reseller registration has been approved.</p>\r\n        \r\n        <div style="background: #e8f5e8; padding: 15px; border-radius: 5px; margin: 20px 0;">\r\n            <h4 style="color: #2e7d32; margin: 0 0 10px 0;">Next Steps:</h4>\r\n            <ol style="margin: 0; padding-left: 20px;">\r\n                <li>Access your dashboard: <a href="https://reseller.openweb.co.za" style="color: #1976d2;">https://reseller.openweb.co.za</a></li>\r\n                <li>Login with: {reseller_email}</li>\r\n                <li>Start with loading your first topup and receiving a free bonus. <strong></strong></li>\r\n            </ol>\r\n        </div>\r\n        \r\n        <p>Start exploring our products and begin selling to your customers today!</p>\r\n        \r\n        <p>For support, contact us at <a href="mailto:{support_email}">{support_email}</a>.</p>\r\n        \r\n        <p>Best regards,<br><strong>OpenWeb Reseller Management Team</strong></p>\r\n    </div>\r\n</body>\r\n</html>	Sent when a reseller registration is approved by admin	["reseller_name", "reseller_email", "login_url", "support_email", "welcome_credit"]	t	2025-06-04 12:58:58.917647	2025-06-04 15:52:21.29259	\N
7	early_discount_fee_due	Early Discount Fee Payment Due	Early Discount Fee Payment Due - {{days_until_due}} Days Remaining	Dear {{reseller_name}},\n\nYour early discount fee payment is due soon.\n\nDiscount Tier: {{tier_name}} ({{discount_percentage}}% discount)\nMonthly Fee: R{{monthly_fee}}\nDue Date: {{due_date}}\nDays Until Due: {{days_until_due}}\n\nPlease ensure payment is made before the due date to maintain your discount benefits.\n\nYou can make payment securely through your credit wallet at: {{payment_url}}\n\nBest regards,\nOpenWeb Team	<html>\n<body style="font-family: Arial, sans-serif; line-height: 1.6; color: #333;">\n    <div style="max-width: 600px; margin: 0 auto; padding: 20px;">\n        <h2 style="color: #d4910a;">Early Discount Fee Payment Due</h2>\n        \n        <p>Dear <strong>{{reseller_name}}</strong>,</p>\n        \n        <p>Your early discount fee payment is due soon.</p>\n        \n        <div style="background-color: #f8f9fa; padding: 15px; border-left: 4px solid #d4910a; margin: 20px 0;">\n            <h3 style="margin-top: 0; color: #d4910a;">Payment Details</h3>\n            <p><strong>Discount Tier:</strong> {{tier_name}} ({{discount_percentage}}% discount)</p>\n            <p><strong>Monthly Fee:</strong> R{{monthly_fee}}</p>\n            <p><strong>Due Date:</strong> {{due_date}}</p>\n            <p><strong>Days Until Due:</strong> <span style="color: #dc3545; font-weight: bold;">{{days_until_due}}</span></p>\n        </div>\n        \n        <p>Please ensure payment is made before the due date to maintain your discount benefits.</p>\n        \n        <div style="text-align: center; margin: 30px 0;">\n            <a href="{{payment_url}}" style="background-color: #d4910a; color: white; padding: 12px 30px; text-decoration: none; border-radius: 5px; display: inline-block;">Make Payment Now</a>\n        </div>\n        \n        <p>Best regards,<br>\n        <strong>OpenWeb Team</strong></p>\n    </div>\n</body>\n</html>	Email template for early discount fee due date notifications (5, 4, 3, 2, and due day)	reseller_name, tier_name, discount_percentage, monthly_fee, due_date, days_until_due, payment_url	t	2025-06-04 16:33:36.040326	2025-06-04 16:33:36.040326	\N
8	admin_service_added_reseller	Service Added by Admin - Reseller Notification	New Service Added to Your Account - {service_name}	Dear {reseller_name},\n\nGreat news! A new service has been added to your reseller account by our admin team.\n\nService Details:\n- Service Name: {service_name}\n- Product: {product_name}\n- Category: {product_category}\n- Monthly Cost: {monthly_cost}\n- Service Start Date: {service_start_date}\n- Service ID: {service_id}\n\n{service_description}\n\nThis service has been activated and is ready for use. You can manage this service through your reseller dashboard.\n\nAdded by: {admin_name}\nDate Added: {service_start_date}\n\nTo access your services, log in to your reseller portal:\n{login_url}\n\nIf you have any questions about this service or need assistance, please contact our support team at {support_email}.\n\nBest regards,\nOpenWeb Reseller Management Team	<!DOCTYPE html>\n<html>\n<head><meta charset="UTF-8"><title>New Service Added</title></head>\n<body style="font-family: Arial, sans-serif; line-height: 1.6; color: #333; max-width: 600px; margin: 0 auto; padding: 20px;">\n    <div style="background: linear-gradient(135deg, #2196f3, #1976d2); padding: 20px; border-radius: 8px; margin-bottom: 20px; color: white;">\n        <h2 style="margin: 0;">New Service Added!</h2>\n        <p style="margin: 5px 0 0 0; opacity: 0.9;">{service_name}</p>\n    </div>\n    \n    <div style="background: white; padding: 20px; border: 1px solid #dee2e6; border-radius: 8px;">\n        <p>Dear {reseller_name},</p>\n        \n        <p>Great news! A new service has been added to your reseller account by our admin team.</p>\n        \n        <div style="background: #e3f2fd; padding: 15px; border-radius: 5px; margin: 20px 0;">\n            <h4 style="color: #1976d2; margin: 0 0 10px 0;">Service Details:</h4>\n            <ul style="margin: 0; padding-left: 20px;">\n                <li><strong>Service Name:</strong> {service_name}</li>\n                <li><strong>Product:</strong> {product_name}</li>\n                <li><strong>Category:</strong> {product_category}</li>\n                <li><strong>Monthly Cost:</strong> <span style="color: #2e7d32; font-weight: bold;">{monthly_cost}</span></li>\n                <li><strong>Service Start Date:</strong> {service_start_date}</li>\n                <li><strong>Service ID:</strong> {service_id}</li>\n            </ul>\n        </div>\n        \n        <div style="background: #f5f5f5; padding: 15px; border-radius: 5px; margin: 20px 0;">\n            <p style="margin: 0;"><strong>Service Description:</strong></p>\n            <p style="margin: 10px 0 0 0;">{service_description}</p>\n        </div>\n        \n        <p>This service has been activated and is ready for use. You can manage this service through your reseller dashboard.</p>\n        \n        <div style="background: #fff3e0; padding: 15px; border-radius: 5px; margin: 20px 0;">\n            <p style="margin: 0;"><strong>Added by:</strong> {admin_name}</p>\n            <p style="margin: 5px 0 0 0;"><strong>Date Added:</strong> {service_start_date}</p>\n        </div>\n        \n        <div style="text-align: center; margin: 30px 0;">\n            <a href="{login_url}" style="background: #2196f3; color: white; padding: 12px 24px; text-decoration: none; border-radius: 5px; font-weight: bold;">Access Your Services</a>\n        </div>\n        \n        <p>If you have any questions about this service or need assistance, please contact our support team at <a href="mailto:{support_email}">{support_email}</a>.</p>\n        \n        <p>Best regards,<br><strong>OpenWeb Reseller Management Team</strong></p>\n    </div>\n</body>\n</html>	Sent to reseller when admin adds an active service to their account	["reseller_name", "service_name", "service_description", "product_name", "product_category", "monthly_cost", "service_start_date", "service_id", "admin_name", "admin_contact", "login_url", "support_email"]	t	2025-06-05 12:07:47.764212	2025-06-05 12:07:47.764217	\N
9	admin_service_added_admin	Service Added by Admin - Admin Notification	Service Added to Reseller Account - {reseller_name} - {service_name}	Dear {admin_name},\n\nThis is a confirmation that you have successfully added a new service to a reseller account.\n\nReseller Information:\n- Reseller Name: {reseller_name}\n- Reseller Email: {reseller_email}\n- Total Services: {total_reseller_services}\n- Monthly Renewal Amount: {reseller_monthly_renewal}\n\nService Added:\n- Service Name: {service_name}\n- Product: {product_name}\n- Category: {product_category}\n- Monthly Cost: {monthly_cost}\n- Service Start Date: {service_start_date}\n- Service ID: {service_id}\n\nService Description: {service_description}\n\nThe reseller has been automatically notified of this new service addition.\n\nAction completed on: {service_start_date}\n\nBest regards,\nOpenWeb Admin System	<!DOCTYPE html>\n<html>\n<head><meta charset="UTF-8"><title>Service Added - Admin Confirmation</title></head>\n<body style="font-family: Arial, sans-serif; line-height: 1.6; color: #333; max-width: 600px; margin: 0 auto; padding: 20px;">\n    <div style="background: linear-gradient(135deg, #ff9800, #f57c00); padding: 20px; border-radius: 8px; margin-bottom: 20px; color: white;">\n        <h2 style="margin: 0;">Service Added Successfully</h2>\n        <p style="margin: 5px 0 0 0; opacity: 0.9;">Admin Action Confirmation</p>\n    </div>\n    \n    <div style="background: white; padding: 20px; border: 1px solid #dee2e6; border-radius: 8px;">\n        <p>Dear {admin_name},</p>\n        \n        <p>This is a confirmation that you have successfully added a new service to a reseller account.</p>\n        \n        <div style="background: #fff3e0; padding: 15px; border-radius: 5px; margin: 20px 0;">\n            <h4 style="color: #f57c00; margin: 0 0 10px 0;">Reseller Information:</h4>\n            <ul style="margin: 0; padding-left: 20px;">\n                <li><strong>Reseller Name:</strong> {reseller_name}</li>\n                <li><strong>Reseller Email:</strong> {reseller_email}</li>\n                <li><strong>Total Services:</strong> {total_reseller_services}</li>\n                <li><strong>Monthly Renewal Amount:</strong> <span style="color: #2e7d32; font-weight: bold;">{reseller_monthly_renewal}</span></li>\n            </ul>\n        </div>\n        \n        <div style="background: #e8f5e8; padding: 15px; border-radius: 5px; margin: 20px 0;">\n            <h4 style="color: #2e7d32; margin: 0 0 10px 0;">Service Added:</h4>\n            <ul style="margin: 0; padding-left: 20px;">\n                <li><strong>Service Name:</strong> {service_name}</li>\n                <li><strong>Product:</strong> {product_name}</li>\n                <li><strong>Category:</strong> {product_category}</li>\n                <li><strong>Monthly Cost:</strong> {monthly_cost}</li>\n                <li><strong>Service Start Date:</strong> {service_start_date}</li>\n                <li><strong>Service ID:</strong> {service_id}</li>\n            </ul>\n        </div>\n        \n        <div style="background: #f5f5f5; padding: 15px; border-radius: 5px; margin: 20px 0;">\n            <p style="margin: 0;"><strong>Service Description:</strong></p>\n            <p style="margin: 10px 0 0 0;">{service_description}</p>\n        </div>\n        \n        <div style="background: #e3f2fd; padding: 15px; border-radius: 5px; margin: 20px 0;">\n            <p style="margin: 0; color: #1976d2;"><strong>✓ The reseller has been automatically notified of this new service addition.</strong></p>\n        </div>\n        \n        <p><strong>Action completed on:</strong> {service_start_date}</p>\n        \n        <p>Best regards,<br><strong>OpenWeb Admin System</strong></p>\n    </div>\n</body>\n</html>	Sent to admin when they add an active service to a reseller account	["admin_name", "reseller_name", "reseller_email", "service_name", "service_description", "product_name", "product_category", "monthly_cost", "service_start_date", "service_id", "total_reseller_services", "reseller_monthly_renewal"]	t	2025-06-05 12:07:47.899564	2025-06-05 12:07:47.899571	\N
10	id_passport_update_request	ID/Passport Number Required - Account Update	Action Required: Update Your ID/Passport Number - OpenWeb Reseller Account	Dear {reseller_name},\n\nWe are updating our reseller database to comply with regulatory requirements and need you to provide your ID Number or Passport Number.\n\nIMPORTANT: You have {days_remaining} days remaining to complete this update (deadline: {deadline_date}).\n\nTo update your information quickly and securely, click the link below. This link will automatically log you into your portal where you can enter your details:\n\n{auto_login_link}\n\nThis link is secure and will expire in 24 hours for your protection.\n\nWhy is this required?\n- Regulatory compliance requirements\n- Enhanced account security\n- Improved service delivery\n\nWhat happens if I don't update by the deadline?\nYour account access will be temporarily restricted until you provide the required information.\n\nIf you need assistance or have questions, please contact our support team at {support_email}.\n\nThank you for your prompt attention to this matter.\n\nBest regards,\nOpenWeb Reseller Management Team	<!DOCTYPE html>\n<html>\n<head><meta charset="UTF-8"><title>ID/Passport Number Required</title></head>\n<body style="font-family: Arial, sans-serif; line-height: 1.6; color: #333; max-width: 600px; margin: 0 auto; padding: 20px;">\n    <div style="background: linear-gradient(135deg, #ff6b35, #f7931e); padding: 20px; border-radius: 8px; margin-bottom: 20px; color: white;">\n        <h2 style="margin: 0;">Action Required</h2>\n        <p style="margin: 5px 0 0 0; opacity: 0.9;">Account Update Needed</p>\n    </div>\n    \n    <div style="background: white; padding: 20px; border: 1px solid #dee2e6; border-radius: 8px;">\n        <p>Dear <strong>{reseller_name}</strong>,</p>\n        \n        <p>We are updating our reseller database to comply with regulatory requirements and need you to provide your <strong>ID Number or Passport Number</strong>.</p>\n        \n        <div style="background: #fff3cd; padding: 15px; border-radius: 5px; margin: 20px 0; border-left: 4px solid #ffc107;">\n            <h4 style="color: #856404; margin: 0 0 10px 0;">IMPORTANT DEADLINE</h4>\n            <p style="margin: 0; font-size: 16px;"><strong>You have {days_remaining} days remaining</strong> to complete this update.</p>\n            <p style="margin: 5px 0 0 0; color: #856404;">Deadline: <strong>{deadline_date}</strong></p>\n        </div>\n        \n        <div style="text-align: center; margin: 30px 0;">\n            <a href="{auto_login_link}" \n               style="display: inline-block; padding: 15px 30px; background: linear-gradient(135deg, #28a745, #20c997); \n                      color: white; text-decoration: none; border-radius: 8px; font-weight: bold; font-size: 16px;\n                      box-shadow: 0 4px 8px rgba(0,0,0,0.1); transition: all 0.3s ease;">\n                Update My Information Securely\n            </a>\n        </div>\n        \n        <p style="text-align: center; font-size: 12px; color: #6c757d; margin: 10px 0;">\n            This secure link automatically logs you in and expires in 24 hours for your protection.\n        </p>\n        \n        <div style="background: #e8f5e8; padding: 15px; border-radius: 5px; margin: 20px 0;">\n            <h4 style="color: #2e7d32; margin: 0 0 10px 0;">Why is this required?</h4>\n            <ul style="margin: 0; padding-left: 20px; color: #2e7d32;">\n                <li>Regulatory compliance requirements</li>\n                <li>Enhanced account security</li>\n                <li>Improved service delivery</li>\n            </ul>\n        </div>\n        \n        <div style="background: #ffebee; padding: 15px; border-radius: 5px; margin: 20px 0; border-left: 4px solid #f44336;">\n            <h4 style="color: #c62828; margin: 0 0 10px 0;">What happens if I don't update by the deadline?</h4>\n            <p style="margin: 0; color: #c62828;">Your account access will be temporarily restricted until you provide the required information.</p>\n        </div>\n        \n        <p>If you need assistance or have questions, please contact our support team at <a href="mailto:{support_email}">{support_email}</a>.</p>\n        \n        <p>Thank you for your prompt attention to this matter.</p>\n        \n        <p>Best regards,<br><strong>OpenWeb Reseller Management Team</strong></p>\n    </div>\n    \n    <div style="text-align: center; margin-top: 20px; font-size: 12px; color: #6c757d;">\n        <p>This email was sent to ensure compliance with regulatory requirements.<br>\n        If you believe this email was sent in error, please contact support immediately.</p>\n    </div>\n</body>\n</html>	Sent to resellers requesting them to update their ID/Passport number	["reseller_name", "deadline_date", "auto_login_link", "days_remaining", "support_email"]	t	2025-06-09 10:10:40.983258	2025-06-09 10:10:40.983263	\N
11	product_update_notification	Product Update Notification Email	Product Update: {{product_name}}	Product Update Alert\n\nHi {{reseller_name}},\n\nWe've updated one of our products:\n\nProduct: {{product_name}}\nSKU: {{sku}}\nSpeed: {{speed}}\nData Cap: {{data_cap}}\n\nYour Reseller Price: {{reseller_price}}\nOriginal Price: {{original_price}}\n\nDescription: {{product_description}}\n\nFair Use Policy: {{fair_use_policy}}\n\nThis updated product is now available in your reseller portal.\n\nBest regards,\nOpenWeb Team	<!DOCTYPE html>\n<html>\n<head>\n    <meta charset="UTF-8">\n    <title>Product Update - {{product_name}}</title>\n    <style>\n        body { font-family: Arial, sans-serif; line-height: 1.6; color: #333; }\n        .container { max-width: 600px; margin: 0 auto; padding: 20px; }\n        .header { background: #007bff; color: white; padding: 20px; text-align: center; }\n        .content { padding: 20px; background: #f8f9fa; }\n        .product-box { background: white; padding: 20px; margin: 20px 0; border-radius: 8px; box-shadow: 0 2px 4px rgba(0,0,0,0.1); }\n        .price-highlight { font-size: 24px; color: #28a745; font-weight: bold; }\n        .original-price { text-decoration: line-through; color: #6c757d; }\n        .footer { background: #343a40; color: white; padding: 15px; text-align: center; }\n        .btn { display: inline-block; padding: 12px 24px; background: #007bff; color: white; text-decoration: none; border-radius: 5px; }\n    </style>\n</head>\n<body>\n    <div class="container">\n        <div class="header">\n            <h1>🔄 Product Update Alert</h1>\n        </div>\n        \n        <div class="content">\n            <p>Hi {{reseller_name}},</p>\n            \n            <p>We've updated one of our products and wanted to notify you about the changes:</p>\n            \n            <div class="product-box">\n                <h2>{{product_name}}</h2>\n                <p><strong>SKU:</strong> {{sku}}</p>\n                <p><strong>Speed:</strong> {{speed}}</p>\n                <p><strong>Data Cap:</strong> {{data_cap}}</p>\n                \n                <div style="margin: 20px 0;">\n                    <p><strong>Your Reseller Price:</strong></p>\n                    <div class="price-highlight">{{reseller_price}}</div>\n                    <small class="original-price">Original: {{original_price}}</small>\n                </div>\n                \n                <div style="margin: 20px 0;">\n                    <h3>Product Description:</h3>\n                    <p>{{product_description}}</p>\n                </div>\n                \n                <div style="margin: 20px 0;">\n                    <h3>Fair Use Policy:</h3>\n                    <p>{{fair_use_policy}}</p>\n                </div>\n            </div>\n            \n            <p>This updated product is now available in your reseller portal. You can start promoting and selling it to your customers immediately.</p>\n            \n            <div style="text-align: center; margin: 30px 0;">\n                <a href="#" class="btn">Access Reseller Portal</a>\n            </div>\n        </div>\n        \n        <div class="footer">\n            <p>Best regards,<br>OpenWeb Team</p>\n            <p>Questions? Contact us at support@openweb.co.za</p>\n        </div>\n    </div>\n</body>\n</html>	Template for emailing resellers about product updates	\N	t	2025-06-11 12:23:28.856164	\N	\N
13	new_product_announcement	New Product Announcement	New Product Available: {{product_name}}	NEW PRODUCT ALERT!\n\nHi {{reseller_name}},\n\nWe are excited to announce a new product available for you to offer your customers:\n\nProduct: {{product_name}}\nCategory: {{category_name}}\n\nPRICING FOR YOU:\nBase Price: R{{base_price}}\nYour Price: R{{reseller_price}} ({{discount_percentage}}% discount)\nYour Savings: R{{savings_amount}}\n\nPRODUCT DETAILS:\n{{product_description}}\n\nSpeed: {{speed}}\nData Cap: {{data_cap}}\n\nReady to start earning? This new product is now available for ordering through your reseller portal.\n\nLogin to your account to place orders: {{login_url}}\n\nOpenWeb Reseller Management System\nNeed support? Contact our team for assistance.	<!DOCTYPE html>\n<html>\n<head>\n    <meta charset="utf-8">\n    <title>New Product Announcement</title>\n    <style>\n        body { font-family: Arial, sans-serif; line-height: 1.6; color: #333; }\n        .container { max-width: 600px; margin: 0 auto; padding: 20px; }\n        .header { background: #2c3e50; color: white; padding: 20px; text-align: center; }\n        .content { padding: 20px; background: #f8f9fa; }\n        .product-box { background: white; padding: 20px; margin: 20px 0; border-radius: 8px; box-shadow: 0 2px 4px rgba(0,0,0,0.1); }\n        .pricing-table { width: 100%; border-collapse: collapse; margin: 15px 0; }\n        .pricing-table th, .pricing-table td { padding: 10px; text-align: left; border-bottom: 1px solid #ddd; }\n        .pricing-table th { background: #34495e; color: white; }\n        .cta-button { background: #e74c3c; color: white; padding: 12px 24px; text-decoration: none; border-radius: 5px; display: inline-block; }\n        .footer { text-align: center; padding: 20px; color: #666; font-size: 14px; }\n    </style>\n</head>\n<body>\n    <div class="container">\n        <div class="header">\n            <h1>NEW PRODUCT ALERT!</h1>\n        </div>\n        \n        <div class="content">\n            <p>Hi {{reseller_name}},</p>\n            \n            <p>We are excited to announce a new product available for you to offer your customers:</p>\n            \n            <div class="product-box">\n                <h2>{{product_name}}</h2>\n                <p><strong>Category:</strong> {{category_name}}</p>\n                \n                <table class="pricing-table">\n                    <tr>\n                        <th>Pricing Details</th>\n                        <th>Amount</th>\n                    </tr>\n                    <tr>\n                        <td>Base Price</td>\n                        <td>R{{base_price}}</td>\n                    </tr>\n                    <tr>\n                        <td>Your Price ({{discount_percentage}}% discount)</td>\n                        <td>R{{reseller_price}}</td>\n                    </tr>\n                    <tr>\n                        <td><strong>Your Savings</strong></td>\n                        <td><strong>R{{savings_amount}}</strong></td>\n                    </tr>\n                </table>\n                \n                <h3>Product Details</h3>\n                <p>{{product_description}}</p>\n                \n                <table style="width: 100%; margin: 15px 0;">\n                    <tr>\n                        <td><strong>Speed:</strong></td>\n                        <td>{{speed}}</td>\n                    </tr>\n                    <tr>\n                        <td><strong>Data Cap:</strong></td>\n                        <td>{{data_cap}}</td>\n                    </tr>\n                </table>\n                \n                <p style="text-align: center;">\n                    <a href="{{login_url}}" class="cta-button">LOGIN TO ORDER NOW</a>\n                </p>\n            </div>\n            \n            <p><strong>Ready to start earning?</strong> This new product is now available for ordering through your reseller portal.</p>\n            <p>Login to your account to place orders and start generating revenue with this exciting new offering.</p>\n        </div>\n        \n        <div class="footer">\n            <p>OpenWeb Reseller Management System<br>\n            Need support? Contact our team for assistance.</p>\n        </div>\n    </div>\n</body>\n</html>	Email notification for new products to resellers	reseller_name,product_name,category_name,product_description,base_price,reseller_price,discount_percentage,savings_amount,speed,data_cap,login_url	t	2025-06-11 14:18:12.516692	2025-06-11 14:18:12.516692	1
14	sync_renewal_payment_notification	Sync Renewal Payment Notification	URGENT: July 2025 Renewal Payment Required - Due 16:00 TODAY	<!DOCTYPE html>\n<html>\n<head>\n    <meta charset="UTF-8">\n    <title>July 2025 Service Renewal - Action Required</title>\n</head>\n<body style="font-family: Arial, sans-serif; line-height: 1.6; color: #333; max-width: 600px; margin: 0 auto; padding: 20px;">\n    \n    <div style="background: #f8f9fa; padding: 20px; border-radius: 8px; border-left: 4px solid #007bff;">\n        <h2 style="color: #007bff; margin: 0 0 10px 0;">🔔 July 2025 Service Renewal Notice</h2>\n        <p style="margin: 0; font-size: 16px;">Hi {reseller_name},</p>\n    </div>\n    \n    <div style="margin: 20px 0;">\n        <h3 style="color: #495057; margin: 0 0 15px 0;">📊 Monthly Renewal Summary:</h3>\n        <table style="width: 100%; border-collapse: collapse; background: #f8f9fa; border-radius: 5px;">\n            <tr>\n                <td style="padding: 12px; border-bottom: 1px solid #dee2e6;"><strong>Current Credit Balance:</strong></td>\n                <td style="padding: 12px; border-bottom: 1px solid #dee2e6; text-align: right;"><strong>R{credit_balance}</strong></td>\n            </tr>\n            <tr>\n                <td style="padding: 12px; border-bottom: 1px solid #dee2e6;"><strong>Monthly Renewal Amount:</strong></td>\n                <td style="padding: 12px; border-bottom: 1px solid #dee2e6; text-align: right;"><strong>R{renewal_amount}</strong></td>\n            </tr>\n            <tr>\n                <td style="padding: 12px;"><strong>Payment Required:</strong></td>\n                <td style="padding: 12px; text-align: right;"><strong>R{amount_needed}</strong></td>\n            </tr>\n        </table>\n    </div>\n    \n    <div style="{payment_status_class} padding: 15px; border-radius: 5px; margin: 20px 0;">\n        {payment_status}\n    </div>\n    \n    <div style="background: #dc3545; color: white; padding: 15px; border-radius: 5px; margin: 20px 0;">\n        <h4 style="color: white; margin: 0 0 10px 0;">🚨 Action Required:</h4>\n        <p style="margin: 0; color: white;">Please top up your credit wallet <strong>BEFORE 16:00 today</strong> to ensure uninterrupted service for July 2025.</p>\n    </div>\n    \n    <h4 style="color: #28a745; margin: 20px 0 10px 0;">💳 Quick Payment Options:</h4>\n    <ul style="margin: 0 0 20px 0; padding-left: 20px;">\n        <li>Online Banking Transfer</li>\n        <li>EFT Payment</li>\n        <li>Contact billing support</li>\n    </ul>\n    \n    <div style="text-align: center; margin: 30px 0;">\n        <a href="{login_url}" style="background: #28a745; color: white; padding: 12px 30px; text-decoration: none; border-radius: 5px; font-weight: bold; display: inline-block;">💳 Top Up Credit Wallet Now</a>\n    </div>\n    \n    <div style="background: #f8d7da; color: #721c24; padding: 15px; border-radius: 5px; margin: 20px 0; border-left: 4px solid #dc3545;">\n        <p style="margin: 0; font-weight: bold;">⚠️ Services may be suspended if payment is not received by 16:00 today.</p>\n    </div>\n    \n    <p>Need assistance? Reply to this message immediately or contact <a href="mailto:{support_email}">{support_email}</a>.</p>\n    \n    <p><strong>OpenWeb Billing Team</strong></p>\n    \n    <div style="text-align: center; margin-top: 20px; font-size: 12px; color: #6c757d;">\n        <p>This is an urgent payment notification to ensure service continuity.\n\n        Please act immediately to avoid service interruption.</p>\n    </div>\n</body>\n</html>	<!DOCTYPE html>\n<html>\n<head>\n    <meta charset="UTF-8">\n    <title>July 2025 Service Renewal - Action Required</title>\n</head>\n<body style="font-family: Arial, sans-serif; line-height: 1.6; color: #333; max-width: 600px; margin: 0 auto; padding: 20px;">\n    \n    <div style="background: #f8f9fa; padding: 20px; border-radius: 8px; border-left: 4px solid #007bff;">\n        <h2 style="color: #007bff; margin: 0 0 10px 0;">🔔 July 2025 Service Renewal Notice</h2>\n        <p style="margin: 0; font-size: 16px;">Hi {reseller_name},</p>\n    </div>\n    \n    <div style="margin: 20px 0;">\n        <h3 style="color: #495057; margin: 0 0 15px 0;">📊 Monthly Renewal Summary:</h3>\n        <table style="width: 100%; border-collapse: collapse; background: #f8f9fa; border-radius: 5px;">\n            <tr>\n                <td style="padding: 12px; border-bottom: 1px solid #dee2e6;"><strong>Current Credit Balance:</strong></td>\n                <td style="padding: 12px; border-bottom: 1px solid #dee2e6; text-align: right;"><strong>R{credit_balance}</strong></td>\n            </tr>\n            <tr>\n                <td style="padding: 12px; border-bottom: 1px solid #dee2e6;"><strong>Monthly Renewal Amount:</strong></td>\n                <td style="padding: 12px; border-bottom: 1px solid #dee2e6; text-align: right;"><strong>R{renewal_amount}</strong></td>\n            </tr>\n            <tr>\n                <td style="padding: 12px;"><strong>Payment Required:</strong></td>\n                <td style="padding: 12px; text-align: right;"><strong>R{amount_needed}</strong></td>\n            </tr>\n        </table>\n    </div>\n    \n    <div style="{payment_status_class} padding: 15px; border-radius: 5px; margin: 20px 0;">\n        {payment_status}\n    </div>\n    \n    <div style="background: #dc3545; color: white; padding: 15px; border-radius: 5px; margin: 20px 0;">\n        <h4 style="color: white; margin: 0 0 10px 0;">🚨 Action Required:</h4>\n        <p style="margin: 0; color: white;">Please top up your credit wallet <strong>BEFORE 16:00 today</strong> to ensure uninterrupted service for July 2025.</p>\n    </div>\n    \n    <h4 style="color: #28a745; margin: 20px 0 10px 0;">💳 Quick Payment Options:</h4>\n    <ul style="margin: 0 0 20px 0; padding-left: 20px;">\n        <li>Online Banking Transfer</li>\n        <li>EFT Payment</li>\n        <li>Contact billing support</li>\n    </ul>\n    \n    <div style="text-align: center; margin: 30px 0;">\n        <a href="{login_url}" style="background: #28a745; color: white; padding: 12px 30px; text-decoration: none; border-radius: 5px; font-weight: bold; display: inline-block;">💳 Top Up Credit Wallet Now</a>\n    </div>\n    \n    <div style="background: #f8d7da; color: #721c24; padding: 15px; border-radius: 5px; margin: 20px 0; border-left: 4px solid #dc3545;">\n        <p style="margin: 0; font-weight: bold;">⚠️ Services may be suspended if payment is not received by 16:00 today.</p>\n    </div>\n    \n    <p>Need assistance? Reply to this message immediately or contact <a href="mailto:{support_email}">{support_email}</a>.</p>\n    \n    <p><strong>OpenWeb Billing Team</strong></p>\n    \n    <div style="text-align: center; margin-top: 20px; font-size: 12px; color: #6c757d;">\n        <p>This is an urgent payment notification to ensure service continuity.<br>\n        Please act immediately to avoid service interruption.</p>\n    </div>\n</body>\n</html>	Sent during sync renewal process requesting immediate payment for July 2025 billing	["reseller_name", "credit_balance", "renewal_amount", "amount_needed", "payment_status", "payment_status_class", "login_url", "support_email"]	t	2025-06-30 12:32:39.911711	2025-06-30 18:14:54.240687	\N
\.


--
-- TOC entry 3881 (class 0 OID 17993)
-- Dependencies: 235
-- Data for Name: invoice_items; Type: TABLE DATA; Schema: public; Owner: neondb_owner
--

COPY public.invoice_items (id, invoice_id, service_id, order_id, description, service_details, quantity, unit_price, line_total, period_start, period_end, created_at) FROM stdin;
5	3	\N	11	Uncapped - 5Mbps  - PO Box 491\r\nBallito\r\n4420	{"product_name": "Uncapped - 5Mbps ", "product_sku": "MTN-Mobile-5Mbps", "service_location": "PO Box 491\\r\\nBallito\\r\\n4420", "customer_name": "Keoma Wright", "customer_phone": "0826987888"}	1	433.59	433.59	2025-06-09	2025-06-30	2025-06-09 14:20:24.969214
6	4	\N	12	Uncapped 1.5Mbps	{"product_name": "Uncapped 1.5Mbps", "product_sku": "telkom-1.5Mbps", "service_location": null, "customer_name": "Marlene Nel", "customer_phone": "0817070701"}	1	326.89	326.89	2025-06-09	2025-06-30	2025-06-09 14:24:28.875908
7	5	\N	13	Uncapped - 2Mbps	{"product_name": "Uncapped - 2Mbps", "product_sku": "MTN-Mobile-2Mbps", "service_location": null, "customer_name": "Marlene Nel", "customer_phone": "0817070701"}	1	355.99	355.99	2025-06-09	2025-06-30	2025-06-09 14:33:19.426561
8	6	\N	14	Uncapped 5Mbps	{"product_name": "Uncapped 5Mbps", "product_sku": "telkom-5Mbps", "service_location": null, "customer_name": "Marlene Nel", "customer_phone": "0817070701"}	1	414.19	414.19	2025-06-09	2025-06-30	2025-06-09 14:57:38.634378
9	7	\N	16	Uncapped - 2Mbps | Premium MTN Network Access | Mobile | Use any 4G/5G Router or Smartphone | SIM Only | No Location or Tower Locks | Priority on Network | Delivery to: Keoma (0826987888) | Address: 31 Fuschia Way, Ballito	{"full_description": "Uncapped - 2Mbps | Premium MTN Network Access | Mobile | Use any 4G/5G Router or Smartphone | SIM Only | No Location or Tower Locks | Priority on Network | Delivery to: Keoma (0826987888) | Address: 31 Fuschia Way, Ballito", "pro_rata_amount": 278.92, "future_monthly_price": 331.22, "original_monthly_price": 348.65}	1	348.65	348.65	2025-06-10	2025-06-30	2025-06-10 14:51:02.039686
10	8	\N	\N	Uncapped 8Mbps	{"type": "manual", "created_by": "admin"}	1	387.00	387.00	\N	\N	2025-06-17 11:42:28.674653
11	9	\N	116	Uncapped 5Mbps | Uncapped up to 5Mbps\r | Use your own 4G/5G router\r | Free Delivery\r | Plug and Play\r | Month to Month	{"product_name": "Uncapped 5Mbps", "product_sku": "telkom-5Mbps", "full_description": "Uncapped 5Mbps | Uncapped up to 5Mbps\\r | Use your own 4G/5G router\\r | Free Delivery\\r | Plug and Play\\r | Month to Month", "delivery_contact": null, "delivery_phone": null, "delivery_address": null, "pro_rata_amount": 38.43, "original_monthly_price": 384.3, "future_monthly_price": 345.87}	1	384.30	384.30	2025-08-01	2025-08-31	2025-07-25 13:40:28.258117
12	10	\N	117	Uncapped 10Mbps | Uncapped up to 10Mbps\r | Use your own 4G/5G router\r | Free Delivery\r | Plug and Play\r | Month to Month	{"product_name": "Uncapped 10Mbps", "product_sku": "telkom-10Mbps", "full_description": "Uncapped 10Mbps | Uncapped up to 10Mbps\\r | Use your own 4G/5G router\\r | Free Delivery\\r | Plug and Play\\r | Month to Month", "delivery_contact": null, "delivery_phone": null, "delivery_address": null, "pro_rata_amount": 43.83, "original_monthly_price": 438.3, "future_monthly_price": 394.47}	1	438.30	438.30	2025-08-01	2025-08-31	2025-07-25 13:47:54.067844
13	11	\N	117	Uncapped 10Mbps | Uncapped up to 10Mbps\r | Use your own 4G/5G router\r | Free Delivery\r | Plug and Play\r | Month to Month	{"product_name": "Uncapped 10Mbps", "product_sku": "telkom-10Mbps", "full_description": "Uncapped 10Mbps | Uncapped up to 10Mbps\\r | Use your own 4G/5G router\\r | Free Delivery\\r | Plug and Play\\r | Month to Month", "delivery_contact": null, "delivery_phone": null, "delivery_address": null, "pro_rata_amount": 43.83, "original_monthly_price": 438.3, "future_monthly_price": 394.47}	1	438.30	438.30	2025-08-01	2025-08-31	2025-07-25 13:49:02.730144
14	12	\N	118	Uncapped 5Mbps | Uncapped up to 5Mbps\r | Use your own 4G/5G router\r | Free Delivery\r | Plug and Play\r | Month to Month	{"product_name": "Uncapped 5Mbps", "product_sku": "telkom-5Mbps", "full_description": "Uncapped 5Mbps | Uncapped up to 5Mbps\\r | Use your own 4G/5G router\\r | Free Delivery\\r | Plug and Play\\r | Month to Month", "delivery_contact": null, "delivery_phone": null, "delivery_address": null, "pro_rata_amount": 38.43, "original_monthly_price": 384.3, "future_monthly_price": 345.87}	1	384.30	384.30	2025-08-01	2025-08-31	2025-07-25 14:07:06.157635
15	13	\N	119	Telkom One Pro | 15GB Full Speed Any Network Data then 0.5Mbps Uncapped\r | Can Roam on MTN and Vodacom at the discretion of Telkom\r | 250 All Network Calling Minutes\r | 2000 Telkom to Telkom Calling Minutes\r | 300 SMS Messages\r | Unlimited Whatsapp & Telegram Data\r | FREE Nationwide Delivery\r | SIM Only	{"product_name": "Telkom One Pro", "product_sku": "telkom-one-pro", "full_description": "Telkom One Pro | 15GB Full Speed Any Network Data then 0.5Mbps Uncapped\\r | Can Roam on MTN and Vodacom at the discretion of Telkom\\r | 250 All Network Calling Minutes\\r | 2000 Telkom to Telkom Calling Minutes\\r | 300 SMS Messages\\r | Unlimited Whatsapp & Telegram Data\\r | FREE Nationwide Delivery\\r | SIM Only", "delivery_contact": null, "delivery_phone": null, "delivery_address": null, "pro_rata_amount": 35.91, "original_monthly_price": 359.1, "future_monthly_price": 323.19}	1	359.10	359.10	2025-08-01	2025-08-31	2025-07-25 14:14:38.609436
\.


--
-- TOC entry 3883 (class 0 OID 17999)
-- Dependencies: 237
-- Data for Name: invoices; Type: TABLE DATA; Schema: public; Owner: neondb_owner
--

COPY public.invoices (id, invoice_number, reseller_id, invoice_type, subtotal, vat_amount, total_amount, status, invoice_date, due_date, paid_date, pdf_filename, pdf_path, billing_period_start, billing_period_end, notes, created_at, updated_at, created_by_id, discount_percentage, discount_amount) FROM stdin;
3	INV460267	6	service_activation	867.18	113.11	867.18	active	2025-06-09	2025-07-09	\N	invoice_INV460267_lte@openweb.co.za_20250609.pdf	invoices/invoice_INV460267_lte@openweb.co.za_20250609.pdf	\N	\N	\N	2025-06-09 14:20:24.744807	2025-06-09 14:20:27.031297	2	0.00	0.00
4	INV626648	6	service_activation	653.78	85.28	653.78	active	2025-06-09	2025-07-09	\N	invoice_INV626648_lte@openweb.co.za_20250609.pdf	invoices/invoice_INV626648_lte@openweb.co.za_20250609.pdf	\N	\N	\N	2025-06-09 14:24:28.638842	2025-06-09 14:24:30.891427	2	0.00	0.00
5	INV249199	6	service_activation	711.98	92.87	711.98	active	2025-06-09	2025-07-09	\N	invoice_INV249199_lte@openweb.co.za_20250609.pdf	invoices/invoice_INV249199_lte@openweb.co.za_20250609.pdf	\N	\N	\N	2025-06-09 14:33:19.206779	2025-06-09 14:33:21.47673	2	0.00	0.00
6	INV495006	6	service_activation	0.00	43.22	331.35	active	2025-06-09	2025-07-09	\N	invoice_INV495006_lte@openweb.co.za_20250609.pdf	invoices/invoice_INV495006_lte@openweb.co.za_20250609.pdf	\N	\N	\N	2025-06-09 14:57:38.406512	2025-06-09 14:57:40.676845	2	0.00	0.00
7	INV634405	6	service_activation	0.00	36.38	278.92	active	2025-06-10	2025-07-10	\N	invoice_INV634405_lte@openweb.co.za_20250610.pdf	invoices/invoice_INV634405_lte@openweb.co.za_20250610.pdf	\N	\N	\N	2025-06-10 14:51:01.801876	2025-06-10 14:51:04.197568	2	0.00	0.00
8	186051	61	manual	387.00	50.48	387.00	active	2025-06-17	2025-07-17	\N	invoice_186051_alvinvumbai.co.za_20250617.pdf	invoices/invoice_186051_alvinvumbai.co.za_20250617.pdf	\N	\N	\N	2025-06-17 11:42:28.186947	2025-06-17 11:42:30.91242	1	0.00	0.00
9	INV125711	6	service_activation	0.00	5.01	38.43	active	2025-07-25	2025-08-24	\N	invoice_INV125711_lteopenweb.co.za_20250725.pdf	invoices/invoice_INV125711_lteopenweb.co.za_20250725.pdf	\N	\N	\N	2025-07-25 13:40:28.117906	2025-07-25 13:40:29.564939	1	0.00	0.00
10	INV086553	6	service_activation	0.00	5.72	43.83	active	2025-07-25	2025-08-24	\N	invoice_INV086553_lteopenweb.co.za_20250725.pdf	invoices/invoice_INV086553_lteopenweb.co.za_20250725.pdf	\N	\N	\N	2025-07-25 13:47:53.935868	2025-07-25 13:47:55.308503	1	0.00	0.00
11	INV192858	6	service_activation	0.00	5.72	43.83	active	2025-07-25	2025-08-24	\N	invoice_INV192858_lteopenweb.co.za_20250725.pdf	invoices/invoice_INV192858_lteopenweb.co.za_20250725.pdf	\N	\N	\N	2025-07-25 13:49:02.593278	2025-07-25 13:49:04.044621	1	0.00	0.00
12	INV183188	6	service_activation	0.00	5.01	38.43	active	2025-07-25	2025-08-24	\N	invoice_INV183188_lteopenweb.co.za_20250725.pdf	invoices/invoice_INV183188_lteopenweb.co.za_20250725.pdf	\N	\N	\N	2025-07-25 14:07:06.020575	2025-07-25 14:07:07.452252	1	0.00	0.00
13	INV577990	6	service_activation	0.00	4.68	35.91	active	2025-07-25	2025-08-24	\N	invoice_INV577990_lteopenweb.co.za_20250725.pdf	invoices/invoice_INV577990_lteopenweb.co.za_20250725.pdf	\N	\N	\N	2025-07-25 14:14:38.477642	2025-07-25 14:14:39.856533	2	0.00	0.00
\.


--
-- TOC entry 3942 (class 0 OID 21897)
-- Dependencies: 296
-- Data for Name: monthly_renewal_processing; Type: TABLE DATA; Schema: public; Owner: neondb_owner
--

COPY public.monthly_renewal_processing (id, reseller_id, processing_month, processed_at, renewal_amount, had_sufficient_credit, services_processed) FROM stdin;
1	24	2025-07	2025-07-01 17:15:13.28928	7603.56	f	25
3	61	2025-07	2025-07-01 17:15:59.781814	387.00	f	1
4	35	2025-07	2025-07-01 17:17:04.849353	764.00	f	2
5	6	2025-07	2025-07-02 15:36:19.873163	4429.98	t	15
2	33	2025-07	2025-07-02 16:52:06.007233	367.00	t	1
7	15	2025-07	2025-07-19 06:40:01.303541	3478.86	f	9
6	108	2025-07	2025-07-19 16:13:16.374573	812.00	f	2
8	132	2025-07	2025-07-25 18:38:14.667437	2361.00	f	3
\.


--
-- TOC entry 3885 (class 0 OID 18007)
-- Dependencies: 239
-- Data for Name: notification_settings; Type: TABLE DATA; Schema: public; Owner: neondb_owner
--

COPY public.notification_settings (id, setting_key, setting_name, setting_value, description, is_active, created_at, updated_at) FROM stdin;
\.


--
-- TOC entry 3887 (class 0 OID 18013)
-- Dependencies: 241
-- Data for Name: order; Type: TABLE DATA; Schema: public; Owner: neondb_owner
--

COPY public."order" (id, order_number, reseller_id, subtotal, discount_percentage, discount_amount, total_amount, billing_start_date, billing_end_date, is_advance_payment, order_date, confirmed_date, shipped_date, delivered_date, is_paid, payment_due_date, credit_used, notes, created_at, updated_at, enduser_id, status, delivery_address_line1, delivery_address_line2, delivery_city, delivery_province, delivery_postal_code, delivery_contact_person, delivery_phone, sim_card_id, order_type, original_service_id) FROM stdin;
4	ORD0683282	6	0.00	0.00	0.00	294.20	2025-06-02	2025-06-30	f	2025-06-02 15:14:12.750251	\N	\N	2025-06-02 15:21:53.267585	f	\N	0.00		2025-06-02 15:14:12.815029	2025-06-02 15:21:53.269995	12	DELIVERED	\N	\N	\N	\N	\N	\N	\N	\N	new_service	\N
8	ORD7594319	6	0.00	0.00	0.00	320.39	2025-06-05	2025-06-30	f	2025-06-05 11:57:42.366035	\N	\N	2025-06-05 12:45:58.48209	f	\N	0.00		2025-06-05 11:57:42.396081	2025-06-05 12:45:58.484516	29	DELIVERED	\N	\N	\N	\N	\N	\N	\N	\N	new_service	\N
10	ORD7842789	6	0.00	0.00	0.00	284.79	2025-06-09	2025-06-30	f	2025-06-09 14:08:22.40847	\N	\N	2025-06-09 14:16:03.865317	f	\N	0.00		2025-06-09 14:08:22.647503	2025-06-09 14:16:04.084587	52	DELIVERED	\N	\N	\N	\N	\N	\N	\N	\N	new_service	\N
11	ORD5152982	6	0.00	0.00	0.00	346.87	2025-06-09	2025-06-30	f	2025-06-09 14:15:17.942557	\N	\N	2025-06-09 14:20:21.952815	f	\N	0.00		2025-06-09 14:15:18.166929	2025-06-09 14:20:22.190902	29	DELIVERED	\N	\N	\N	\N	\N	\N	\N	\N	new_service	\N
12	ORD4038773	6	0.00	0.00	0.00	261.51	2025-06-09	2025-06-30	f	2025-06-09 14:23:39.827331	\N	\N	2025-06-09 14:24:25.907448	f	\N	0.00		2025-06-09 14:23:40.050706	2025-06-09 14:24:26.14135	12	DELIVERED	\N	\N	\N	\N	\N	\N	\N	\N	new_service	\N
13	ORD5417294	6	0.00	0.00	0.00	284.79	2025-06-09	2025-06-30	f	2025-06-09 14:32:43.133401	\N	\N	2025-06-09 14:33:16.475602	f	\N	0.00		2025-06-09 14:32:43.359185	2025-06-09 14:33:16.704938	12	DELIVERED	\N	\N	\N	\N	\N	\N	\N	\N	new_service	\N
14	ORD4012522	6	0.00	0.00	0.00	331.35	2025-06-09	2025-06-30	f	2025-06-09 14:56:55.554905	\N	\N	2025-06-09 14:57:35.287193	f	\N	0.00		2025-06-09 14:56:55.781478	2025-06-09 14:57:35.51184	12	DELIVERED	\N	\N	\N	\N	\N	\N	\N	\N	new_service	\N
16	ORD9086633	6	0.00	0.00	0.00	278.92	2025-06-10	2025-06-30	f	2025-06-10 14:36:14.675953	\N	\N	2025-06-10 14:50:58.49684	f	\N	0.00		2025-06-10 14:36:14.921096	2025-06-10 14:50:58.754624	6	DELIVERED	31 Fuschia Way	Simbithi Eco Estate	Ballito	KZN	4399	Keoma	0826987888	\N	new_service	\N
19	ORD8425769	6	0.00	0.00	0.00	278.92	2025-06-10	2025-06-30	f	2025-06-10 15:07:25.338533	\N	\N	2025-06-10 15:08:45.960635	f	\N	0.00		2025-06-10 15:07:25.577846	2025-06-10 15:08:46.196142	6	DELIVERED	31 Fuschia Way	Simbithi Eco Estate	Ballito	KZN	4420	Keoma	0826987888	\N	new_service	\N
20	ORD6500382	6	0.00	0.00	0.00	278.92	2025-06-10	2025-06-30	f	2025-06-10 15:25:09.425462	\N	\N	2025-06-10 15:25:39.268154	f	\N	0.00		2025-06-10 15:25:09.463183	2025-06-10 15:25:39.29973	6	DELIVERED	31 Fuschia Way	Simbithi Eco Estate	Ballito	KZN	4420	Keoma	0826987888	\N	new_service	\N
22	ORD0864005	6	0.00	0.00	0.00	339.72	2025-06-10	2025-06-30	f	2025-06-10 17:15:29.833378	\N	\N	2025-06-10 17:17:20.045429	f	\N	0.00		2025-06-10 17:15:30.077687	2025-06-10 17:17:20.278512	6	DELIVERED	31 Fuschia Way	Simbithi Eco-Estate, SImbithi West Gate Entrance	Ballito	KZN	4420	Keoma Wright	0826987888	\N	new_service	\N
23	ORD6767207	6	0.00	0.00	0.00	244.06	2025-06-11	2025-06-30	f	2025-06-11 08:36:07.800277	\N	\N	2025-06-11 08:36:48.060411	f	\N	0.00		2025-06-11 08:36:08.047357	2025-06-11 08:36:48.296219	6	DELIVERED	16 August	September	October	EC	4420	Michael	0817070701	\N	new_service	\N
21	ORD4868751	33	0.00	0.00	0.00	293.60	2025-06-10	2025-06-30	f	2025-06-10 16:39:13.167561	\N	\N	2025-06-11 08:48:34.10354	f	\N	0.00		2025-06-10 16:39:13.195114	2025-06-11 08:48:34.149655	33	DELIVERED	4397 Peter Tosh Street	Mhluzi	Middeburg	MP	1055	Bethuel 	0639012121	\N	new_service	\N
24	ORD8932089	6	0.00	0.00	0.00	297.26	2025-06-11	2025-06-30	f	2025-06-11 09:26:54.231001	\N	\N	2025-06-11 09:27:44.521214	f	\N	0.00		2025-06-11 09:26:54.469942	2025-06-11 09:27:44.760635	6	DELIVERED	Monday	Tuesday	Wednesday	EC	4420	Keoma	0826987888	\N	new_service	\N
25	ORD5288216	6	0.00	0.00	0.00	244.06	2025-06-11	2025-06-30	f	2025-06-11 09:46:38.313504	\N	\N	2025-06-11 09:47:18.422282	f	\N	0.00		2025-06-11 09:46:38.55384	2025-06-11 09:47:18.666558	6	DELIVERED	Monday	Tuesday	Wednesday	EC	4420	Keoma	0817070701	\N	new_service	\N
121	ORD7539789	132	109.00	0.00	16.35	92.65	2025-08-01	2025-08-31	t	2025-07-27 13:52:00.876388	2025-07-27 13:52:00.876394	\N	\N	t	\N	0.00	SIM Package Order - 5 x Telkom Blank SIMS (Stripe Session: cs_live_a1fD5lIWBe5PEE9uPiGmnV7GpiSrxtQhOpl8Wi5addadsmHyDVSZzhcFC8)	2025-07-27 13:52:00.878662	2025-07-27 13:52:00.878664	132	PENDING	6 Akkoorde Crescent Pellissier Bloemfontein	\N	\N	\N	\N	Hugo Lambrechts	0722798884	\N	NEW_SERVICE	\N
27	ORD1109043	6	0.00	0.00	0.00	212.31	2025-06-15	2025-06-30	f	2025-06-15 10:07:45.371788	\N	\N	2025-06-15 10:10:29.154713	f	\N	0.00		2025-06-15 10:07:45.647783	2025-06-15 10:10:29.286683	6	DELIVERED	\N	\N	\N	\N	\N	\N	\N	1	new_service	\N
28	ORD1035203	6	0.00	0.00	0.00	269.01	2025-06-15	2025-06-30	f	2025-06-15 10:15:19.512402	\N	\N	2025-06-15 10:15:55.958139	f	\N	0.00		2025-06-15 10:15:19.786782	2025-06-15 10:15:56.08975	6	DELIVERED	\N	\N	\N	\N	\N	\N	\N	2	new_service	\N
29	ORD8117778	6	0.00	0.00	0.00	231.21	2025-06-15	2025-06-30	f	2025-06-15 10:22:26.500714	\N	\N	2025-06-15 10:23:03.444164	f	\N	0.00		2025-06-15 10:22:26.776863	2025-06-15 10:23:03.575787	6	DELIVERED	\N	\N	\N	\N	\N	\N	\N	27	new_service	\N
30	ORD4347759	6	0.00	0.00	0.00	212.31	2025-06-15	2025-06-30	f	2025-06-15 10:28:55.976303	\N	\N	2025-06-15 10:29:38.581387	f	\N	0.00		2025-06-15 10:28:56.255851	2025-06-15 10:29:38.713456	6	DELIVERED	\N	\N	\N	\N	\N	\N	\N	3	new_service	\N
31	ORD7614829	6	0.00	0.00	0.00	212.31	2025-06-15	2025-06-30	f	2025-06-15 10:35:28.395017	\N	\N	2025-06-15 10:35:58.877882	f	\N	0.00		2025-06-15 10:35:28.672461	2025-06-15 10:35:59.015899	6	DELIVERED	\N	\N	\N	\N	\N	\N	\N	30	new_service	\N
32	ORD7993536	6	0.00	0.00	0.00	212.31	2025-06-15	2025-06-30	f	2025-06-15 10:40:59.010961	\N	\N	2025-06-15 10:41:24.396574	f	\N	0.00		2025-06-15 10:40:59.274769	2025-06-15 10:41:24.527319	6	DELIVERED	\N	\N	\N	\N	\N	\N	\N	31	new_service	\N
33	ORD9989539	6	0.00	0.00	0.00	212.31	2025-06-15	2025-06-30	f	2025-06-15 10:46:38.014633	\N	\N	2025-06-15 10:47:05.15322	f	\N	0.00		2025-06-15 10:46:38.279744	2025-06-15 10:47:05.284607	6	DELIVERED	\N	\N	\N	\N	\N	\N	\N	32	new_service	\N
34	ORD6985177	6	0.00	0.00	0.00	212.31	2025-06-15	2025-06-30	f	2025-06-15 10:51:44.990852	\N	\N	2025-06-15 10:52:07.702997	f	\N	0.00		2025-06-15 10:51:45.267649	2025-06-15 10:52:07.833621	6	DELIVERED	\N	\N	\N	\N	\N	\N	\N	33	new_service	\N
35	ORD7399621	6	0.00	0.00	0.00	212.31	2025-06-15	2025-06-30	f	2025-06-15 10:57:25.69941	\N	\N	2025-06-15 10:57:52.60415	f	\N	0.00		2025-06-15 10:57:25.842096	2025-06-15 10:57:52.736821	6	DELIVERED	Monday	Tuesday	Wednesday	EC	11154	Keoma Wright	0826987888	\N	new_service	\N
37	ORD7732386	6	0.00	0.00	0.00	212.31	2025-06-15	2025-06-30	f	2025-06-15 11:03:37.29148	\N	\N	2025-06-15 11:04:03.361268	f	\N	0.00		2025-06-15 11:03:37.552099	2025-06-15 11:04:03.497773	6	DELIVERED	\N	\N	\N	\N	\N	\N	\N	34	new_service	\N
36	ORD7676714	6	0.00	0.00	0.00	212.31	2025-06-15	2025-06-30	f	2025-06-15 11:03:12.728951	\N	\N	2025-06-15 11:12:25.317401	f	\N	0.00		2025-06-15 11:03:12.993738	2025-06-15 11:12:25.452296	6	DELIVERED	\N	\N	\N	\N	\N	\N	\N	35	new_service	\N
38	ORD6431369	6	0.00	0.00	0.00	212.31	2025-06-15	2025-06-30	f	2025-06-15 11:26:40.388505	\N	\N	2025-06-15 11:27:03.41198	f	\N	0.00		2025-06-15 11:26:40.652958	2025-06-15 11:27:03.545868	6	DELIVERED	\N	\N	\N	\N	\N	\N	\N	36	new_service	\N
122	ORD4466573	132	0.00	0.00	0.00	78.70	2025-08-01	2025-08-31	t	2025-07-27 13:55:36.329557	\N	\N	\N	f	\N	0.00	Ma huis	2025-07-27 13:55:36.838467	2025-07-27 13:55:36.838471	132	PENDING	\N	\N	\N	\N	\N	\N	\N	180	NEW_SERVICE	\N
43	ORD6739048	6	10.00	0.00	0.00	10.00	2025-06-15	2025-06-30	f	2025-06-15 16:30:28.03015	2025-06-15 16:30:28.03016	\N	2025-06-15 16:32:50.846848	t	\N	0.00	SIM Package Order - 10 x MTN Mobile Blank SIM Cards (Stripe Session: cs_sandbox_sim_1_6_5e8554b8)	2025-06-15 16:30:28.032077	2025-06-15 16:32:50.848089	6	DELIVERED		\N	\N	\N	\N	Keoma Wright	0826987888	\N	new_service	\N
45	ORD7249580	61	0.00	0.00	0.00	232.20	2025-06-16	2025-06-30	f	2025-06-16 16:14:48.789765	\N	\N	2025-06-17 11:38:57.879287	f	\N	0.00		2025-06-16 16:14:49.032719	2025-06-17 11:38:58.125241	61	DELIVERED	1 Meerlust Street	Table View	Cape Town	WC	7441	Alvin Vafana	0817810006	\N	new_service	\N
46	ORD2694312	61	299.00	0.00	0.00	299.00	2025-06-18	2025-06-30	f	2025-06-18 10:40:13.77279	2025-06-18 10:40:13.772798	\N	2025-06-18 13:54:36.126302	t	\N	0.00	SIM Package Order - 10 x Blank Telkom SIMs (Stripe Session: cs_live_a1jW5G5UoxM3ML89hoUXHbo1mnr108VjHPuYew0xlOWr1l3wbGucYZuaK0)	2025-06-18 10:40:13.77586	2025-06-18 13:54:36.129701	61	DELIVERED	1 Meerlust street, Table View, Cape Town	\N	\N	\N	\N	Alvin Vafana	0817810006	\N	new_service	\N
47	ORD5142088	61	349.00	0.00	0.00	349.00	2025-06-18	2025-06-30	f	2025-06-18 10:42:12.044302	2025-06-18 10:42:12.044308	\N	2025-06-18 13:55:51.72888	t	\N	0.00	SIM Package Order - 15 x MTN Fixed Blank SIM Cards (Stripe Session: cs_live_a1oFzGI0sEUJy9mKXGqOIJmhZpJU9UrFFeZSQvTil8l07DoKomchVF7FKf)	2025-06-18 10:42:12.045142	2025-06-18 13:55:51.729829	61	DELIVERED	1 Meerlust street, Table View, Cape Town	\N	\N	\N	\N	Alvin Vafana	0817810006	\N	new_service	\N
44	ORD6721922	6	349.00	0.00	0.00	349.00	2025-06-16	2025-06-30	f	2025-06-16 10:06:54.203506	2025-06-16 10:06:54.203519	\N	2025-06-18 14:06:47.458559	t	\N	0.00	SIM Package Order - 10 x MTN Mobile Blank SIM Cards (Stripe Session: cs_sandbox_sim_1_6_01ed20a5)	2025-06-16 10:06:54.205744	2025-06-18 14:06:47.460522	6	DELIVERED	31 Fuschia Way\nSimbithi\nBallit\n4399	\N	\N	\N	\N	Keoma Wright	0826987888	\N	new_service	\N
48	ORD1746835	6	0.00	0.00	0.00	198.18	2025-06-19	2025-06-30	f	2025-06-19 15:25:06.217743	\N	\N	2025-06-19 15:29:16.459491	f	\N	0.00		2025-06-19 15:25:06.351458	2025-06-19 15:29:16.593864	6	DELIVERED	Monday	Tuesday	Wednesday	KZN	4420	Keoma	0826987888	\N	new_service	\N
54	ORD6497323	35	0.00	0.00	0.00	0.00	2025-07-01	2025-07-31	t	2025-06-24 19:21:23.914309	\N	\N	2025-06-25 15:00:06.951152	f	\N	0.00		2025-06-24 19:21:24.158103	2025-06-25 15:00:07.197407	35	DELIVERED	2A Herman		Witbank	MP	1036	Louis Van Tonder	0621335142	\N	new_service	\N
53	ORD4117533	35	0.00	0.00	0.00	0.00	2025-07-01	2025-07-31	t	2025-06-24 18:59:36.577405	\N	\N	2025-06-25 15:07:59.213632	f	\N	0.00		2025-06-24 18:59:36.823674	2025-06-25 15:07:59.45723	35	DELIVERED	2A Herman		Witbank	MP	1036	Louis Van Tonder	0621335142	\N	new_service	\N
58	ORD7507392	6	199.00	0.00	0.00	199.00	2025-06-26	2025-06-26	f	2025-06-26 11:51:25.323134	\N	\N	\N	f	\N	0.00	Upgrade from Uncapped - 2Mbps to Uncapped - 10Mbps.  | Rejected by admin ceo@openweb.co.za on 2025-06-26 12:26	2025-06-26 11:51:25.58785	2025-06-26 11:51:25.587854	6	CANCELLED	\N	\N	\N	\N	\N	\N	\N	\N	UPGRADE	74
59	ORD3833202	6	199.00	0.00	0.00	199.00	2025-06-26	2025-06-26	f	2025-06-26 12:30:14.090641	\N	\N	2025-06-26 14:01:28.742946	f	\N	0.00	Upgrade from Uncapped - 2Mbps to 100GB Full Speed Anytime. 	2025-06-26 12:30:14.359205	2025-06-26 14:01:29.021188	6	DELIVERED	\N	\N	\N	\N	\N	\N	\N	\N	UPGRADE	74
61	ORD0629057	6	199.00	0.00	0.00	199.00	2025-06-26	2025-06-26	f	2025-06-26 15:06:42.152335	\N	\N	2025-06-26 15:18:47.874792	f	\N	0.00	Upgrade from 100GB Full Speed Anytime to Uncapped - 10Mbps. 	2025-06-26 15:06:42.420825	2025-06-26 15:18:48.135034	6	DELIVERED	\N	\N	\N	\N	\N	\N	\N	\N	UPGRADE	74
64	ORD2667365	6	49.00	0.00	0.00	49.00	2025-06-27	2025-06-27	f	2025-06-27 10:26:20.116372	\N	\N	2025-06-27 17:46:06.509292	f	\N	0.00	Downgrade from Uncapped - 10Mbps to Uncapped - 2Mbps. 	2025-06-27 10:26:20.612034	2025-06-27 17:46:06.98999	6	DELIVERED	\N	\N	\N	\N	\N	\N	\N	\N	DOWNGRADE	74
65	ORD4780555	6	199.00	0.00	0.00	199.00	2025-06-27	2025-06-27	f	2025-06-27 10:27:18.922764	\N	\N	\N	f	\N	0.00	Upgrade from Uncapped 1.5Mbps to Uncapped Wildcard.  | Rejected by admin ceo@openweb.co.za on 2025-06-27 17:46	2025-06-27 10:27:19.399358	2025-06-27 10:27:19.399364	98	CANCELLED	\N	\N	\N	\N	\N	\N	\N	\N	UPGRADE	68
67	ORD9564781	6	109.00	0.00	0.00	109.00	2025-07-01	2025-07-31	t	2025-06-27 18:12:36.150873	2025-06-27 18:12:36.150883	\N	2025-06-27 18:42:27.624607	t	\N	0.00	SIM Package Order - 5 x Telkom Blank SIMS (Stripe Session: cs_test_dev_success_6_4_1_10900)	2025-06-27 18:12:36.152999	2025-06-27 18:42:27.62712	6	DELIVERED	31 Fuschia Way\nSimbithi\nBallit\n4399	\N	\N	\N	\N	Keoma Wright	0826987888	\N	NEW_SERVICE	\N
72	ORD0818020	6	149.00	0.00	22.35	126.65	2025-07-01	2025-07-31	t	2025-06-27 18:33:44.230727	2025-06-27 18:33:44.230732	\N	2025-06-27 18:49:41.548749	t	\N	0.00	SIM Package Order - 15 x MTN Fixed Blank SIM Cards (Stripe Session: cs_test_dev_success_6_3_1_12665)	2025-06-27 18:33:44.231531	2025-06-27 18:49:41.550516	6	DELIVERED	31 Fuschia Way\nSimbithi\nBallit\n4399	\N	\N	\N	\N	Keoma Wright	0826987888	\N	NEW_SERVICE	\N
71	ORD8043621	6	199.00	0.00	29.85	169.15	2025-07-01	2025-07-31	t	2025-06-27 18:33:22.38323	2025-06-27 18:33:22.383237	\N	2025-06-27 18:50:34.980155	t	\N	0.00	SIM Package Order - 10 x Blank Telkom SIMs (Stripe Session: cs_test_dev_success_6_1_1_16915)	2025-06-27 18:33:22.386203	2025-06-27 18:50:34.980894	6	DELIVERED	31 Fuschia Way\nSimbithi\nBallit\n4399	\N	\N	\N	\N	Keoma Wright	0826987888	\N	NEW_SERVICE	\N
69	ORD5662827	6	109.00	0.00	16.35	92.65	2025-07-01	2025-07-31	t	2025-06-27 18:24:07.086438	2025-06-27 18:24:07.086446	\N	2025-06-27 18:50:47.036686	t	\N	0.00	SIM Package Order - 5 x Telkom Blank SIMS (Stripe Session: cs_test_dev_success_6_4_1_9265)	2025-06-27 18:24:07.088866	2025-06-27 18:50:47.038713	6	DELIVERED	31 Fuschia Way\nSimbithi\nBallit\n4399	\N	\N	\N	\N	Keoma Wright	0826987888	\N	NEW_SERVICE	\N
68	ORD6050405	6	199.00	0.00	0.00	199.00	2025-07-01	2025-07-31	t	2025-06-27 18:13:03.61552	2025-06-27 18:13:03.615524	\N	2025-06-27 18:50:58.865109	t	\N	0.00	SIM Package Order - 10 x Blank Telkom SIMs (Stripe Session: cs_test_dev_success_6_1_1_19900)	2025-06-27 18:13:03.616109	2025-06-27 18:50:58.865973	6	DELIVERED	31 Fuschia Way\nSimbithi\nBallit\n4399	\N	\N	\N	\N	Keoma Wright	0826987888	\N	NEW_SERVICE	\N
73	ORD4444929	118	109.00	0.00	16.35	92.65	2025-07-01	2025-07-31	t	2025-06-28 06:44:42.644973	2025-06-28 06:44:42.644981	\N	2025-07-02 11:09:09.815737	t	\N	0.00	SIM Package Order - 5 x Telkom Blank SIMS (Stripe Session: cs_test_dev_success_118_4_1_9265)	2025-06-28 06:44:42.647708	2025-07-02 11:09:09.816418	118	DELIVERED	7 Argosy Road \r\nImpala Park\r\nBoksburg\r\n1459	\N	\N	\N	\N	Isaac Ntando Mehlomakulu 	0623255233	\N	NEW_SERVICE	\N
51	ORD8661323	83	299.00	0.00	0.00	299.00	2025-07-01	2025-07-31	t	2025-06-24 09:13:02.494858	2025-06-24 09:13:02.494865	\N	2025-07-03 13:32:11.590497	t	\N	0.00	SIM Package Order - 10 x Blank Telkom SIMs (Stripe Session: cs_live_a1cHWA7V56KrCPAkOoaQwvCOJ7kR2yi3QkHrS5jWBfeHvPy3TtSBYUJxIs)	2025-06-24 09:13:02.497622	2025-06-24 09:13:02.497625	83	DELIVERED	26 Rhino street \r\nMalelane\r\n1320	\N	\N	\N	\N	Alwin Friedrich  Carstens	0827583689	\N	new_service	\N
123	ORD9346423	132	0.00	0.00	0.00	78.70	2025-08-01	2025-08-31	t	2025-07-27 14:04:05.284517	\N	\N	\N	f	\N	0.00	Aubrey Huis	2025-07-27 14:04:05.769767	2025-07-27 14:04:05.769771	132	PENDING	\N	\N	\N	\N	\N	\N	\N	181	NEW_SERVICE	\N
74	ORD5712175	118	109.00	0.00	16.35	92.65	2025-07-01	2025-07-31	t	2025-06-28 06:59:48.982767	2025-06-28 06:59:48.982773	\N	2025-07-02 11:08:08.884739	t	\N	0.00	SIM Package Order - 5 x Telkom Blank SIMS (Stripe Session: cs_live_a1pd9fEUmIOkp0YLuugdJIbYuVURObqbYiktkaAHMA5dPERjM8Kp7fIc7L)	2025-06-28 06:59:48.983513	2025-07-02 11:08:08.886023	118	DELIVERED	7 Argosy Road \r\nImpala Park\r\nBoksburg\r\n1459	\N	\N	\N	\N	Isaac Ntando Mehlomakulu 	0623255233	\N	NEW_SERVICE	\N
90	ORD7131353	117	0.00	0.00	0.00	897.30	2025-07-02	2025-07-31	f	2025-07-02 18:38:41.078811	\N	\N	2025-07-03 11:02:47.399518	f	\N	0.00		2025-07-02 18:38:41.329009	2025-07-03 11:02:47.65133	117	DELIVERED	2 Community Road	Floors	KIMBERLEY		8301	CHRIS WILLIAMS	0833203488	\N	NEW_SERVICE	\N
81	ORD6317741	15	199.00	0.00	0.00	199.00	2025-06-30	2025-06-30	f	2025-06-30 14:52:23.924168	\N	\N	2025-07-03 11:13:34.086542	f	\N	0.00	Upgrade from Uncapped 50Mbps to Uncapped Full Speed Pro. 	2025-06-30 14:52:24.405052	2025-07-03 11:13:34.35557	15	DELIVERED	\N	\N	\N	\N	\N	\N	\N	\N	UPGRADE	11
91	ORD8010664	83	0.00	0.00	0.00	528.30	2025-07-03	2025-07-31	f	2025-07-03 06:22:08.347183	\N	\N	2025-07-03 14:10:44.405606	f	\N	0.00		2025-07-03 06:22:08.841894	2025-07-03 06:22:08.841897	83	DELIVERED	\N	\N	\N	\N	\N	\N	\N	62	NEW_SERVICE	\N
78	ORD2325366	108	229.00	0.00	34.35	194.65	2025-07-01	2025-07-31	t	2025-06-30 10:19:59.945151	2025-06-30 10:19:59.945159	\N	2025-07-03 15:15:01.022098	t	\N	0.00	SIM Package Order - 10 x MTN Mobile Blank SIM Cards (Stripe Session: cs_live_a1N4xVbipEUt7srpvJRzp8CFzoc8VdATdF29zwIARI3jI4j3O7Tnjok1gL)	2025-06-30 10:19:59.946259	2025-06-30 10:19:59.946263	108	DELIVERED	House no 161, Olive Tree Complex, South Hills, Johannesburg, 2194	\N	\N	\N	\N	Lawrence Mashali	0789490243	\N	NEW_SERVICE	\N
77	ORD3533299	108	199.00	0.00	29.85	169.15	2025-07-01	2025-07-31	t	2025-06-30 10:17:46.784514	2025-06-30 10:17:46.784522	\N	2025-07-03 15:15:37.821335	t	\N	0.00	SIM Package Order - 10 x Blank Telkom SIMs (Stripe Session: cs_live_a1klq5vGPQxc8O5H9MXQJO0DN9EaIp30csS0G3lm8vd6oXNGSTo4pyFSCr)	2025-06-30 10:17:46.787092	2025-06-30 10:17:46.787096	108	DELIVERED	House no 161, Olive Tree Complex, South Hills, Johannesburg, 2194	\N	\N	\N	\N	Lawrence Mashali	0789490243	\N	NEW_SERVICE	\N
79	ORD6374147	15	199.00	0.00	29.85	169.15	2025-07-01	2025-07-31	t	2025-06-30 14:41:20.74943	2025-06-30 14:41:20.749437	\N	2025-07-03 16:44:06.21218	t	\N	0.00	SIM Package Order - 10 x Blank Telkom SIMs (Stripe Session: cs_test_dev_success_15_1_1_16915)	2025-06-30 14:41:20.750359	2025-06-30 14:41:20.750361	15	DELIVERED	32 Silikaats Drive, Deelkraal, Carletonville, Gauteng, 2499.\r\n	\N	\N	\N	\N	Gert Rossouw	0723119540	\N	NEW_SERVICE	\N
80	ORD1209148	15	199.00	0.00	29.85	169.15	2025-07-01	2025-07-31	t	2025-06-30 14:43:19.163795	2025-06-30 14:43:19.163802	\N	2025-07-04 13:28:31.949816	t	\N	0.00	SIM Package Order - 10 x Blank Telkom SIMs (Stripe Session: cs_live_a1f9KvOPfwXUjaYVa4rU4G95UzukGOSdmogg74zOYrXMPseKRTOWJ5VOEV)	2025-06-30 14:43:19.164866	2025-06-30 14:43:19.164868	15	DELIVERED	32 Silikaats Drive, Deelkraal, Carletonville, Gauteng, 2499.\r\n	\N	\N	\N	\N	Gert Rossouw	0723119540	\N	NEW_SERVICE	\N
92	ORD9433842	15	109.00	0.00	16.35	92.65	2025-07-04	2025-07-31	f	2025-07-04 11:11:16.857302	2025-07-04 11:11:16.857308	\N	2025-07-04 13:29:16.598731	t	\N	0.00	SIM Package Order - 5 x Telkom Blank SIMS (Stripe Session: cs_test_dev_success_15_4_1_9265)	2025-07-04 11:11:16.858851	2025-07-04 11:11:16.858854	15	DELIVERED	32 Silikaats Drive, Deelkraal, Carletonville, Gauteng, 2499.\r\n	\N	\N	\N	\N	Gert Rossouw	0723119540	\N	NEW_SERVICE	\N
86	ORD9451052	118	229.00	0.00	34.35	194.65	2025-07-02	2025-07-31	f	2025-07-02 11:46:23.200189	2025-07-02 11:46:23.200195	\N	2025-07-04 13:32:25.136525	t	\N	0.00	SIM Package Order - 10 x MTN Mobile Blank SIM Cards (Stripe Session: cs_test_dev_success_118_2_1_19465)	2025-07-02 11:46:23.20087	2025-07-02 11:46:23.200872	118	DELIVERED	7 Argosy Road \r\nImpala Park\r\nBoksburg\r\n1459	\N	\N	\N	\N	Isaac Ntando Mehlomakulu 	0623255233	\N	NEW_SERVICE	\N
84	ORD8476068	118	199.00	0.00	29.85	169.15	2025-07-02	2025-07-31	f	2025-07-02 11:43:58.927349	2025-07-02 11:43:58.927357	\N	2025-07-04 13:33:18.314157	t	\N	0.00	SIM Package Order - 10 x Blank Telkom SIMs (Stripe Session: cs_test_dev_success_118_1_1_16915)	2025-07-02 11:43:58.92988	2025-07-02 11:43:58.929886	118	DELIVERED	7 Argosy Road \r\nImpala Park\r\nBoksburg\r\n1459	\N	\N	\N	\N	Isaac Ntando Mehlomakulu 	0623255233	\N	NEW_SERVICE	\N
94	ORD0526882	74	299.00	0.00	29.90	269.10	2025-07-07	2025-07-31	f	2025-07-07 08:24:12.319067	2025-07-07 08:24:12.319074	\N	2025-07-07 11:26:04.298617	t	\N	0.00	SIM Package Order - 3 x Network Sim Combo Pack (Stripe Session: cs_live_a16IKNoENnDwlfrxTtKoUTbwSNxpIV8SU93y7ATM639IgNJvWUO6cACs50)	2025-07-07 08:24:12.321638	2025-07-07 08:24:12.321643	74	DELIVERED	R62 Nuweplaas\r\nMisgund\r\n6440\r\nEastern Cape	\N	\N	\N	\N	Leon du Plessis	0836658422	\N	NEW_SERVICE	\N
95	ORD8402394	132	109.00	0.00	16.35	92.65	2025-07-07	2025-07-31	f	2025-07-07 11:31:33.065157	2025-07-07 11:31:33.065165	\N	2025-07-07 13:43:15.238064	t	\N	0.00	SIM Package Order - 5 x Telkom Blank SIMS (Stripe Session: cs_live_a1R4F6h766KcMbtPLNHIEvM6sHRMNafH9VWw38cctcEUCyQa9rOOIA9UEO)	2025-07-07 11:31:33.067901	2025-07-07 11:31:33.067904	132	DELIVERED	6 Akkoorde Crescent Pellissier Bloemfontein	\N	\N	\N	\N	Hugo Lambrechts	0722798884	\N	NEW_SERVICE	\N
97	ORD0308495	108	149.00	0.00	22.35	126.65	2025-07-07	2025-07-31	f	2025-07-07 18:07:15.581566	2025-07-07 18:07:15.581575	\N	2025-07-09 12:01:01.76334	t	\N	0.00	SIM Package Order - 15 x MTN Fixed Blank SIM Cards (Stripe Session: cs_live_a1hW2eOWwz0i7smlOf0JxbmAO33bgu8xSJwnoFF66EicHvaDHQQ6xAg0Mw)	2025-07-07 18:07:15.584607	2025-07-07 18:07:15.584612	108	DELIVERED	House no 161, Olive Tree Complex, South Hills, Johannesburg, 2194	\N	\N	\N	\N	Lawrence Mashali	0789490243	\N	NEW_SERVICE	\N
98	ORD7773904	108	0.00	0.00	0.00	340.00	2025-07-10	2025-07-31	f	2025-07-10 17:21:03.524265	\N	\N	2025-07-11 10:21:05.468556	f	\N	0.00	Baloyi Maluleke Office	2025-07-10 17:21:04.020308	2025-07-10 17:21:04.020315	108	DELIVERED	\N	\N	\N	\N	\N	\N	\N	182	NEW_SERVICE	\N
96	ORD6711641	15	49.00	0.00	0.00	49.00	2025-07-07	2025-07-07	f	2025-07-07 13:00:14.570992	\N	\N	\N	f	\N	0.00	Downgrade from Uncapped Full Speed Pro to Uncapped 8Mbps. Please also change this details to 71 14th Avenue, Welverdiend, Carletonville as this sim card will be moving over to another address | Rejected by admin zelda@openweb.co.za on 2025-07-14 10:05	2025-07-07 13:00:15.062006	2025-07-07 13:00:15.062011	15	CANCELLED	\N	\N	\N	\N	\N	\N	\N	\N	DOWNGRADE	11
100	ORD4734256	108	0.00	0.00	0.00	232.20	2025-07-16	2025-07-31	f	2025-07-16 06:59:21.246198	\N	\N	2025-07-16 11:39:08.027052	f	\N	0.00	Giyani office	2025-07-16 06:59:21.76677	2025-07-16 06:59:21.766776	108	DELIVERED	\N	\N	\N	\N	\N	\N	\N	94	NEW_SERVICE	\N
99	ORD9611993	100	299.00	0.00	29.90	269.10	2025-07-15	2025-07-31	f	2025-07-15 18:40:35.118128	2025-07-15 18:40:35.118139	\N	2025-07-16 11:43:47.865816	t	\N	0.00	SIM Package Order - 3 x Network Sim Combo Pack (Stripe Session: cs_live_a1Ua2Ij0C1Ovop9jS1PDxDDLTaMoD5gvOFGLQO0rOYHVGe3CPObSRxsdAZ)	2025-07-15 18:40:35.12477	2025-07-15 18:40:35.124798	100	DELIVERED	The Courier Guy\r\nN4 Malalane\r\n1320	\N	\N	\N	\N	Sylvia Bheki Dladla	0729743530	\N	NEW_SERVICE	\N
102	ORD9773549	6	0.00	0.00	0.00	161.46	2025-07-17	2025-07-31	f	2025-07-17 17:02:13.52375	\N	\N	2025-07-17 19:03:17.99753	f	\N	0.00		2025-07-17 17:02:13.795774	2025-07-17 17:02:13.795776	6	DELIVERED	\N	\N	\N	\N	\N	\N	\N	257	NEW_SERVICE	\N
105	ORD2247614	15	0.00	0.00	0.00	175.32	2025-07-21	2025-07-31	f	2025-07-21 06:35:29.388251	\N	\N	2025-07-22 14:12:30.116256	f	\N	0.00		2025-07-21 06:35:29.913849	2025-07-21 06:35:29.913855	15	DELIVERED	\N	\N	\N	\N	\N	\N	\N	146	NEW_SERVICE	\N
104	ORD9728841	100	0.00	0.00	0.00	238.20	2025-07-20	2025-07-31	f	2025-07-20 18:59:54.348782	\N	\N	2025-07-22 14:49:48.48699	f	\N	0.00		2025-07-20 18:59:54.83196	2025-07-20 18:59:54.831966	100	DELIVERED	\N	\N	\N	\N	\N	\N	\N	213	NEW_SERVICE	\N
106	ORD0317715	108	0.00	0.00	0.00	151.60	2025-07-22	2025-07-31	f	2025-07-22 15:35:45.27597	\N	\N	2025-07-23 08:04:00.83069	f	\N	0.00	personal	2025-07-22 15:35:45.766902	2025-07-22 15:35:45.766907	108	DELIVERED	\N	\N	\N	\N	\N	\N	\N	84	NEW_SERVICE	\N
110	ORD2506697	164	149.00	0.00	22.35	126.65	2025-07-23	2025-07-31	f	2025-07-23 15:11:38.539061	2025-07-23 15:11:38.539067	\N	\N	t	\N	0.00	SIM Package Order - 15 x MTN Fixed Blank SIM Cards (Stripe Session: cs_live_a1r6qyZBYyAFBW0DaQ3XdqL1b7b2D2I8ccZrP0zqWXD1ZJZOIb0gECGURq)	2025-07-23 15:11:38.541066	2025-07-23 15:11:38.541071	164	PENDING	15 Selatirevier Ave, Rustenburg	\N	\N	\N	\N	Cobus Marais	0834813297	\N	NEW_SERVICE	\N
108	ORD8876489	132	0.00	0.00	0.00	314.80	2025-07-23	2025-07-31	f	2025-07-23 11:23:10.952475	\N	\N	2025-07-24 10:40:43.783106	f	\N	0.00	Lizette Sim	2025-07-23 11:23:11.435093	2025-07-23 11:23:11.435099	132	DELIVERED	\N	\N	\N	\N	\N	\N	\N	178	NEW_SERVICE	\N
109	ORD6792988	132	0.00	0.00	0.00	314.80	2025-07-23	2025-07-31	f	2025-07-23 11:37:51.484186	\N	\N	2025-07-24 10:42:26.662055	f	\N	0.00	Sorgvry Kantoor	2025-07-23 11:37:51.998869	2025-07-23 11:37:51.998874	132	DELIVERED	\N	\N	\N	\N	\N	\N	\N	179	NEW_SERVICE	\N
107	ORD2539510	132	0.00	0.00	0.00	314.80	2025-07-23	2025-07-31	f	2025-07-23 11:20:24.61857	\N	\N	2025-07-24 10:27:52.997554	f	\N	0.00	Mulke Sim	2025-07-23 11:20:25.11682	2025-07-23 11:20:25.116829	132	DELIVERED	\N	\N	\N	\N	\N	\N	\N	177	NEW_SERVICE	\N
113	ORD7042213	164	229.00	0.00	34.35	194.65	2025-07-23	2025-07-31	f	2025-07-23 15:13:41.682399	2025-07-23 15:13:41.682407	\N	2025-07-24 11:16:03.050436	t	\N	0.00	SIM Package Order - 10 x MTN Mobile Blank SIM Cards (Stripe Session: cs_live_a1V3u69ITHX7SaxXc4UqdP2Ojbk6KdHhdvS4lOgdTX5GBkCTwhUrr9D38L)	2025-07-23 15:13:41.683438	2025-07-23 15:13:41.683442	164	DELIVERED	15 Selatirevier Ave, Rustenburg	\N	\N	\N	\N	Cobus Marais	0834813297	\N	NEW_SERVICE	\N
112	ORD4336604	164	109.00	0.00	16.35	92.65	2025-07-23	2025-07-31	f	2025-07-23 15:12:58.832959	2025-07-23 15:12:58.832965	\N	2025-07-24 11:22:41.010722	t	\N	0.00	SIM Package Order - 5 x Telkom Blank SIMS (Stripe Session: cs_live_a1HMm83DrkgN1zCIUnY9GNVj3kd5o0tb0cBsWlszbYi1ZT7SpqCZxWV6eK)	2025-07-23 15:12:58.833869	2025-07-23 15:12:58.833872	164	DELIVERED	15 Selatirevier Ave, Rustenburg	\N	\N	\N	\N	Cobus Marais	0834813297	\N	NEW_SERVICE	\N
111	ORD0176999	164	149.00	0.00	22.35	126.65	2025-07-23	2025-07-31	f	2025-07-23 15:12:21.321428	2025-07-23 15:12:21.321435	\N	2025-07-24 11:33:38.647874	t	\N	0.00	SIM Package Order - 15 x MTN Fixed Blank SIM Cards (Stripe Session: cs_live_a14ab710Vzl9pSjqPTzY5NFOea3pbVFufN1C5YOzmG8ecq5AkMXh5xg618)	2025-07-23 15:12:21.322284	2025-07-23 15:12:21.322286	164	DELIVERED	15 Selatirevier Ave, Rustenburg	\N	\N	\N	\N	Cobus Marais	0834813297	\N	NEW_SERVICE	\N
114	ORD9390590	118	0.00	0.00	0.00	38.70	2025-08-01	2025-08-31	t	2025-07-25 03:31:35.934234	\N	\N	2025-07-25 08:55:45.146464	f	\N	0.00		2025-07-25 03:31:36.433609	2025-07-25 03:31:36.433615	118	DELIVERED	\N	\N	\N	\N	\N	\N	\N	152	NEW_SERVICE	\N
115	ORD1678894	6	0.00	0.00	0.00	38.43	2025-08-01	2025-08-31	t	2025-07-25 13:12:36.707803	\N	\N	2025-07-25 15:19:17.926781	f	\N	0.00		2025-07-25 13:12:36.987077	2025-07-25 13:12:36.987081	6	DELIVERED	\N	\N	\N	\N	\N	\N	\N	311	NEW_SERVICE	\N
116	ORD9509160	6	0.00	0.00	0.00	38.43	2025-08-01	2025-08-31	t	2025-07-25 13:29:16.583603	\N	\N	2025-07-25 15:30:03.305014	f	\N	0.00		2025-07-25 13:29:16.864233	2025-07-25 13:29:16.864235	6	DELIVERED	\N	\N	\N	\N	\N	\N	\N	310	NEW_SERVICE	\N
117	ORD7147438	6	0.00	0.00	0.00	43.83	2025-08-01	2025-08-31	t	2025-07-25 13:44:09.775029	\N	\N	2025-07-25 15:44:44.127845	f	\N	0.00		2025-07-25 13:44:10.055418	2025-07-25 13:44:10.055422	6	DELIVERED	\N	\N	\N	\N	\N	\N	\N	72	NEW_SERVICE	\N
118	ORD6824481	6	0.00	0.00	0.00	38.43	2025-08-01	2025-08-31	t	2025-07-25 14:02:44.087361	\N	\N	2025-07-25 16:03:21.86654	f	\N	0.00		2025-07-25 14:02:44.352401	2025-07-25 14:02:44.352404	6	DELIVERED	\N	\N	\N	\N	\N	\N	\N	312	NEW_SERVICE	\N
119	ORD5367121	6	0.00	0.00	0.00	35.91	2025-08-01	2025-08-31	t	2025-07-25 14:13:38.738782	\N	\N	2025-07-25 16:14:42.798806	f	\N	0.00		2025-07-25 14:13:39.00755	2025-07-25 14:13:39.007553	6	DELIVERED	\N	\N	\N	\N	\N	\N	\N	313	NEW_SERVICE	\N
\.


--
-- TOC entry 3889 (class 0 OID 18020)
-- Dependencies: 243
-- Data for Name: order_item; Type: TABLE DATA; Schema: public; Owner: neondb_owner
--

COPY public.order_item (id, order_id, product_id, quantity, unit_price, line_total, product_name, product_sku, created_at, sim_card_id, uses_own_sim) FROM stdin;
1	4	1	1	326.89	294.20	Uncapped 1.5Mbps	telkom-1.5Mbps	2025-06-02 15:14:13.065558	\N	f
5	8	9	1	355.99	320.39	Uncapped - 2Mbps	MTN-Mobile-2Mbps	2025-06-05 11:57:42.514664	\N	f
6	10	9	1	355.99	284.79	Uncapped - 2Mbps	MTN-Mobile-2Mbps	2025-06-09 14:08:23.605643	\N	f
7	11	10	1	433.59	346.87	Uncapped - 5Mbps 	MTN-Mobile-5Mbps	2025-06-09 14:15:19.051802	\N	f
8	12	1	1	326.89	261.51	Uncapped 1.5Mbps	telkom-1.5Mbps	2025-06-09 14:23:40.947184	\N	f
9	13	9	1	355.99	284.79	Uncapped - 2Mbps	MTN-Mobile-2Mbps	2025-06-09 14:32:44.259993	\N	f
10	14	4	1	414.19	331.35	Uncapped 5Mbps	telkom-5Mbps	2025-06-09 14:56:56.665399	\N	f
12	16	9	1	348.65	278.92	Uncapped - 2Mbps	MTN-Mobile-2Mbps	2025-06-10 14:36:15.882655	\N	f
13	19	9	1	348.65	278.92	Uncapped - 2Mbps	MTN-Mobile-2Mbps	2025-06-10 15:07:26.51371	\N	f
14	20	9	1	348.65	278.92	Uncapped - 2Mbps	MTN-Mobile-2Mbps	2025-06-10 15:25:09.574227	\N	f
15	21	9	1	367.00	293.60	Uncapped - 2Mbps	MTN-Mobile-2Mbps	2025-06-10 16:39:13.296511	\N	f
16	22	10	1	424.65	339.72	Uncapped - 5Mbps 	MTN-Mobile-5Mbps	2025-06-10 17:15:31.000877	\N	f
17	23	9	1	348.65	244.06	Uncapped - 2Mbps	MTN-Mobile-2Mbps	2025-06-11 08:36:09.018479	\N	f
18	24	10	1	424.65	297.26	Uncapped - 5Mbps 	MTN-Mobile-5Mbps	2025-06-11 09:26:55.419058	\N	f
19	25	9	1	348.65	244.06	Uncapped - 2Mbps	MTN-Mobile-2Mbps	2025-06-11 09:46:39.493173	\N	f
20	27	1	1	303.30	212.31	Uncapped 1.5Mbps	telkom-1.5Mbps	2025-06-15 10:07:46.190448	\N	f
21	28	3	1	384.30	269.01	Uncapped Wildcard	telkom-wildcard	2025-06-15 10:15:20.328176	\N	f
22	29	9	1	330.30	231.21	Uncapped - 2Mbps	MTN-Mobile-2Mbps	2025-06-15 10:22:27.316814	\N	f
23	30	1	1	303.30	212.31	Uncapped 1.5Mbps	telkom-1.5Mbps	2025-06-15 10:28:56.80333	\N	f
24	31	1	1	303.30	212.31	Uncapped 1.5Mbps	telkom-1.5Mbps	2025-06-15 10:35:29.217919	\N	f
25	32	1	1	303.30	212.31	Uncapped 1.5Mbps	telkom-1.5Mbps	2025-06-15 10:40:59.794909	\N	f
26	33	1	1	303.30	212.31	Uncapped 1.5Mbps	telkom-1.5Mbps	2025-06-15 10:46:38.803529	\N	f
27	34	1	1	303.30	212.31	Uncapped 1.5Mbps	telkom-1.5Mbps	2025-06-15 10:51:45.811686	\N	f
28	35	1	1	303.30	212.31	Uncapped 1.5Mbps	telkom-1.5Mbps	2025-06-15 10:57:26.370101	\N	f
29	36	1	1	303.30	212.31	Uncapped 1.5Mbps	telkom-1.5Mbps	2025-06-15 11:03:13.516997	\N	f
30	37	1	1	303.30	212.31	Uncapped 1.5Mbps	telkom-1.5Mbps	2025-06-15 11:03:38.073008	\N	f
31	38	1	1	303.30	212.31	Uncapped 1.5Mbps	telkom-1.5Mbps	2025-06-15 11:26:41.17447	\N	f
38	45	2	1	387.00	232.20	Uncapped 8Mbps	telkom-8Mbps	2025-06-16 16:14:49.986347	\N	f
41	48	9	1	330.30	198.18	Uncapped - 2Mbps	MTN-Mobile-2Mbps	2025-06-19 15:25:06.870425	\N	f
46	53	3	1	427.00	0.00	Uncapped Wildcard	telkom-wildcard	2025-06-24 18:59:37.556159	\N	f
47	54	25	1	337.00	0.00	Uncapped Wildcard Lite	telkom-wildcard-lite	2025-06-24 19:21:24.8877	\N	f
48	58	11	1	199.00	199.00	Upgrade Fee - Uncapped - 10Mbps	UPG-MTN-Mobile-10Mbps	2025-06-26 11:51:25.718552	\N	f
49	59	14	1	199.00	199.00	Upgrade Fee - 100GB Full Speed Anytime	UPG-MTN-Mobile-100GB	2025-06-26 12:30:14.490878	\N	f
51	61	11	1	199.00	199.00	Upgrade Fee - Uncapped - 10Mbps	UPG-MTN-Mobile-10Mbps	2025-06-26 15:06:42.551404	\N	f
54	64	9	1	49.00	49.00	Downgrade Fee - Uncapped - 2Mbps	DWG-MTN-Mobile-2Mbps	2025-06-27 10:26:20.855358	\N	f
55	65	3	1	199.00	199.00	Upgrade Fee - Uncapped Wildcard	UPG-telkom-wildcard	2025-06-27 10:27:19.636872	\N	f
36	43	28	1	10.00	10.00	10 x MTN Mobile Blank SIM Cards (10 SIMs per package)	SIM-PKG-2	2025-06-15 16:30:28.425869	\N	f
37	44	28	1	349.00	349.00	10 x MTN Mobile Blank SIM Cards (10 SIMs per package)	SIM-PKG-2	2025-06-16 10:06:54.612961	\N	f
39	46	28	1	299.00	299.00	10 x Blank Telkom SIMs (10 SIMs per package)	SIM-PKG-1	2025-06-18 10:40:14.500178	\N	f
40	47	28	1	349.00	349.00	15 x MTN Fixed Blank SIM Cards (15 SIMs per package)	SIM-PKG-3	2025-06-18 10:42:12.763026	\N	f
44	51	28	1	299.00	299.00	10 x Blank Telkom SIMs (10 SIMs per package)	SIM-PKG-1	2025-06-24 09:13:03.230225	\N	f
57	67	28	1	109.00	109.00	5 x Telkom Blank SIMS (5 SIMs per package)	SIM-PKG-4	2025-06-27 18:12:36.566729	\N	f
58	68	28	1	199.00	199.00	10 x Blank Telkom SIMs (10 SIMs per package)	SIM-PKG-1	2025-06-27 18:13:04.023087	\N	f
59	69	28	1	109.00	109.00	5 x Telkom Blank SIMS (5 SIMs per package)	SIM-PKG-4	2025-06-27 18:24:07.494453	\N	f
60	71	28	1	169.15	169.15	10 x Blank Telkom SIMs (10 SIMs per package)	SIM-PKG-1	2025-06-27 18:33:23.073025	\N	f
61	72	28	1	126.65	126.65	15 x MTN Fixed Blank SIM Cards (15 SIMs per package)	SIM-PKG-3	2025-06-27 18:33:44.773972	\N	f
62	73	28	1	109.00	109.00	5 x Telkom Blank SIMS (5 SIMs per package)	SIM-PKG-4	2025-06-28 06:44:43.365012	\N	f
63	74	28	1	109.00	109.00	5 x Telkom Blank SIMS (5 SIMs per package)	SIM-PKG-4	2025-06-28 06:59:49.69709	\N	f
66	77	28	1	199.00	199.00	10 x Blank Telkom SIMs (10 SIMs per package)	SIM-PKG-1	2025-06-30 10:17:47.514052	\N	f
67	78	28	1	229.00	229.00	10 x MTN Mobile Blank SIM Cards (10 SIMs per package)	SIM-PKG-2	2025-06-30 10:20:00.669021	\N	f
68	79	28	1	199.00	199.00	10 x Blank Telkom SIMs (10 SIMs per package)	SIM-PKG-1	2025-06-30 14:41:21.465219	\N	f
69	80	28	1	199.00	199.00	10 x Blank Telkom SIMs (10 SIMs per package)	SIM-PKG-1	2025-06-30 14:43:19.889301	\N	f
70	81	8	1	199.00	199.00	Upgrade Fee - Uncapped Full Speed Pro	UPG-telkom-50Mbps-COPY	2025-06-30 14:52:24.644738	\N	f
73	84	28	1	169.15	169.15	10 x Blank Telkom SIMs (10 SIMs per package)	SIM-PKG-1	2025-07-02 11:43:59.409206	\N	f
75	86	28	1	194.65	194.65	10 x MTN Mobile Blank SIM Cards (10 SIMs per package)	SIM-PKG-2	2025-07-02 11:46:23.676923	\N	f
79	90	22	1	997.00	897.30	Uncapped Full Speed	MTN-Fixed-CNS-FullSpeed	2025-07-02 18:38:42.311639	\N	f
80	91	6	1	587.00	528.30	Uncapped 20Mbps	telkom-20Mbps	2025-07-03 06:22:09.824365	\N	f
81	92	28	1	92.65	92.65	5 x Telkom Blank SIMS (5 SIMs per package)	SIM-PKG-4	2025-07-04 11:11:17.119131	\N	f
83	94	28	1	269.10	269.10	3 x Network Sim Combo Pack (20 SIMs per package)	SIM-PKG-5	2025-07-07 08:24:12.810984	\N	f
84	95	28	1	92.65	92.65	5 x Telkom Blank SIMS (5 SIMs per package)	SIM-PKG-4	2025-07-07 11:31:33.553862	\N	f
85	96	2	1	49.00	49.00	Downgrade Fee - Uncapped 8Mbps	DWG-telkom-8Mbps	2025-07-07 13:00:15.305585	\N	f
86	97	28	1	126.65	126.65	15 x MTN Fixed Blank SIM Cards (15 SIMs per package)	SIM-PKG-3	2025-07-07 18:07:16.077471	\N	f
87	98	19	1	425.00	340.00	Uncapped 75Mbps Lite	MTN-Fixed-CNS-75Mbps-Lite	2025-07-10 17:21:04.991716	\N	f
88	99	28	1	269.10	269.10	3 x Network Sim Combo Pack (20 SIMs per package)	SIM-PKG-5	2025-07-15 18:40:35.617688	\N	f
89	100	24	1	387.00	232.20	Uncapped 10Mbps Basic	telkom-10mbps-basic-sale	2025-07-16 06:59:22.790114	\N	f
91	102	32	1	269.10	161.46	Telkom One Starter	telkom-one-starter	2025-07-17 17:02:14.331402	\N	f
93	104	9	1	397.00	238.20	Uncapped - 2Mbps	MTN-Mobile-2Mbps	2025-07-20 18:59:55.779877	\N	f
94	105	5	1	438.30	175.32	Uncapped 10Mbps	telkom-10Mbps	2025-07-21 06:35:30.957987	\N	f
95	106	13	1	379.00	151.60	50GB Full Speed Anytime	MTN-Mobile-50GB	2025-07-22 15:35:46.744964	\N	f
96	107	7	1	787.00	314.80	Uncapped 50Mbps	telkom-50Mbps	2025-07-23 11:20:26.100496	\N	f
97	108	7	1	787.00	314.80	Uncapped 50Mbps	telkom-50Mbps	2025-07-23 11:23:12.39771	\N	f
98	109	7	1	787.00	314.80	Uncapped 50Mbps	telkom-50Mbps	2025-07-23 11:37:53.025137	\N	f
99	110	28	1	126.65	126.65	15 x MTN Fixed Blank SIM Cards (15 SIMs per package)	SIM-PKG-3	2025-07-23 15:11:39.029572	\N	f
100	111	28	1	126.65	126.65	15 x MTN Fixed Blank SIM Cards (15 SIMs per package)	SIM-PKG-3	2025-07-23 15:12:21.808137	\N	f
101	112	28	1	92.65	92.65	5 x Telkom Blank SIMS (5 SIMs per package)	SIM-PKG-4	2025-07-23 15:12:59.349673	\N	f
102	113	28	1	194.65	194.65	10 x MTN Mobile Blank SIM Cards (10 SIMs per package)	SIM-PKG-2	2025-07-23 15:13:42.194471	\N	f
103	114	2	1	387.00	38.70	Uncapped 8Mbps	telkom-8Mbps	2025-07-25 03:31:37.413207	\N	f
104	115	4	1	384.30	38.43	Uncapped 5Mbps	telkom-5Mbps	2025-07-25 13:12:37.532498	\N	f
105	116	4	1	384.30	38.43	Uncapped 5Mbps	telkom-5Mbps	2025-07-25 13:29:17.413173	\N	f
106	117	5	1	438.30	43.83	Uncapped 10Mbps	telkom-10Mbps	2025-07-25 13:44:10.602679	\N	f
107	118	4	1	384.30	38.43	Uncapped 5Mbps	telkom-5Mbps	2025-07-25 14:02:44.87531	\N	f
108	119	31	1	359.10	35.91	Telkom One Pro	telkom-one-pro	2025-07-25 14:13:39.535374	\N	f
110	121	28	1	92.65	92.65	5 x Telkom Blank SIMS (5 SIMs per package)	SIM-PKG-4	2025-07-27 13:52:01.370117	\N	f
111	122	7	1	787.00	78.70	Uncapped 50Mbps	telkom-50Mbps	2025-07-27 13:55:37.848762	\N	f
112	123	7	1	787.00	78.70	Uncapped 50Mbps	telkom-50Mbps	2025-07-27 14:04:06.737166	\N	f
\.


--
-- TOC entry 3891 (class 0 OID 18025)
-- Dependencies: 245
-- Data for Name: password_reset_tokens; Type: TABLE DATA; Schema: public; Owner: neondb_owner
--

COPY public.password_reset_tokens (id, user_id, token, created_at, expires_at, used, used_at, ip_address) FROM stdin;
1	21	D7Gctn8x8S3rB3PYPWuk2cmRlVykY_a40LbDV6lvSMk	2025-06-04 16:00:00.706204	2025-06-04 17:00:00.704761	t	2025-06-04 16:00:31.849155	34.136.200.227
2	35	bn0b-sLZyAwu5wnV7h1dJms_aJEtF8kpzTv3LF6im8Y	2025-06-08 13:25:53.035051	2025-06-08 14:25:53.030948	t	2025-06-08 13:26:42.752891	34.68.1.153
3	85	xZDlNvZ3TVh8NHBXoQUKtUawPOhBEQjnDvMHsyFI7sw	2025-06-19 11:04:48.657513	2025-06-19 12:04:48.655696	t	2025-06-19 11:05:42.425097	34.58.242.171
4	80	xhBJd3bFYmw9Fh-H8meKurSw5n-N-9H2JBWLrf5Bf8I	2025-06-23 05:19:36.582114	2025-06-23 06:19:36.580249	f	\N	34.121.19.132
5	35	wryHmCcOQPwbfEE3VqFRDJG_s7e5lsF6jN9407r3uA4	2025-06-24 16:44:37.927152	2025-06-24 17:44:37.925325	t	2025-06-24 16:53:40.652517	35.188.87.224
6	95	BjMTV87cOb5_s_8sK7vEA6OD27o1uJjaAInG542SOfA	2025-06-25 08:21:25.48685	2025-06-25 09:21:25.485489	f	\N	34.136.96.34
7	118	reDNbrwNgSB-B6wwThVXy19UmRf6g9-5LZp_goCdLxI	2025-06-26 05:39:06.990581	2025-06-26 06:39:06.988496	f	\N	34.60.193.23
8	102	owdaOYqYclbw7AHZZHUBsrXyVKNFmmC7n8uqLL498FA	2025-06-28 04:51:35.225779	2025-06-28 05:51:35.223688	f	\N	34.42.251.83
9	72	ddM1HPUdsEI6jqzWgyxj-uEcV8KYqNivisgsmpFLjnQ	2025-06-30 16:52:47.534656	2025-06-30 17:52:47.532605	f	\N	34.58.242.171
10	117	fpiEH-QjEBrWK9uvufElOipw3r6JzA4ishqM8X_EuFk	2025-07-01 21:02:35.282455	2025-07-01 22:02:35.28105	t	2025-07-01 21:04:08.45135	104.154.70.112
11	122	DL9cbeYEBqawvoovpTRynzyOlzPzGORXROGhpZCXYVA	2025-07-02 07:56:23.281344	2025-07-02 08:56:23.277084	t	2025-07-02 07:57:05.984837	34.173.64.10
12	144	PYoerXeA4183Zm4pyr9oTXF7MUZGZeXmS_tGXpsr0JM	2025-07-14 09:41:14.102372	2025-07-14 10:41:14.098939	t	2025-07-14 09:46:27.791646	35.191.97.182
13	167	DuDRCjXiuTIoD5aLKyqvMAc20WVnrR1sKsU6BitIrik	2025-07-25 05:57:56.759049	2025-07-25 06:57:56.757129	t	2025-07-25 06:00:14.920936	35.191.27.150
\.


--
-- TOC entry 3893 (class 0 OID 18029)
-- Dependencies: 247
-- Data for Name: payfast_transactions; Type: TABLE DATA; Schema: public; Owner: neondb_owner
--

COPY public.payfast_transactions (id, credit_transaction_id, merchant_id, merchant_key, return_url, cancel_url, notify_url, name_first, name_last, email_address, m_payment_id, amount, item_name, item_description, signature, pf_payment_id, payment_status, created_at, completed_at) FROM stdin;
1	3	10620095	v2c9e5sv4j3r6	https://whitelabel.openweb.co.za/payment/success	https://whitelabel.openweb.co.za/payment/cancel	https://whitelabel.openweb.co.za/payment/notify	Keoma	Wright	lte@openweb.co.za	TOPUP_3_1748868687	5.00	Credit Top-up - lte@openweb.co.za	Credit wallet top-up for reseller account: lte@openweb.co.za	830b8a3b1a578d7127cc0fd9fff39788	\N	\N	2025-06-02 12:51:27.901506	\N
2	4	10620095	v2c9e5sv4j3r6	https://whitelabel.openweb.co.za/payment/success	https://whitelabel.openweb.co.za/payment/cancel	https://whitelabel.openweb.co.za/payment/notify	Keoma	Wright	lte@openweb.co.za	TOPUP_4_1748868899	5.00	Credit Top-up - lte@openweb.co.za	Credit wallet top-up for reseller account: lte@openweb.co.za	54e5c870060df1b67908a1176946a3cb	\N	\N	2025-06-02 12:54:59.523002	\N
3	5	10620095	v2c9e5sv4j3r6	https://whitelabel.openweb.co.za/payment/success	https://whitelabel.openweb.co.za/payment/cancel	https://whitelabel.openweb.co.za/payment/notify	Keoma	Wright	lte@openweb.co.za	TOPUP_5_1748869242	5.00	Credit Top-up - lte@openweb.co.za	Credit wallet top-up for reseller account: lte@openweb.co.za	c20ff8ddb5c33905cdca681ccbc6f14a	\N	\N	2025-06-02 13:00:42.864257	\N
4	6	11687406	kdn07t5fjqm4c	https://whitelabel.openweb.co.za/payment/success	https://whitelabel.openweb.co.za/payment/cancel	https://whitelabel.openweb.co.za/payment/notify	Keoma	Wright	lte@openweb.co.za	TOPUP_6_1748869721	5.00	Credit Top-up - lte@openweb.co.za	Credit wallet top-up for reseller account: lte@openweb.co.za	8c134f15215c9f6482d73049ab54d6c5	\N	\N	2025-06-02 13:08:41.289843	\N
5	7	11687406	kdn07t5fjqm4c	https://open-web-reseller-mrbeepie1.replit.app/payment/success	https://open-web-reseller-mrbeepie1.replit.app/payment/cancel	https://open-web-reseller-mrbeepie1.replit.app/payment/notify	Keoma	Wright	lte@openweb.co.za	TOPUP_7_1748870797	5.00	Credit Top-up - lte@openweb.co.za	Credit wallet top-up for reseller account: lte@openweb.co.za	f674322ef80f1e3268fe298339d06b61	\N	\N	2025-06-02 13:26:37.660424	\N
6	8	11687406	kdn07t5fjqm4c	https://whitelabel.openweb.co.za/payment/success	https://whitelabel.openweb.co.za/payment/cancel	https://whitelabel.openweb.co.za/payment/notify	Keoma	Wright	lte@openweb.co.za	TOPUP_8_1748871284	5.00	Credit Top-up - lte@openweb.co.za	Credit wallet top-up for reseller account: lte@openweb.co.za	50010e89c6707cbb6f6e68c76dec12e5	\N	\N	2025-06-02 13:34:44.434213	\N
\.


--
-- TOC entry 3895 (class 0 OID 18035)
-- Dependencies: 249
-- Data for Name: payment_settings; Type: TABLE DATA; Schema: public; Owner: neondb_owner
--

COPY public.payment_settings (id, merchant_id, merchant_key, passphrase, test_mode, payment_url, return_url, cancel_url, notify_url, is_active, created_at, updated_at, created_by_id) FROM stdin;
1	10620095	v2c9e5sv4j3r6	\N	f	https://www.payfast.co.za/eng/process	https://whitelabel.openweb.co.za/payment/success	https://whitelabel.openweb.co.za/payment/cancel	https://whitelabel.openweb.co.za/payment/notify	f	2025-06-02 12:24:51.263721	2025-06-02 13:30:44.309268	2
2	10620095	v2c9e5sv4j3r6	Kjn782BhuAxzva	f	https://www.payfast.co.za/eng/process	https://whitelabel.openweb.co.za/payment/success	https://whitelabel.openweb.co.za/payment/cancel	https://whitelabel.openweb.co.za/payment/notify	f	2025-06-02 12:59:18.546818	2025-06-02 13:30:44.309268	2
3	11687406	kdn07t5fjqm4c	TrainPlane1526	f	https://www.payfast.co.za/eng/process	https://whitelabel.openweb.co.za/payment/success	https://whitelabel.openweb.co.za/payment/cancel	https://whitelabel.openweb.co.za/payment/notify	f	2025-06-02 13:07:17.591062	2025-06-02 13:30:44.309268	2
4	11687406	kdn07t5fjqm4c	TrainPlane1526	f	https://www.payfast.co.za/eng/process	https://open-web-reseller-mrbeepie1.replit.app/payment/success	https://open-web-reseller-mrbeepie1.replit.app/payment/cancel	https://open-web-reseller-mrbeepie1.replit.app/payment/notify	f	2025-06-02 13:24:38.646229	2025-06-02 13:30:44.309268	2
5	11687406	kdn07t5fjqm4c	TrainPlane1526	f	https://www.payfast.co.za/eng/process	https://whitelabel.openweb.co.za/payment/success	https://whitelabel.openweb.co.za/payment/cancel	https://whitelabel.openweb.co.za/payment/notify	t	2025-06-02 13:30:44.37859	2025-06-02 13:30:44.378594	2
\.


--
-- TOC entry 3897 (class 0 OID 18041)
-- Dependencies: 251
-- Data for Name: pending_registrations; Type: TABLE DATA; Schema: public; Owner: neondb_owner
--

COPY public.pending_registrations (id, full_name, surname, email, mobile_number, physical_address, company_name, vat_number, agreed_to_terms, electronic_signature, ip_address, terms_agreed_at, status, created_at, reviewed_at, reviewed_by_id, password_hash, id_passport_number) FROM stdin;
2	Keoma	Wright	lte@openweb.co.za	0826987888	PO Box 491\r\nBallito	OpenWeb	4020230068	t	Keoma	156.155.47.106	2025-06-02 12:01:41.590767	approved	2025-06-02 12:01:41.590772	2025-06-02 12:02:03.948005	2	scrypt:32768:8:1$uRYv2t31ZZAJuB1U$fb1fcaf0cf2b8e7849330fe52e273c051fb5a320b0654a0220c06ad4750f7b98c40f84efdc1078c492a49488e695edc73ce482cfde801e129d5ed9d2d260efc5	\N
13	Gert	Rossouw	reseller@expertns.co.za	0723119540	32 Silikaats Drive\r\nDeelkraal\r\nCarletonville\r\n2499	Expert Network Solutions	\N	t	Gert Rossouw	41.144.156.127	2025-06-04 08:40:59.940322	approved	2025-06-04 08:40:59.940328	2025-06-04 11:17:25.485761	2	scrypt:32768:8:1$Z9r7HJh7kJrMgVfV$effa1f2330a70768ae74d831d0db1c66f24fff8cbe23772da54c5c7908abd222a5818998dc3d2ec8af1098bbea27fac94d174c5b78a70b45d73b5ab2d5b72a29	\N
12	Pascal 	Letebele 	spiderweb.holding@gmail.com	064 953 7668 	1287 Ext2 Itsoseng Street \r\nUtlwanang Location \r\nChristiana \r\n2680 	Spiderweb Investments Holding and Projects 	\N	t	Pascal Letebele 	102.23.176.9	2025-06-04 03:14:37.032416	approved	2025-06-04 03:14:37.032422	2025-06-04 13:20:35.029894	2	scrypt:32768:8:1$sKjJHX3jkvtEx03N$1f0d5bd6bc0d506686adb32014a4e26a845cd4a0ef63acd9be64cf56a5bedc833327192602dadae3e0a8a73fd491745d3eb1da2cc4f77f144d3d99c466da9147	\N
20	Keoma	Wright	wow@openweb.email	0826987888	PO Box 491\r\nBallito	OpenWeb	4020230068	t	Keoma Wright	156.155.47.106	2025-06-04 15:53:23.955686	approved	2025-06-04 15:53:23.95569	2025-06-04 15:53:58.908858	2	scrypt:32768:8:1$EidI06WJsjjGIrPO$d908c4a3e5b86c7b0ba0b39a41e041f742e5d8752c437b1de708a29fd18e7713db4c941986fab6a9a7f2059e9bf80b5fe2944e8d81dc6584d20f33291f931120	\N
14	Sduduzo Brian 	Poswa	poswasduduzo@gmail.com	0676639715	D1497 Saganga highway hammarsdale Mpumalanga Township 3699	\N	\N	t	Sduduzo Poswa	41.144.104.147	2025-06-04 14:51:59.402697	approved	2025-06-04 14:51:59.402704	2025-06-04 15:54:21.43377	2	scrypt:32768:8:1$SitmortoLRdqHumF$206ff9459abaa4df467fd4b091230bff0573323fed926b1b85f397a7813a0fc3c09745d43cdac9589fa74cc1024e982f8c2bafd7f2b15e39d9b48490cc22c463	\N
11	Nkosana 	Masilela 	masilelagiftn@gmail.com	0845440037 	18356 jacqisa street kwaThema Ext5. 	\N	\N	t	Nkosana Gift Masilela 	105.0.6.24	2025-06-04 01:49:44.166242	approved	2025-06-04 01:49:44.166247	2025-06-04 15:54:30.193006	2	scrypt:32768:8:1$e59T3L9HYunqSb3q$08228a82fc910312ea9f5c1d8536b3aee5d3c36adf6394fbc413b82dbaad15752472b5abc6164e4e9c5ab922e1de8169e2129a4705183befa38696b66b941332	\N
10	Justice	Langene	office@uncappify.co.za	0726318796	613 ext2\r\nDamonsville	UNCAPPIFY (PTY) LTD	\N	t	Justice Langene	41.150.48.15	2025-06-03 19:28:34.204433	approved	2025-06-03 19:28:34.204439	2025-06-04 15:54:37.825891	2	scrypt:32768:8:1$57aIbbAt5nXJSPTo$a84fa9ff33d2804711b253cebe72f4128f2023a3448ac600f6f2a396bafe667499d7e3050e79c1e445fac59b90da15435bb5ef8bfd272905c6b114d714b358a4	\N
9	Sboniso 	Shange 	mdimasc8@gmail.com	0838630514	P100 Ndwedwe Main road \r\nShlahleni area \r\n4342	\N	\N	t	Sboniso Shange	197.184.162.226	2025-06-03 19:18:04.279007	approved	2025-06-03 19:18:04.279013	2025-06-04 15:54:46.643803	2	scrypt:32768:8:1$6Yc4guqQuryGNfyq$6724dbec9d07f839b78874c26a9bc9df3a2dd975bc98194451c7930f7e0e965cab36e7695002eb54cc5d06deba5711fbb7dc5fddc0030e8bd891205892295274	\N
8	Tebogo Kedisalletse 	Tlhaole 	keditlhaole3@gmail.com	0632698082	6 Columbine Close \r\nVirginia 	\N	\N	t	Tebogo Kedisalletse Tlhaole 	41.150.35.31	2025-06-03 18:35:54.664204	approved	2025-06-03 18:35:54.66421	2025-06-04 15:54:54.119013	2	scrypt:32768:8:1$qRviZM8rTND71OsT$b0b62d52e57eaf6520dfc941cc7eca8038d6cabdaf008eac9712d279b5465bf27adec0b39210845df19d0ad0c38a0f9e654435d6c5b1ded586d7535c62746af3	\N
7	Nathan	Chetty	matthew60101@gmail.com	0846822709	154 beacon ave beacon hill country estate Pietermaritzburg 	\N	\N	t	Nathan	41.116.1.130	2025-06-03 18:29:52.271927	approved	2025-06-03 18:29:52.271932	2025-06-04 15:59:30.92083	2	scrypt:32768:8:1$FJcuuh76UdvXStRu$c2726f8405921e4ab00d51594b143270e2aa8032b2b701259ca3028c51faf9580d5c9f5ce1fe2b81d7808a0cda9d40f08daf07249b88fdb97b0d9ba4ad8aaecb	\N
23	Deon	Naude	Info@flashybee.co.za	0817791440	205 Antun street Sinoville	Flashy Bee Computers	\N	t	Deon Naude	41.146.13.110	2025-06-05 06:57:14.252608	approved	2025-06-05 06:57:14.252613	2025-06-05 12:08:25.328035	2	scrypt:32768:8:1$F9tSlRVPM7xApiA4$83d603a1dda478c5eec87fc56d5d7d32c9091113540e1a62fd775f64923d1968ed78dff80ff51838ce8ed5821659bbf2580317b92b8487fd417daca7985dbf3b	\N
27	Mondli 	Jila 	mondlijila@gmail.com	0671502312	34 ubuntu close,Springfield	Overpar Solutions	\N	t	MondliJila	41.144.66.188	2025-06-05 17:01:06.144777	approved	2025-06-05 17:01:06.144782	2025-06-07 10:38:37.722545	2	scrypt:32768:8:1$of5DQmTkWG2Qd1xd$c1998c88e5cac67a44facade82550fa60b239147d37dce00028e7bc12ba343ef20de390c40484b85e4d97a1834ccce4bbb0a9d70b8885dc52012b277e7a05ed9	\N
25	Umcebo	Mpanza	mcebompanza@gmail.com	0695138196	42752 Dube Village reserve\r\nEsikhawini\r\n3887 	\N	\N	t	Mpanza	41.144.105.110	2025-06-05 15:27:16.701239	approved	2025-06-05 15:27:16.701244	2025-06-07 10:38:47.375592	2	scrypt:32768:8:1$KoKcBM37Cvhe21rR$9903a26eda5b5531676569e32cc0e230d1a9a9437bfa50da84cc5f14db86692db7a4d6dcca876dc824db0a4df6b8531cd9096d5a915c9277cb783e529935cb43	\N
26	Wiseman	Zondo 	zondowiseman@gmail.com	0614503469	6 lavenite street \r\nSuiderberg \r\n0055	\N	\N	t	Wiseman Zondo 	41.150.251.186	2025-06-05 16:04:36.644746	approved	2025-06-05 16:04:36.644751	2025-06-07 10:38:52.538412	2	scrypt:32768:8:1$RFg7w53WB4SCJ2aE$8579396c65968732ec76742dbd88bcf3471511c7fdee267c71e686d85f895df2609c6539c7b9f464f66162d669fc576b71408f1d3c5b345679ca356349525c29	\N
24	Tshepiso	Malatji	Tgmalatji@gmail.com	0765843583	783 ext 5 block ss soshanguve 0152	\N	\N	t	Tgmalatji	41.150.250.17	2025-06-05 14:32:34.383969	approved	2025-06-05 14:32:34.383975	2025-06-07 10:38:57.302786	2	scrypt:32768:8:1$swDo4D5aqm0PRNM8$01234a1f7c9e0730c1328709c93f6367bb2f4678699afeaa1879cce243004cf834ac2416427093d0d18c3d5a2e42eafa45b6eaaf8d858f244fcea6257d269795	\N
6	Sipho Angus	Tshabangu	siphoangus@gmail.com	0683408691	931 Siyabuswa 	\N	\N	t	Sipho Angus	41.150.251.200	2025-06-03 18:27:11.585951	approved	2025-06-03 18:27:11.585957	2025-06-07 10:39:01.770354	2	scrypt:32768:8:1$pYQMZM20qmcSTCVU$46bc4357b5e122c922c648b9e1e473536eb5282593d8056a8c6691c7c29f96adead863b1019bd74dc48acb4eb145f5caf49400fe119687045ad371d2c6704415	\N
5	walter 	ndlovu	walterndlovu7@gmail.com	0614253385	Giyani-E, Giyani, 0826, South Africa	Individual 	\N	t	walter ndlovu	41.150.220.26	2025-06-03 17:30:59.554421	approved	2025-06-03 17:30:59.554427	2025-06-07 10:39:06.021027	2	scrypt:32768:8:1$igvXNaD56YGUT5cV$915c650a93870ba19033f34555c83923307ff40c9b897027ba0ce53064cfca4c15385bea5626e5722b34c148daa4b0f215ee856da9d28e295d0f2b25aad678a8	\N
4	Bongani 	Nyanda 	bonganinyanda@gmail.com	0813195154	66 Main Street\r\nKokstad\r\n4700\r\nKwaZulu-Natal 	DigitalEdge Solutions 	\N	t	Bongani Nyanda 	41.144.41.4	2025-06-03 14:32:07.56226	approved	2025-06-03 14:32:07.562265	2025-06-07 10:39:10.267276	2	scrypt:32768:8:1$7tA6rsTz5wgK4aGQ$a28c37c6291f0069ebfc1148597126c25c8514b9b634ff26d8bab2b6e7db2069d87155a88d768d8c0a3ccfba44844de3aa0a5943e4af9d058c995025913a549d	\N
3	Sphephelo 	Majola 	majolasphephelo@gmail.com	0840411413	93 milarina drive Newlands west 	\N	\N	t	Sphephelo Majola	105.0.7.139	2025-06-03 14:22:04.761988	approved	2025-06-03 14:22:04.761993	2025-06-07 10:39:14.62084	2	scrypt:32768:8:1$8CKKVCCmrfReUAPo$24a89565bdfbd095af53cd7bc309fc2b365efa3cbdf2ecdecfbc88039e4f65c79f3acead0e69806c8c27adf6a7514968b88ec8e01281e7a03d975a6df61f89f8	\N
33	Keoma	Wright	support@openweb.live	0826987888	PO Box 491\r\nBallito	\N	\N	t	Keoma	156.155.47.106	2025-06-06 11:16:46.671901	approved	2025-06-06 11:16:46.671906	2025-06-06 11:21:56.31436	2	scrypt:32768:8:1$DiG3P769729y4r4Q$fcd1793d0393234a1f004d17b9e3fd322c8bb724cbc1f1f707c73e23e84de43bf763e9b5beaefca50abaf21c05e89bc66ed90630bbde7f9d8dd0d97a6aecfc84	\N
32	Coronation Mahlalela	Mahlalela 	mahlalela125@gmail.com	0820961295	42 sonneblom street \r\nKriel \r\n2271	\N	\N	t	Coronation Mahlalela	41.145.208.99	2025-06-06 07:01:21.17395	approved	2025-06-06 07:01:21.173956	2025-06-06 11:29:25.74058	2	scrypt:32768:8:1$anh3rAHMUJO6ZAsw$53d804892bdb2088ee739fa804c10d10f5b512475ce3b43a07829d2a4616bd7c531b4b8a9671e4504373ea777b844c2d3d0266ad50d213cc2c14b9b39514cbcf	\N
21	 Bethuel	Masuku	Accounts@tssngroup.co.za	0639012121	4397 Peter Tosh Street\r\nMiddelburg\r\nMpumalanga \r\n1055	TSSN Group	\N	t	Bethuel masuku	102.182.46.157	2025-06-04 18:47:04.998148	approved	2025-06-04 18:47:04.998152	2025-06-06 11:29:42.603158	2	scrypt:32768:8:1$SRYlKvyav5QG0eUl$65b805169d881052a2c38b7a66073cad88385f54ba68418cc58caec443ca0f96efa1de4f68453d90c0f49be45f982f2b3d95c2646272406a8875ffa20a4b2bb3	\N
38	Sailas	Chimuka	creationssai890@gmail.com	0678296160	2577 morungole street,Delft, capetown 7100	\N	\N	t	SAILAS CHIMUKA	41.146.194.176	2025-06-07 01:07:39.65513	approved	2025-06-07 01:07:39.655135	2025-06-07 10:37:58.280935	2	scrypt:32768:8:1$prHSQwn9kB8fkjcq$fc55ade31ec1249a2c121df465cd088b583a01d326c00ffd75b5c6c6550eb3454af51f6d314b935a847e6eb781bbfc14188d3fe5ad44d300b4b397e279b2a76d	\N
37	Louis van Tonder	Van Tonder	louisvt46@gmail.com	0621335142	2A Herman Street Blanchville	\N	\N	t	Louis van Tonder	105.186.123.176	2025-06-06 18:00:01.654416	approved	2025-06-06 18:00:01.654421	2025-06-07 10:38:02.869971	2	scrypt:32768:8:1$BVVPDGQPuXpa2l4h$ee532a24d7ac0a54d6df1dd26d1d461b1000dde766c7be8be8e55b01485e97bbf41485e97c03e37ccd37c87252fb459f5d7dfae53d9538e720cfc15d4b102d8d	\N
44	Shaakirah 	Panday	support@emobile.net.za	0727868360	48 Petersvale Ave 	eMobile	\N	t	Shaakirah Panday	41.116.199.119	2025-06-09 06:52:15.01011	approved	2025-06-09 06:52:15.010115	2025-06-09 09:51:45.29157	2	scrypt:32768:8:1$EnJJdXOSp4bKjAu7$12b89cf0b3426fe06a2b76dad97335ef6d055985835f42c77c6f34dec142431a692512de8c6ebba5a0bfc5082459b53af63688d439b17894acabc4284ae73d25	\N
31	Asathemba 	Gxumisa	asathembag@gmail.com	0673975548	4A Stuart Road	My Data Tech 	\N	t	Asathemba Gxumisa	41.246.129.207	2025-06-06 02:17:18.974518	approved	2025-06-06 02:17:18.974523	2025-06-07 10:38:16.304729	2	scrypt:32768:8:1$9XKMzXhmLm4X1p21$480bd4079c294df497d46647b2d6880ab9d11790540f528bc8aeb0d3901c5a2e25ef35536c62233dfe4a9749d00c2b251c0f54b24a208a54009ec5d5cbf632de	\N
34	Thenjiwe	Mthembu 	Thenjim19@gmail.com	0786430260 	7405 fumane Street moleleki ext katlehong 1431	\N	\N	t	Thenjiwe	41.150.33.50	2025-06-06 14:39:16.618146	approved	2025-06-06 14:39:16.618151	2025-06-07 10:38:21.982015	2	scrypt:32768:8:1$gK5Ui6CjSkH34TBH$e37289744dce620b534b2604f88e151ce4be509ff8e7fdbf41b621e8bcd657369e2aec3e98f4c3d6af37a6950975a6032ba6ac3add697d95fde0469f8c03f580	\N
30	Knowledge 	Marimo 	knowledge1399@gmail.com	0693920388	56 Thutlwa Street protea city soweto 	\N	\N	t	Knowledge Marimo	41.150.34.98	2025-06-05 18:13:09.674669	approved	2025-06-05 18:13:09.674675	2025-06-07 10:38:26.963754	2	scrypt:32768:8:1$20TzMdVzTmK1CrG6$e0dc37ee9e410be268b4ec26362a853e23c8ea51e4d2bec0b823024988412c47fe213e565b9c5c64042722880a02cc6a59c09e5df6692a3c17cfb5c8fa643093	\N
28	Mervin Sydney 	Gilbert 	mervinsgilbert@gmail.com	0665874095 	54 Angelierweg, \r\nProgress \r\nUpington \r\n8801	\N	\N	t	MGilbert	41.13.2.4	2025-06-05 17:06:08.646762	approved	2025-06-05 17:06:08.646767	2025-06-07 10:38:32.14611	2	scrypt:32768:8:1$jq6g6aml9XQeQFwq$3dc8e746b3d91c828472b1b3f950f2d1245b9492df1de7389dd773d2a483705ef5728065280dc5a015236b4eb2618bad6a8e91b49b8664f20012afee232a63db	\N
45	Keoma	Wright	support@ultistream.org	0826987888	PO Box 491\r\nBallito	\N	\N	t	Keoma	156.155.47.106	2025-06-09 09:48:39.073257	approved	2025-06-09 09:48:39.073261	2025-06-09 09:51:29.333947	2	scrypt:32768:8:1$5QcsJE7FiBywdU3F$07205b2b975baec71f40808d057ff8a9f8584d9b3aa401a3b69fc4b787d624a56b6a4427b7ccc221691d44a69c931f360275d071bb9e09151007cf4d312f9c8d	8409205026086
43	Sonto Qotoyi	Qotoyi	sontoqotoyi6@gmail.com	0739038473	17 McGregor street, Unit 03 McGregor Villas Westonaria 1780 	\N	\N	t	Sonto Qotoyi	41.123.37.113	2025-06-08 18:44:46.84508	approved	2025-06-08 18:44:46.845084	2025-06-09 09:51:59.550451	2	scrypt:32768:8:1$6XuwO1CC7MT9woQo$f605fa27d6abd10ee2c1871ce539141e662ff0d5c9724f93bd5e58bb0792586ec512faeb5a1245104de552db7f09ee35bcb01a5d87ffd4e82c35e90805d7a4e7	\N
49	Rethabile	Rammota	rethabilerammota@gmail.com	0634220292	Site Nr 6338 Stilte\r\nMeloding Virginia 9430	\N	\N	t	Rethabile Rammota	88.202.8.128	2025-06-09 23:00:19.536302	approved	2025-06-09 23:00:19.536307	2025-06-10 15:13:42.53583	2	scrypt:32768:8:1$XOrAa1wQmlvCcyfJ$537fa0900401b66145f3697a4f9d0d21bbfa5c1dadd27bbdb7a6d6b7a8958169ae553cb52b17c6f0e743d87501868848960ac9e8adb0988045de0ed2c71adff5	9801065638084
48	Lerato Comfort	Dikgale	trucross9@gmail.com	0698590340	42 Semenya village 	\N	\N	t	Lerato Dikgale	41.150.33.251	2025-06-09 21:45:11.757461	approved	2025-06-09 21:45:11.757464	2025-06-10 15:14:39.567681	2	scrypt:32768:8:1$xQiuaDaIParfGXXi$72ab29377dc5fdb7696028f94d68ee262708f2f1f8a74e5d62b12ae3abe340af1970e058a29498bafba43aa2084190bba0fddce1f42ed8fcf0b03ce4200d57c7	0698590340
41	herbert	mokwena	herbertmokwena98@gmail.com	0728404296	35653 Mabatha Crescent, Mamelodi East	\N	\N	t	herbert mokwena	41.13.104.58	2025-06-08 12:21:21.233644	approved	2025-06-08 12:21:21.233649	2025-06-10 15:14:52.779457	2	scrypt:32768:8:1$g7WBQHbwwIwWnvWy$6e3d701efa94a987694eb78fb2b5b466f846132d95887b922ce299ef5effa78e919e06da94cdd5aa1f842182d095f2302ccf5f99ab05f30a5c0e73c69ee40300	\N
40	Justin	Deklerk	justindeklerk1999@gmail.com	0835154494	Vleiblom street 40	YOUTH ACEDIMY	GRAVEN083515	t	Justin	213.172.147.104	2025-06-08 01:00:35.681266	approved	2025-06-08 01:00:35.681271	2025-06-10 15:15:06.076257	2	scrypt:32768:8:1$IoV4hzUSHa32iE3T$6c6ac8cf7a325ae3cd6e50ac84e8bbecfc95b0cea2769c698613b8d1c55429b0ac5a15968c80c399cdb4c38e773a9204dd50a56d97ec6b72cd0c7ca7de6fc595	\N
54	Motsamai Leonard 	Cokonya	motsamaileonard@gmail.com	0814646093	2 zon street	\N	\N	t	Motsamai Leonard Cokonya	196.31.22.50	2025-06-11 10:14:04.970655	approved	2025-06-11 10:14:04.97066	2025-06-11 13:33:40.841065	2	scrypt:32768:8:1$NFCaDonPKx9o8Vth$eef09e5d82ffd3c70b2f774b7436d73e98ce62f4527f4c43f99800031afc81ac71afb12fb10d25e8d0542422197ec597ad10a9b2d0ca507181f2076d46816a15	8507145688087
52	Alvin	Vafana	alvinv@umbai.co.za	0817810006	1 Meerlust street, Table View, Cape Town	Umbai Africa	\N	t	Alvin Vafana	196.210.29.176	2025-06-10 18:30:37.926373	approved	2025-06-10 18:30:37.926378	2025-06-11 13:33:54.678809	2	scrypt:32768:8:1$84obVkMllsEqbUra$3900db643d85d2a4ddf368da1c387a383488bc531c81352a44c2e1ce58a6e55c94fa923a40402d10756fb4b55ab184eff6afb2809dcb77f8cc068c42a94b4fa5	8712316142183
51	Jeffrey Boifang	Mosete	makoyanetworks1983@gmail.com	0836519963	1825 Rakale Street, Mohlakeng, Randfontein, 1759	Scamto Networks	\N	t	Jeffrey Boifang Mosete	41.122.152.153	2025-06-10 15:18:08.018641	approved	2025-06-10 15:18:08.018645	2025-06-11 13:34:00.880312	2	scrypt:32768:8:1$HkxelwQXUR4U21rm$657ec67ceaff763c33afb6f583f8776e6f72abb7bc1a9eb31502d668ba92c5ec144671370da857712c465fc39db228ebb73149e76db9177cbc10881ccf85b043	8311185736082
56	Nonhlanhla 	Makhoba 	busimakhoba11@gmail.com	0730805322	3316 Cricket Street borwa phase 3 \r\nWestonaria 	\N	\N	t	Busisiwe Nonhlanhla Makhoba 	41.150.33.246	2025-06-11 16:31:04.513575	approved	2025-06-11 16:31:04.51358	2025-06-12 13:38:53.608818	2	scrypt:32768:8:1$msQMGmYajw0wmtxR$3ec000014bf1ec73dc3c2e95d75492c27f740423fc00915d7a414e230ad6b079645efc1e6407bcecc6c607bb082f11a042619bac25111c18501eafb545f078b4	8806240001083
61	Riaan	van Staaden	r.vanstaaden@gxd.co.za	0762120748	Welgevonden Estate\r\nSlanghoek St\r\nDurbanville\r\nCape Town\r\n7550\r\nSouth Africa	GXD Computers (Pty) Ltd.	\N	t	Riaan van Staaden	197.87.145.211	2025-06-11 22:54:53.290275	approved	2025-06-11 22:54:53.29028	2025-06-12 06:20:17.117964	14	scrypt:32768:8:1$eyGwPnvMVQlYMgkP$e02beabab5c695a1cab423e4bf9cda8829ce145eb127d243e376f7293dd8f9105982ecfed6fcf7da7c35d57f47db8b02c9a55683fcd388e69bba0bb196485f67	7706155174084
62	Chris	Vet	chris@elangeniit.co.za	0824853247	6 Glenmore Close, Assagay, 3610	Elangeni IT Services	4360270997	t	Chris Vet	155.93.206.43	2025-06-12 16:53:21.015388	approved	2025-06-12 16:53:21.015393	2025-06-13 07:34:43.674233	14	scrypt:32768:8:1$3zMbaWyXPrNRzdZk$ba1c22d01620973a47c0aaeeda5cb65f8a455c3a9e890c68f351a51f065071570ed2db25ca27cdc71341711aee67ac940000636902ac18b68e22ef69e17b036a	8308105085087
63	Blaine	Potgieter	potgieterblaine021@gmail.com	0680121662	19 molucle road vulcania Brakpan	\N	\N	t	Blaine Potgieter	102.182.92.219	2025-06-13 07:45:32.501839	approved	2025-06-13 07:45:32.501844	2025-06-13 14:12:43.364941	14	scrypt:32768:8:1$nREqKL5S1AIRte9g$f8a9c98ff5cc1b8608dab0a7645b32f9a769f59f0bf7764816f5f12e83178871bff5affdad488d09ec4f546964930a45b0bd9b5f1ba3103fd4dcf7d636f16912	0305305030085
64	Zibilom	Mathibe	zmathibe208@gmail.com	0671723065	102 Kipling Avenue, Mandalay, Cape Town 	\N	\N	t	Zibilon Mathibe	102.213.135.219	2025-06-14 03:15:41.277644	approved	2025-06-14 03:15:41.277651	2025-06-14 13:15:26.493563	2	scrypt:32768:8:1$iUHVWxAS5rBAudwR$1a7ba555762fcd2e73cfa236279ad5b7b950034b053d1c6a601fef48a368da493efa671c240fd2bb3db58d415f9c92fb5e689ed4615d3a85e45db932142b24b3	9007106252089
69	Barend Matheus	Willemse	barend@bactech.co.za	0828804044	7 Long Pines\r\nGiants Castle Road \r\nMooi River	Cronwill Direct	\N	t	Barend Matheus Willemse	41.123.68.128	2025-06-17 17:22:26.116527	approved	2025-06-17 17:22:26.116534	2025-06-17 17:25:23.001424	14	scrypt:32768:8:1$2taEyhZDhkr2XoaF$50b5d2071ed20027238383a958a56a147bcb4c6c32e683d04b629a2d87a7287f8154e7d4a3f2ba0f2234ae4c664670f258a6dbd197a488db17fa4a4441ead34c	8501295075088
68	Jacques	Botes	jacques.botes@jenny.co.za	0718765818	Farm Rietfontein\r\nTrichardt\r\nMpumalanga\r\n2300	\N	\N	t	Jacques Botes	197.99.43.245	2025-06-17 16:31:35.232106	approved	2025-06-17 16:31:35.23211	2025-06-17 17:25:49.037878	14	scrypt:32768:8:1$0EFODluoWLnr5quF$fe7238e6fbeaee1c33e65b4f0d11c00e59d645039b1b29d3de20e1d9c26ec21385eb49d3463f1c22cfc4e5d4e80c1e9d69bd6815796f1f21d012b2b19f2f6ae9	7605185100087
73	Herman	Baumgarten	baumie@btbits.co.za	0829201730	Poortjie farm\r\nBothaville\r\n9660	\N	\N	t	Herman	197.79.78.86	2025-06-18 05:52:46.316845	approved	2025-06-18 05:52:46.31685	2025-06-18 06:00:16.397697	14	scrypt:32768:8:1$scOdJF3z1O9ZfnPr$b69869d2c4c348931d6c55e593ff68c1749d39e75c8802573441041de8fea55fe9310cb0962c042343358f14bf83e120fd1f1f36d9ba4eaac11bd1c51b6b9e9d	6811215074083
72	Pieter	de Vos	pieter@city2city.co.za	0837900904	1 Lawrence str Farrarmere\r\nBenoni	City to City Computer Services	4100170986	t	Pieter H de Vos	102.182.92.235	2025-06-18 05:47:14.532534	approved	2025-06-18 05:47:14.532539	2025-06-18 06:01:14.034326	14	scrypt:32768:8:1$LEB4dTQHM7LP4mMs$3b841758f7324b664b8d233c1f3be5b06cad202a70503cfe9b2719e0d2c934b100ca26470bfda24c4c24249ac254da99ec2cc88a44847e0c7b2b7274f1ca8501	6409055038084
71	Andre	Becker	abecker@htsjv.co.za	0828256050	1072 Meyer Street\r\nVillieria\r\nPretoria	AB IT	\N	t	Andre Becker	102.39.83.223	2025-06-18 05:08:13.049743	approved	2025-06-18 05:08:13.049747	2025-06-18 06:03:24.683679	14	scrypt:32768:8:1$SP087nvnMAkzPPph$0dcde646b61a06dc47b8bd968b4c151430ceaa18a560f06a948e0223e8c7965e6465190682bc698e33b1dca8a6dc7645cf5e9097f6efe9d7ba200c76eb203bd4	8405295079084
74	Leon	du Plessis	support@bb-services.co.za	0836658422	R62 Nuweplaas\r\nMisgund\r\n6440\r\nEastern Cape	Bits & Bites Services	\N	t	Leon du Plessis	105.245.232.244	2025-06-18 06:39:21.686433	approved	2025-06-18 06:39:21.686438	2025-06-18 07:03:56.339814	14	scrypt:32768:8:1$RK6atnGgmwZCF22T$bd47b114814d5f7abe5ad42bcf8c815074a711fec08eef60eb241b7ace9e18ae6f97c44ebff207cb52ecb50091ed2d323fd117867bef28eb493360c2513b7d8c	7408065211086
75	Basheer	Cassim	bcassim@broadviewnetworks.co.za	0765507108	25 Geranium Drive, Riviera Park, Mahikeng, North West, 2745	Broadview Networks	\N	t	Basheer Cassim	102.66.144.67	2025-06-18 06:40:51.589652	approved	2025-06-18 06:40:51.589657	2025-06-18 07:05:02.840527	14	scrypt:32768:8:1$7Vp035dcs5UixzEq$ced535d97ee626364cc263e35ed742b085142492a48a124fefa2c1a035e61458b66873327cbf1e3d13922b0cea8af739aee5c9cc80268b637a0ebe8fbd02d5c2	9903115236081
77	Vincent	Ferreira	datachoice@outlook.com	0832843708	6 Flame Thorn str Rangeview ext4 Krugersdorp 1739 	Datachoice	\N	t	Vincent Ferreira	41.123.36.91	2025-06-18 07:30:37.286275	approved	2025-06-18 07:30:37.28628	2025-06-18 07:37:49.508562	14	scrypt:32768:8:1$gVUW1V6bMX8Q9u7Q$bea46c3f754b5745aa2b4d3d589d67e2097bdb0d19e2eccb8f5a40623a74148dbe773a80aec189ba6bea14f17cb6f78adc0d8b08ef12b80c835853b1c0433ca5	7810305122082
80	Ilyas	Vawda	vawda@outlook.com	0660004786	497 Bulwer Street\r\nPietermaritzburg \r\n3201	Okewsizwe	\N	t	Ilyas Yussuf Vawda 	102.165.41.32	2025-06-18 07:50:53.567598	approved	2025-06-18 07:50:53.567606	2025-06-18 08:50:07.93733	14	scrypt:32768:8:1$83Fvg0WH26SpDLfA$7d0c0e98b38c36682df7a8f543efac9658d630b6110706cc244318e230ae8cb3fb104bfc954bb8def07b497d7559ecceacc4698b39ce1dad9a929a945f3bbf5f	8006065045089
81	Jonathan Allistair David 	Peters	jonathanpeters051@gmail.com	0661199255	8368 Judah Street. George, Western Cape. South africa	GKroon (Pty) Ltd	\N	t	Jonathan Peters	41.113.166.203	2025-06-18 08:40:16.129655	approved	2025-06-18 08:40:16.12966	2025-06-18 08:51:49.306082	14	scrypt:32768:8:1$VxyqhblcnmhkHRAI$a1b9449e98eede787782bbf2d4f0d91bf0113d96d106c62a0b32c7ab5a6eb1835abdc679f9410df09e4bbdef8a96dd90ed902297f2d557da81d4441e1e5c35a6	8505245266085
82	Tristan	Swartz	info@dingestech.co.za	0101415650	Van Rooyen, Beryl Ridge Estate, 20 Nimmersat Close, Stonehenge, 1200	Dinges Tech	\N	t	Tristan Swartz	102.219.160.186	2025-06-18 08:43:24.989824	approved	2025-06-18 08:43:24.989829	2025-06-18 08:56:03.925558	14	scrypt:32768:8:1$700LOgphTbG9A9Up$c56212e4e6eda4ffef37842aaa0655dd14bb82dd35d2e479c33914587de54fc10cdb1fdb644412a919525fecf3268537368e1792a6f60f55092caebf8770d7cd	0109236394085
83	Johann	Viljoen	info@eait.co.za	0842912770	50 Gladstone ave, Brakpan, Gauteng, South Africa	EAIT	4940294064	t	JV	41.221.235.2	2025-06-18 09:30:45.224374	approved	2025-06-18 09:30:45.224378	2025-06-18 10:07:12.434558	14	scrypt:32768:8:1$CCQmyDo4IACAyvoX$3ccd091e1404ce2e9ea4fecd6e2417884436beb08fb692598ce413d938a72e2de306991bd360a8c31f0d46bac53b54a1d08bedfd24a5310ea8a931290f9ae5ce	8505055219083
84	Mbhali mary 	Ngcobo	rabbykapela8@gmail.com	0815373829	1 troy street 	\N	\N	t	Mbali Mary Ngcobo	197.185.157.82	2025-06-18 11:01:14.402571	approved	2025-06-18 11:01:14.402576	2025-06-18 11:22:09.213487	14	scrypt:32768:8:1$Ncm5FMVpZxMhskBd$6d45e111bdcd6aa58e6dd42370f7ddee9bc73c9f2d89e1c0c54187d8cc34bb3611f346f12c90e2028dd44e502e5e47ef629279841b9fe6494e9ee397cb773d54	9302089528087
89	SIPHIWE	MALAMBULE	moorishmalambule@gmail.com	0753737431	Elandsfontein 352-Jr	ZIPHO KA NKOSI (PTY) LTD 	\N	t	SIPHIWE MALAMBULE 	41.150.51.153	2025-06-18 16:08:20.930089	approved	2025-06-18 16:08:20.930094	2025-06-18 16:44:21.111531	14	scrypt:32768:8:1$53bkKAzpuREJIy3x$1a9157dbb9f6ac3211678fb9ed8651c58f7ce86ad429321251f3b8e1c9198d10f9f5b0fe7d9ce9d705096573cb7c10e8396be6a5135d5ccd1445609682d0c5c4	8401215830086
88	Fhardeen	Banwa	fbanwa@gmail.com	0697080560	33 2nd Rd, Kew, Johannesburg, 2090	uHost	\N	t	Fhardeen Banwa	41.150.226.5	2025-06-18 15:45:55.948067	approved	2025-06-18 15:45:55.948072	2025-06-19 09:13:40.452511	14	scrypt:32768:8:1$TCrJE9YO4VHvBCUk$97fd6ee8a77a81332e4c2aca12f027370c4db97c165e0b304dccf43ff5e886c44241ec3bce936c5a95fedb537ecec726946e49821e88d1e0dd095c2119e9a6ff	8007245073082
87	Luvo	Mtandabuzo	luvomtandabuzo@yahoo.com	0728134305	12 Ntshona place North crest Mthatha	8909145825083	\N	t	Luvo Mtandabuzo	192.143.64.140	2025-06-18 14:11:51.877953	approved	2025-06-18 14:11:51.877959	2025-06-19 09:14:41.091371	14	scrypt:32768:8:1$P9ymhZIHg1wXnYj2$556b96f4b9099914e93e7a3ff2dc5bd6004854016467c84e74b7b8b8dc9c5b33b67f7151cbb9d0e675c189d7d84759677b025a7b05bab7633408a68d1afa3efa	8909145825083
86	Phumudzo 	Makhado 	phumudzo@ikonicapital.co.za	0836197801	20 The Gallops Drive Blue Hills country estate 	Ikoni Tech	\N	t	Phumudzo Makhado 	41.121.40.208	2025-06-18 13:03:50.4761	approved	2025-06-18 13:03:50.476104	2025-06-19 09:15:06.669212	14	scrypt:32768:8:1$M05orxQwhrkSLtVX$5a6ed4c4ce22bd44ea596a3a51adbcf3ba026c0e5d34fbbe2c239e1813dde7bc83c6d1d39a358e6aa2032587f91fbaf8900898a29feb2f1657d604fecc61d8ee	7708315310087
93	Alwin Friedrich	 Carstens	alwin@capalpty.co.za	0827583689	26 Rhino street \r\nMalelane\r\n1320	Capal (Pty)Ltd	4840309878	t	Alwin Friedrich Carstens	105.244.67.50	2025-06-19 07:54:17.107698	approved	2025-06-19 07:54:17.107703	2025-06-19 09:09:55.784542	14	scrypt:32768:8:1$fbj88CBE9o6gW5KR$c03957ed29170b0aff37e999ebd4be49949ea5b76d291d963a4c788ce86c9be5baff67582b56560d7d488c099499ac7de545b6a64a44f9715d5fcff4f06974f8	7605025113084
92	Saeed	Akhtar	Raihan.prepaid@gmail.com	0633382017	42 Crossandra Street\r\nMalabar\r\nPort Elizabeth \r\n6020\r\nEastern Cape	Amaze shop	\N	t	SAEED AKHTAR	105.245.230.125	2025-06-19 05:55:25.63145	approved	2025-06-19 05:55:25.631455	2025-06-19 09:10:45.914404	14	scrypt:32768:8:1$cZcWIvtfMS2dtjJV$0652d3a914d53191ae72478a1a85d2ad9f6d10ad06ba1a8069fe5c93568c84a4a007a53a5b8a68e97714d6298a7ab101585b32273aee6b78ab987bb4d0c7b84b	9407176239182
91	Pumlani 	Mlungwana 	deonmlungwana@gmail.com	0764364994 	16 Goldreich Street soweto on sea	\N	\N	t	Pumlani Pumelele Mlungwana	41.116.163.223	2025-06-18 19:47:29.160113	approved	2025-06-18 19:47:29.160118	2025-06-19 09:11:30.046981	14	scrypt:32768:8:1$4ESnxP2qXcsu8hjh$39bcc4e67ea0eff5b06043a6d1851c4d6e7b5ee12ef261db0f3f676994201f2514404c4c9bb819b4abcecb9645dc19941f8e39fbe6d553ba47263ce493f0a891	8907145792089
94	MZIMKHULU	YEKO	mzansishop28@gmail.com	+2760 627 8353	41 Cato street,\r\nDurban	\N	\N	t	mzimkhulu	41.144.103.231	2025-06-19 08:48:04.290786	approved	2025-06-19 08:48:04.290791	2025-06-19 09:12:46.936017	14	scrypt:32768:8:1$RQiAlPGVMOUTk2ZW$28882c4488f9209107f0aea25a95bf34168baaa4b69644414ff2f5fe03cdbb4c9fe07cfdf4c5a31ad50fa209af054ca852826342dfe6472c5788ba37b04e8b8f	8106235804082
90	Sheldon	Marais	info@somy.co.za	0686053951	6 KERRIE PLACE, ASSAGAY, 3610	SO MY GROUP	\N	t	Sheldon Wayne Marais	105.186.150.164	2025-06-18 18:04:51.904844	approved	2025-06-18 18:04:51.904849	2025-06-19 09:13:12.956507	14	scrypt:32768:8:1$Aix30v0Is19llvF8$0b308ecffccb419b3a350ee1ba22ef6670beaad0c59cd0c597fb9653e62a141f3e33fefc038b073415e5b5b5a580caca223923ceca0a88bf4e130af467704309	7910185019083
99	edwin	manamela	Info@braivitech.co.za	0724616090	212 H Luthuli Park	Braivi Technologies	\N	t	Kwena Edwin Manamela 	156.155.43.219	2025-06-19 14:55:04.323335	approved	2025-06-19 14:55:04.323341	2025-06-19 15:21:19.136407	14	scrypt:32768:8:1$rl5oOhs7m7uwStCW$18142f858096c667f8b4b340fe01ffef8f71563b3b6df7749b55bd6c48c577393de14e9c804f646a721c28c5df77357a9d7d69b3e6057f0679a0f7b275e4c58c	7112085692081
98	edwin	manamela	edwinmanamela@gmail.com	0724616090	212 H Luthuli Park	Braivi Technologies	\N	t	Kwena Edwin Manamela 	156.155.43.219	2025-06-19 14:53:18.091835	approved	2025-06-19 14:53:18.091841	2025-06-19 15:22:00.852812	14	scrypt:32768:8:1$2Sg8tSw3Vw6M1VzC$ca956ee9876197dbbe6cb06daf13d6a14890d692204288a0c81538991cd5f34630936987f978f01cdec8f57f5f47e02723192a7e29baa89d5454b99de3842e6a	7112085692081
97	Lendel	Gordon	gordonlendel@gmail.com	0846758612	10 Fabian Avenue Athlone	Flow Sync	\N	t	Lendel Gordon	41.56.239.49	2025-06-19 14:09:16.451235	approved	2025-06-19 14:09:16.451244	2025-06-19 15:22:14.624396	14	scrypt:32768:8:1$FLVktFp8NKA4OwMc$3e3c2223148690330b2dd562dea7cbab1890491180865813b0d68005aa96f27e219dfc042e0e996d3e6585d40100e5b2bb2adbacdcf2f3cb46cf16aba40b432a	0108165227084
96	Lendel	Gordon	lendelgordon01@gmail.com	0846758612	10 Fabian Avenue Athlone	Flow Sync	\N	t	Lendel Gordon	41.56.239.49	2025-06-19 14:08:04.617081	approved	2025-06-19 14:08:04.617087	2025-06-19 15:22:45.050615	14	scrypt:32768:8:1$nSHjUonYcnxk1rx6$ffb49f64824020cb1c42e4fb0056256cef55e75d6e98c9549fe496df73a235509d50a4f3966440264e0228b5ca5eae2c449a1b78de41fa7d0e45a3079cf1564e	0108165227084
95	Renier	Marx	aokiji@clanzt.com	0719774284	166 Vanadium Street\r\nNortham\r\nLimpopo\r\n0360	\N	\N	t	Renier Marx	41.145.5.243	2025-06-19 13:28:56.319473	approved	2025-06-19 13:28:56.319479	2025-06-19 15:22:56.20288	14	scrypt:32768:8:1$zW3Dm5Z1I2fZfxL8$9d8d42712fd31a133602437050cebe4161043f2ee27bd401eb3b41c479a5392bbef827b6066958be7efccbe248b7e34eb077b835b58009d36fdb6236cdac89af	8906075157081
111	Jabulani	Zwane	zwanepower1@gmail.com	0813063916	14 Raven street Roodepan Kimberley 	\N	\N	t	Jabulani Zwane	41.122.70.137	2025-06-22 17:23:43.73519	approved	2025-06-22 17:23:43.735195	2025-06-24 11:54:38.319114	2	scrypt:32768:8:1$k7ULl1qbOvv80cz6$470aadd89e4946cae097bf8a464836d8f71cefc99a9bda5d007b2b4d2e032a03d2e72ae95e619f21cd10ad6b98a012563ead02894a45ffbbc20d4539fef0c3ee	9811235333086
109	Modiba Advice	Mokgate 	advice.mokgate@gmail.com	0711252964	58 jeppe str Luistrichard 	\N	\N	t	Modiba Advice Mokgate 	102.221.220.15	2025-06-22 11:52:13.7891	approved	2025-06-22 11:52:13.789105	2025-06-24 11:54:59.906213	2	scrypt:32768:8:1$bx6Ztr8eEaCoT0rp$2c3c4b147acac1fc5c6d87d2b73174794e5fdcace323bbbf6440c317129c3e6d283c28b4f5648652b11615933da992d6d0ff7eee4c300254f8ab86b6da19f9b1	0003135481087
108	Brian Pelekwane	Kgohloane	lufreem@gmail.com	0606856483	A0309 The Oaks\r\nHoedspruit \r\n1384	\N	\N	t	Brian Pelekwane Kgohloane	105.245.112.32	2025-06-21 19:27:45.005928	approved	2025-06-21 19:27:45.005934	2025-06-24 11:55:11.280851	2	scrypt:32768:8:1$Yqew65dipcX6Gmrd$b75e9b7f26e63748e7a9bf11f40003c9bc7400b0a924991c25218c062ad22f16aff11f67935026e44df988b577444a5e5090e50fe2995acccec79b76774e0883	8105315352087
107	Thabiso	Motlakase	motlakase@hotmail.com	0717507587	6776 Mochamba Street\r\nIpelegeng\r\nSchweizer-Reneke\r\n2780	\N	\N	t	Thabiso Motlakase	102.182.52.81	2025-06-21 18:42:27.998188	approved	2025-06-21 18:42:27.998193	2025-06-24 11:55:22.485855	2	scrypt:32768:8:1$XNqanL7k8qkH0nz0$b9c34ef2289492515d68448b28233bdf6fc13e8e51f6da282b8a7e565263eaf44fd4586ba8a37001329f40d7b3306666251e31bb784192e3716cf8f91d27cc57	9203166114083
106	Lehlohonolo 	Polo	lehlohonolo.polo81@gmail.com	0814253353	212 Mahabane Street \r\nSeeisoville \r\nKroonstad  9499	Lehlonkana Pty LTD	\N	t	Lehlohonolo 	102.66.182.110	2025-06-21 18:24:03.81942	approved	2025-06-21 18:24:03.819426	2025-06-24 11:55:32.913836	2	scrypt:32768:8:1$2vHAFZA6rYNFC0VH$d24bb89b160a0bc97712e32c2b804a72fd6531416025f86ef98272158d9a4e4220d46453e7d1a78897e98511cef004197c4d347d601de6861e64c0296c7f2df5	8110125523083
105	Lawrence	Mashali	lawrence@lsmit.co.za	0789490243	House no 161, Olive Tree Complex, South Hills, Johannesburg, 2194	LSM IT Solutions (PTY) LTD	\N	t	Lawrence Solomon Mashali	41.150.250.70	2025-06-20 19:18:25.809173	approved	2025-06-20 19:18:25.809178	2025-06-24 11:55:43.518442	2	scrypt:32768:8:1$7FO2xjUpQkuPguHw$ee163d9e01e189cd815b018bcadd4b601a958a2523bf8eb4c837be334223024378d9624290b7e924466af195d0b147f08bda342e49e40d5667598073f1d0bbc6	8201065531085
103	Grant	Hills	grantronaldhills@gmail.com	0825796685	1 christie de wit	Private	\N	t	Grant Hills	102.69.209.26	2025-06-20 09:31:14.313571	approved	2025-06-20 09:31:14.313576	2025-06-24 11:55:54.322195	2	scrypt:32768:8:1$h06MENSrcFq53De6$f09a77bd3cd5345184184987ed29bb7fa386b938cb0d32f6b41917d1905e72aaf0a60e059dead79c3d10b383c46b0e6c81d30cfc54cf98e7a4174bc4eeb916ff	8305115224086
102	Patrick	kiyemba	kiyembap@yahoo.com	0739647888	517 10 avenue gezina pretoria\r\npretoria	Binitoo internet	\N	t	patrick kiyemba	102.32.55.167	2025-06-20 08:39:53.540679	approved	2025-06-20 08:39:53.540684	2025-06-24 11:56:05.240099	2	scrypt:32768:8:1$oINogMv1uFH7mAMo$0f4dc95151de77bff5bfa0797f719f75a832b87968061dc6fbb66c736923c6ff22c8a2ed700dde1623adffee8ca7eece8528b4714f66a7117de95b5ba39763bc	8108106374187
100	Mbali Mary	Ngcobo	ethan202r@gmail.com	0815373829	95 Roy Campbell Road, Napierville	\N	\N	t	Mbali Mary Ngcobo	197.185.183.49	2025-06-19 23:05:41.801709	approved	2025-06-19 23:05:41.801713	2025-06-24 11:56:17.071141	2	scrypt:32768:8:1$qNl8cJV4K9nGZJtc$ce02ebacada7e993771984e5ae7c17326af4cbb130f8c7b691655653a5fa56696edb2847ce69818fab54bd69648b0639214a767242361ea03afbbfcdfc5e83ce	0815373829
115	Lungisani	Vatsha	vatshalungisani9@gmail.com	0695094809	1896 Brooksfarm, Phoenix 4068	\N	\N	t	Lungisani	105.187.43.228	2025-06-24 10:50:31.07483	approved	2025-06-24 10:50:31.074835	2025-06-24 11:53:58.120079	2	scrypt:32768:8:1$jZOEjoq6SH2ne4zu$360c1e24645732e185c72c9d4c806222858cbdd2a691b11033e2d0ecac705c9b7183dbef80317a8a38b2db281e5e63141f1543dc44f25a064cf8a6824741a895	9003315550082
114	Sylvia Bheki	Dladla	internet@thasil.co.za	0729743530	Stand no 199 Ruth First \r\nMzinti 1352	Thasil Electrical	\N	t	Sylvia Bheki Dladla	105.245.96.191	2025-06-24 09:20:16.256754	approved	2025-06-24 09:20:16.256759	2025-06-24 11:54:15.983745	2	scrypt:32768:8:1$2gxt135W4Qensjkb$49814c294b77460705438c3cf78c57d808ccf73673303696637454e70326d286e4227e8b9d1b6562d29888c4c7bea07322a64b55647278828eb418d40a1770c6	8912255351080
113	Anathi	Maliti	Anathi.maliti@DITSolutions.co.za	0677453003	42-498 Khalima Street, Makhaza, Khayelitsha\r\nKhalima Street, Makhaza, Khayelitsha	DIT Services	\N	t	Anathi Maliti	105.29.226.146	2025-06-23 09:34:55.797761	approved	2025-06-23 09:34:55.797766	2025-06-24 11:54:27.312061	2	scrypt:32768:8:1$OCSt0Sb47K0SLnke$bf31158f3ed34941f5cd79bc44a21cdf5394aed1dd803ce56e00aa4efb3cc57343170ae5ae27a1f7cd3a696828690135790312a816ffbadbc0d8fcaaaa2327c6	9403195257081
110	Oelof	Opperman	admin@gigahost.co.za	0686268260	Gigahost\r\n64 Christiana Street\r\nChristiana\r\nNorth West\r\n2680	Gigahost	\N	t	Oelof Opperman	102.23.176.201	2025-06-22 16:10:42.747436	approved	2025-06-22 16:10:42.747451	2025-06-24 11:54:49.305371	2	scrypt:32768:8:1$ltiN1dPX16war1Lj$ce2e512c599a03af79ae7614803abe94d42faf1b9680a6eb063a2c9676907948665bc0382d13caf433c552355b4b9ac7413654287666a527eaf96380ecaed01f	9006245366081
118	test zelda	test zelda	zelda@openweb.email	0683333666	Main street\r\nCoffee Bay\r\n5082	na	na	t	agreed	165.165.64.3	2025-06-25 14:28:28.924482	approved	2025-06-25 14:28:28.924487	2025-06-25 14:29:51.349736	14	scrypt:32768:8:1$SJFeVJ2P5OIZwYiF$6a7aeb0d71530c8c3f6516a9ed9931244ff4e289659952dc9071bcc48c34f22e41dd470f971d5ad70f836e95203488aee67ca82e4095d06b5421aca53643a131	0000000000000
117	CHRIS	WILLIAMS	chriskby@gmail.com	0833203488	2 Community Road\r\nFloors\r\nKimberley	\N	\N	t	CHRIS WILLIAMS	169.0.94.222	2025-06-24 18:18:05.071157	approved	2025-06-24 18:18:05.071161	2025-06-25 14:30:09.019877	14	scrypt:32768:8:1$VQAE31MGOlO199CT$9e5aa95cd2e8b63582ee12e89fa6fb423e13252f6b587faa19b6ce65c0c9a871a4e8f573458841c317b62118e5715e51a944bcf0aad943a2ba4e190e85f43cc2	7412125201087
116	Isaac Ntando	Mehlomakulu 	ntandomehlomakulu@dr.com	0623255233	7 Argosy Road \r\nImpala Park\r\nBoksburg\r\n1459	INM0304 PTY LTD	\N	t	Ntando 	102.33.210.120	2025-06-24 16:00:58.862077	approved	2025-06-24 16:00:58.862083	2025-06-25 14:30:25.465855	14	scrypt:32768:8:1$RVAgmrXB3k9WAUVo$fe42739dead10749aecda90ca48d022a5c8ee7afab28c83add44319682ad5c8329ec061184872439414e822c70854c6c7ba218f0893b86615eb07bf793b99cfc	0103045325083
123	MOSHE	MALULEKE	mjmaluks@gmail.com	0614431719	832 Khutso Street Reddersburg\r\nMatoporong\r\n9904\r\nFree State 	\N	\N	t	MR MOSHE J MALULEKE	105.245.52.119	2025-06-26 17:46:26.781901	approved	2025-06-26 17:46:26.781907	2025-06-27 13:44:56.758436	14	scrypt:32768:8:1$lZckHnfvQ3myC3yz$3fd6d2078fb8b4117c9d9961ca5e9e6ce027906fef59dfc91fdc2070cccd78c5d975f1cade0913b1193c95fe29a66c46920471fe1b301bf60b45e619460075b5	9011215787084
124	Gcina	Ntintili	thetagitptyltd@gmail.com	0736174861	32 Hope street, Bizana 4800	Thetag-it(Pty)Ltd	\N	t	Gcina Ntintili	41.24.24.246	2025-06-27 13:27:49.362854	approved	2025-06-27 13:27:49.36286	2025-06-27 13:46:05.364753	14	scrypt:32768:8:1$BuNLboAncLSp7e6z$3750aba11fa48fd1f0650a6c83bc6fffd72e83761e90b90f9d5ac898990ec171043179756a6d710cd97a3d969e190307459ff25641ab2209e41bada72a795f9d	9405086119080
125	moosa andries	shongwe	shongwe.moosa@yahoo.com	0763559935	2141 phindile street barbeton 1300	germo corp	\N	t	moosa	165.73.188.168	2025-06-27 21:02:06.285228	approved	2025-06-27 21:02:06.285233	2025-06-29 12:40:41.492495	14	scrypt:32768:8:1$4s0r5yJlJhdkk2rc$4c99845398eb12c36e56819bf710cc14e3e9863128c0e4b2dda95a64a9ea129746644a36037bdd5e695059be9f4c8fab6fba90869a8a3cfa8592f29a27bcaca6	8409265497086
129	Vuyane Victor 	Nxhongo 	nxhongo123@gmail.com	0685419584	10686 verdwaal no 1\r\nItsoseng \r\nLichtenburg \r\n2744	\N	\N	t	Vuyane Victor Nxhongo	165.165.110.107	2025-06-30 10:40:42.366083	approved	2025-06-30 10:40:42.366092	2025-06-30 11:56:11.016318	2	scrypt:32768:8:1$HCMr77Il6DoGtFf7$19f672280d17cb4ef49af5aaee06a830df0b94f158adfce16b3671f60aacfd17b21714436d56d4864fa32f238675a3099347074031f6f71086d53e4456f02178	9201296044089
128	Bongani	Mashaba	mashababd@lisikotech.co.za	0822253552	8 Prinsloo Street\r\nAlberton\r\n1450	Lisoko Technologies	\N	t	Bongani Mashaba	197.185.131.52	2025-06-30 03:54:38.018555	approved	2025-06-30 03:54:38.018562	2025-06-30 11:56:23.589362	2	scrypt:32768:8:1$IktrzxG3SYOFMs8d$c273d8875fd23259d8b1d5104b97012f6b39bf7c6fa8c5aa033cd37aec6710b17a284708114fef74f3b5e1402636b64aa4cf6c1ffc7a150100d7bf2f875e9e75	8503285393083
127	Chevone 	Liebenberg 	chevonevdwesthuizen05@gmail.com	0691125213	Die hoek bloemhof 	\N	\N	t	Chevone 	41.150.33.105	2025-06-29 17:15:03.258926	approved	2025-06-29 17:15:03.258932	2025-06-30 11:56:33.668097	2	scrypt:32768:8:1$tyF8QDctyucute3I$bad65c5d8a9555088d48d688cc0b7f0e626a928b3a773f1760a430565a93dc9421d9604866dd4b8c8377dd80776872475002d49977d50a4ba9bf911397ea31fc	0203160067088
126	Gerhard	Homveld	ghomveld01@gmail.com	0681689766	2A Botterblom Street, Bos en Dal, George, 6529	\N	\N	t	Gerhard Homveld	41.71.10.56	2025-06-29 16:03:50.624773	approved	2025-06-29 16:03:50.624778	2025-06-30 11:56:44.018601	2	scrypt:32768:8:1$iSWIG9jgqYkckxFy$6657972dd5d671f654a468bd7272a9f0bdf67a3d8d1996614ac7dc88e3472ccd14421c0614ebd1597f68da4e6164ce4ee49c862f7c11c47bb830cf6b685b3f61	9204025137083
131	Hugo	Lambrechts	hugo@bfn.co.za	0722798884	6 Akkoorde Crescent Pellissier Bloemfontein	LLDDA Solutions Pty LTD	4870300011	t	Hugo Lambrechts	102.39.201.58	2025-07-01 17:13:33.14807	approved	2025-07-01 17:13:33.148076	2025-07-02 10:00:41.852802	2	scrypt:32768:8:1$U5NPexC8gS6n1X03$0fa2d75741b277c23ccc5986b69eb8639267a34f4c246fe523d07876a7662cf236531006acdd3377398fca5bc80921e8db790621ba1428409bbbfbf5cd06a977	7705125080082
130	Charles 	Lotterie	charles.lotterie@ppc-it.co.za	0672773362	44 West Street\r\nNapier	\N	\N	t	Charles Paul Lotterie	102.182.189.114	2025-07-01 14:40:29.772123	approved	2025-07-01 14:40:29.772128	2025-07-02 10:00:59.239794	2	scrypt:32768:8:1$ZVqdc3yAjtqRbP9S$40a1d820df9e4b9dc866a65fc725671c365263f648f2a23204d7558e0b9c01259d10a23c721cccd91c2753c88762b8fd2ae1d91df9f31d82425324d34cd78371	7808305152083
133	Luvo	Ntisana	web@itcity.co.za	0846518220	Blackriver Office Park, Block B\r\n1 Firs Road \r\nObservatory \r\nCape Town\r\n8001\r\n	IT CITY (Pty) Ltd	\N	t	Luvo Ntisana	41.165.56.148	2025-07-02 16:16:33.411133	approved	2025-07-02 16:16:33.411137	2025-07-03 11:51:32.674157	14	scrypt:32768:8:1$mAdqFnfwhNsrG8xp$01a1aef0fd03ce631fd1e9ad08fb022f432212ba3360425f19be3d62e31e0fa371f90dcba159e952ac149e97f817e9fffb6095dbd954975e6bb1fc8773960a1b	8810085897084
135	Makgantlane Goodwill	Mashaba	monareng.mashaba@gmail.com	066 362 5621 	396 Tubatse Township\r\nPraktiseer\r\nBurgersfort	\N	\N	t	Makgantlane Goodwill	102.221.220.40	2025-07-02 19:20:41.011555	approved	2025-07-02 19:20:41.01156	2025-07-03 11:42:09.805413	14	scrypt:32768:8:1$BFcFVPGnTqNBZlrg$1b5a4b20229f57af93b3bef2058682fd3259700b7a3b49dfeec9e3cdffcd0d58027bbf0a35335879a7262b4fb3353ebba9b1e3a1d4404e81f417f5a3279cdd4a	8504045638080
137	Tinyiko Guy	Shibambu	tintswalosolutions@gmail.com	0733550846	84 Israel Street, Cosmo City	Tintswalo Solutions PTY LTD	2023/741426/07	t	TG Shibambu 	41.122.155.171	2025-07-03 13:27:15.181687	approved	2025-07-03 13:27:15.181692	2025-07-04 11:06:09.185619	14	scrypt:32768:8:1$e0UIwtbUYZaozmo7$497f1de701f3b4e4f88ce7034e0b30eef43d259f8c33484aaa292c48a070c264983a11a31dbada38a1429da7d9944c6cd4bfcdcf7953a5d8e22a30622a721473	9203275513084
138	Vincent 	Jaftha	geetekserv@gmail.com	0769479881	330 Kruger street \r\nRietvale \r\nRitchie 	\N	\N	t	Vincent Jaftha	197.70.86.45	2025-07-03 17:22:32.739538	approved	2025-07-03 17:22:32.739544	2025-07-04 11:08:18.61625	14	scrypt:32768:8:1$tnQWy2JbUpu3anPc$b7a6c161d0a7bcc6b1c28d5c820943680470d1388a4bb78d26cc6ae82ef88a6fec67e5c053938e5a7e64e92cda442e442155fd20bea46219fcd16f88efef6a19	8505235080082
140	Ryan	Snyman	ryan.ncisti@gmail.com	0768184494	House\r\nPetunia street,Pacaltsdorp,George,Western Cape,South Africa,6529	N/aungkusi Group Pty Ltd 	\N	t	Ryan Neil Snyman	197.98.226.162	2025-07-04 11:02:00.31014	approved	2025-07-04 11:02:00.310146	2025-07-04 11:09:32.039956	14	scrypt:32768:8:1$t1vlVeiV6b1du1ZG$c2c88c7a56783a3259eb361e72481e8ff58851dc70806a53fd0df486cd178f36cb7a99579d50af268246b8e2846dc6af3301e4c1a4770dd1b70a27a83aebecf4	8001395218085
142	Jabulani 	Ngwenyama 	ngwenyamaj137@gmail.com	0718164340	21 Nurney Avenue Crosby Johannesburg 	Flightselect group pty ltd 	\N	t	Jabulani Ngwenyama 	41.150.51.32	2025-07-06 13:58:29.628689	approved	2025-07-06 13:58:29.628696	2025-07-07 09:08:18.728353	14	scrypt:32768:8:1$YLExLLDO4YM3u3Z1$61b90ef9eb05a07187bca905b141ff9ebc33e8f6f20fdd77413595871ca0a31c22540ae9f1fe07e2b8352944f4a02042e514086e67de1c75e61e7575ac5b2760	9108016096085
144	Adiel	Solomons	idmasaas@gmail.com	0685977514	18 School Road, Bishop Lavis, Cape Town	IDMA Inc Ltd	\N	t	Adiel Solomons	162.92.7.4	2025-07-07 15:31:44.07653	approved	2025-07-07 15:31:44.076537	2025-07-09 08:14:42.154142	14	scrypt:32768:8:1$mGAPEb9cyMU9w6fI$32ccb016fd50f66d2bb85ddf30e9d2a7006058761c2421d330ed3c7baf67fbfd09c76c1b164a17420ca93515ac670b67fbfaddf2c3094e0706009058cab8ade3	9103055276086
146	Rowen 	van der Walt	rowen@swiftvoice.co.za	0739749850	29 Heuwel avenue \r\nNewcastle\r\n2940	Swift Voice (PTY) Ltd	\N	t	Rowen van der Walt	102.206.223.70	2025-07-09 13:29:05.381532	approved	2025-07-09 13:29:05.381564	2025-07-09 14:16:06.361246	14	scrypt:32768:8:1$O3xXdRRKv3Ejn2O0$1387177a20073accc526cced9af39e955c8bc1c2d1929dc96d8c44dbd6d47ad18bceaaf2231d1b3f8b6509be9d7e2eea7aa4aeda0af34ce363cc10d50376d7c8	0102266266083
153	Tertius	van Litsenborgh	tertiusvl@ditungaict.co.za	0823923883	33 Schoeman Str, Vaalpark, Sasolburg, FS, 1947	DitungaICT (PTY) Ltd	\N	t	Tertius van Litsenborgh	41.169.130.122	2025-07-15 09:35:31.801105	approved	2025-07-15 09:35:31.801112	2025-07-15 09:44:57.221907	14	scrypt:32768:8:1$3FDUPqzPvUsskYJf$64373859b6feb55d5912da38479c689ca24f4d94c17ea6ebb8ccc5503cca06b9916ac34cd9c8a6cacafe994f1b949a232de9c55e95d4bf4c4d75dd65c31900fb	8412255014085
155	LEHLOHONOLO ANDRIES	POLO	lehlonkanaservices@gmail.om	0814253353	212 Mahabane Street\r\nSeeisoville\r\nKROONSTAD 9499	LEHLONKANA (PTY)LTD	\N	t	lehlohonolo	102.66.182.42	2025-07-15 17:21:25.934537	approved	2025-07-15 17:21:25.934552	2025-07-16 08:44:27.990912	14	scrypt:32768:8:1$96lfLyhm7gNIXiqy$75d22cfd96abc11877a81756976a3f8f4f6d5d3ab18a53d05904501e5659d73d72d670a84ffb4449c2897eaaa7d4137aa89704872c23edc501e7a14f30877fed	8110125523083
160	Joseph	Ebrahim	joseph@jseinfotech.co.za	0814394638	6 Herbert Penny Street, Penhill Estate, Eersteriver, 7100	JSEInfotech (Pty) Ltd	\N	t	Joseph Steven Ebrahim	41.146.194.23	2025-07-17 16:11:26.639125	approved	2025-07-17 16:11:26.63913	2025-07-18 07:45:37.086569	14	scrypt:32768:8:1$reyXcAQRizdE6C39$d262811a86abcf171c5369be7a35e19e3328181fecbbee3acad6e3f94898057229b58304c864230eed4418a79c03e2e99a6c532c360ef0f922f02dfb304e3988	7908145163082
158	Hans	Van Heerden	hansvheerden92@outlook.com	0627912993	24 4de Street \r\nKrugersdorp North \r\nKrugersdorp\r\n1739	\N	\N	t	Hans Van Heerden	154.117.133.138	2025-07-17 14:26:17.147315	approved	2025-07-17 14:26:17.147339	2025-07-18 07:46:32.095219	14	scrypt:32768:8:1$IUcMOWGNo1BNGuaq$f01027b7942f5a7d9c8cd74a0de7cb84e5ecb565af6ad40637cac05f06bdf08b6a9f8493726cd406f82f05f6819098334bbf7152ebc53cca51d482443aa28bd0	9205055046086
165	Fuad	Abdulle	fuad@dalkom.co.za	0655556855	68 Durban Road Bellville	\N	\N	t	Fuad  Abdulle	197.229.0.80	2025-07-20 14:45:55.478471	approved	2025-07-20 14:45:55.478477	2025-07-21 07:28:14.831624	14	scrypt:32768:8:1$1QrYrM2CUKMDMv6Q$3db9555fc80be8c04edc525aa17d99f982b75134e7482280743602a9d2384ceec897f980200216069288adb5e6e53c7f88407c42d47c650a48ee10606e01aa58	8909026423180
166	Gareth	Farrow	gareth@kliq.co.za	0765764170	82 Sovereign Drive, Route 21 Corporate Office Park,\r\nCenturion\r\nGauteng	kliq (Pty) Ltd	4630259127	t	Gareth Farrow	105.214.62.192	2025-07-21 13:20:19.410544	approved	2025-07-21 13:20:19.410583	2025-07-22 09:28:59.151707	14	scrypt:32768:8:1$prbuTM8qo5E5OrDH$1d6507c19e1405c4712a4f7363213efef53e08a870abe16fb3967944fec6f0cc608f17543cc989cf9a7e6e608f482aeb888627b7a4adcaa612c1a2ffe3777f81	8603095101088
169	Cobus	Marais	cobus@permanet.co.za	0834813297	15 Selatirevier Ave, Rustenburg	Permanet PTY LTD	\N	t	Jacobus C Marais	102.177.136.24	2025-07-23 09:12:47.669759	approved	2025-07-23 09:12:47.669798	2025-07-23 09:29:11.707942	14	scrypt:32768:8:1$o7sbT6VH1vEm65SC$79864e3d8e918c705671ecdb3946e4281363c105aa94f5b6ba0b4f2836831034fa94a75097126ab74ec1b7581f544b9e31c11d337c5f0e2c8a7f94c4f211d47f	9009305045082
170	Ziska	Michaels	ziska@zamconsultingservices.com	0717043221	114 Mission Street\r\nPacaltsdorp \r\nGeorge\r\n6529	Future Connect 	\N	t	Ziska Michaels	105.245.230.235	2025-07-23 16:39:29.528159	approved	2025-07-23 16:39:29.528166	2025-07-24 07:25:07.891977	14	scrypt:32768:8:1$ou7fYGcW3jHvShSX$bb259de0156c7c70c1946223a5680141abbfd029bbb329f920a803b050e977d10ddbfc78f0ca1207785be9a392cc36865299dcfc021d0216c10ab0ef6cbdbc4e	8310070286088
182	Edwin	Mokotedi	mokotediek@gmail.com	0768437570	2541\r\nOikgang Street, Tlhabane	DIGITECH CO	\N	t	Edwin Khumo Mokotedi	41.145.213.25	2025-07-24 22:34:23.465638	approved	2025-07-24 22:34:23.465682	2025-07-25 05:44:37.923849	14	scrypt:32768:8:1$aIA0YRnx7qbJYKSp$3f619f8a792cac27cd804ea4a6e85fc5a33851cc033c703afe6107f7ab2ebbb121c72afea3b46687d1a148ac21ed8dd42dfac0d8103c651fa64d3aab3e2a2d8b	9009246394086
184	Siyanda	Ngcobo	zamasiyanda@gmail.com	0781383831	49 Stonybrook Road\r\nBrookdale\r\nPhoenix\r\n4068	Thintanet	\N	t	Siyanda	41.162.26.118	2025-07-25 05:40:54.18962	approved	2025-07-25 05:40:54.189655	2025-07-25 05:46:49.91771	14	scrypt:32768:8:1$YilaDFCizbSeXnS9$0a660e2e0753e97e08e8efe7259a91ef42658ab32aaa724667a660f407faa0d0a1f9db300f28becb93abc9793f5a7895a65f3dab01c51de94f669175fe465db2	9109055629083
185	Jacques	Botes	jacques.botes76@gmail.com	0718765818	Rietfontein Farm\r\nTrichardt\r\nMpumalanga	\N	\N	t	Jacques Botes	197.99.36.214	2025-07-25 06:34:51.254337	approved	2025-07-25 06:34:51.254363	2025-07-25 07:05:08.359987	14	scrypt:32768:8:1$GD4gOGrA0RO9uPT2$aabc5ffb1566cdc954d1d537e6dc3ac2d211a90695f79a1b0ca278503c44e2309670272e2bed5648753748736ae6cba003273c81790740b1ab121e039d5b3363	7605185100087
188	Obakeng	Segoatlhe	Segbyte1@gmail.com	0846695630	1683 Mothotlung\r\nBrits\r\n0268	SegByte Solutions	\N	t	Obakeng Segoatlhe	185.203.122.229	2025-07-25 07:47:30.43841	approved	2025-07-25 07:47:30.438416	2025-07-25 08:07:38.379234	14	scrypt:32768:8:1$yW2NlZJKSEEtTNfl$510fb4021c8bd9690bd72ebdf679a8e956fe06aaf4bf341b41d6bf768e86fc166bd62c671ff5255f210b8625d2275f5a5924ea5af52305688234ad44be6b2c43	9101065614080
190	Bongani 	Mthombeni 	mthombenib016@gmail.com	0674092924 	210 Albertus street\r\nLa Montagne\r\nPretoria East 0184	\N	\N	t	Bongani Mthombeni 	41.150.249.124	2025-07-25 09:45:36.94187	approved	2025-07-25 09:45:36.941895	2025-07-25 09:57:15.600017	14	scrypt:32768:8:1$dINgPNvgCpRmudNA$c7354b372ef5ae4572e183521cdb8db71c73f34fcfa8dfbca8b7573095b05092073c79b70d7d4d9f657a8175b1b0354f017e4b15682c58c879a858ffdeb70688	8009185705087 
\.


--
-- TOC entry 3938 (class 0 OID 21227)
-- Dependencies: 292
-- Data for Name: pro_rata_billing_settings; Type: TABLE DATA; Schema: public; Owner: neondb_owner
--

COPY public.pro_rata_billing_settings (id, period_name, start_day, end_day, discount_percentage, description, is_active, created_at, updated_at) FROM stdin;
1	Days 1-5	1	5	10	Early month orders receive 10% discount	t	2025-06-26 15:27:38.94166	2025-06-26 15:27:38.941663
2	Days 6-10	6	10	20	Early-mid month orders receive 20% discount	t	2025-06-26 15:27:39.202641	2025-06-26 15:27:39.202646
3	Days 11-15	11	15	30	Mid month orders receive 30% discount	t	2025-06-26 15:27:39.463662	2025-06-26 15:27:39.463666
4	Days 16-20	16	20	40	Mid-late month orders receive 40% discount	t	2025-06-26 15:27:39.723925	2025-06-26 15:27:39.723928
5	Days 21-23	21	23	60	Late month orders receive 60% discount	t	2025-06-26 15:27:39.98431	2025-06-26 15:27:39.984313
6	Days 24-31	24	31	90	90% Pro-rata discount, full amount on the 1st	t	2025-06-26 15:27:40.244615	2025-06-26 17:48:22.983408
\.


--
-- TOC entry 3899 (class 0 OID 18048)
-- Dependencies: 253
-- Data for Name: product; Type: TABLE DATA; Schema: public; Owner: neondb_owner
--

COPY public.product (id, category_id, name, description, sku, speed, data_cap, fair_use_policy, no_fair_use_policy, base_price, currency, is_active, is_featured, sort_order, created_at, updated_at, created_by_id, mtn_approved_routers) FROM stdin;
28	10	SIM Package Order	General SIM package orders - various quantities and types	SIM-PACKAGE-GENERAL	\N	\N	\N	\N	0.00	\N	t	\N	\N	2025-06-27 20:41:12.904052	2025-06-27 20:41:12.904052	1	\N
4	5	Uncapped 5Mbps	Uncapped up to 5Mbps\r\nUse your own 4G/5G router\r\nFree Delivery\r\nPlug and Play\r\nMonth to Month	telkom-5Mbps	5Mbps		FUP: 120GB then Shared Pool: (Users who use up their FUP data in a month get placed into a pool of other users who used up their FUP and can obtain speeds from 1Mbps to 10Mbps, depending on how busy the pool is)	f	427.00	ZAR	t	f	4	2025-05-30 13:18:45.867508	2025-05-30 13:19:54.952426	1	\N
5	5	Uncapped 10Mbps	Uncapped up to 10Mbps\r\nUse your own 4G/5G router\r\nFree Delivery\r\nPlug and Play\r\nMonth to Month	telkom-10Mbps	10Mbps		FUP: 200GB then Shared Pool: (Users who use up their FUP data in a month get placed into a pool of other users who used up their FUP and can obtain speeds from 1Mbps to 10Mbps, depending on how busy the pool is)	f	487.00	ZAR	t	t	5	2025-05-30 13:20:05.802951	2025-05-30 13:20:49.572608	1	\N
6	5	Uncapped 20Mbps	Uncapped up to 20Mbps\r\nUse your own 4G/5G router\r\nFree Delivery\r\nPlug and Play\r\nMonth to Month	telkom-20Mbps	20Mbps		FUP: 300GB then Shared Pool: (Users who use up their FUP data in a month get placed into a pool of other users who used up their FUP and can obtain speeds from 1Mbps to 10Mbps, depending on how busy the pool is)	f	587.00	ZAR	t	f	6	2025-05-30 13:21:01.621493	2025-05-30 13:21:36.070085	1	\N
7	5	Uncapped 50Mbps	Uncapped up to 50Mbps\r\nUse your own 4G/5G router\r\nFree Delivery\r\nPlug and Play\r\nMonth to Month	telkom-50Mbps	50Mbps		FUP: 350GB then Shared Pool: (Users who use up their FUP data in a month get placed into a pool of other users who used up their FUP and can obtain speeds from 1Mbps to 10Mbps, depending on how busy the pool is)	f	787.00	ZAR	t	f	7	2025-05-30 13:23:23.510199	2025-05-30 13:23:58.833968	1	\N
8	5	Uncapped Full Speed Pro	Uncapped Full Speed (5G)\r\nUse your own 4G/5G router\r\nFree Delivery\r\nPlug and Play\r\nMonth to Month	telkom-50Mbps-COPY	Full Speed Pro		FUP: 400GB then Shared Pool: (Users who use up their FUP data in a month get placed into a pool of other users who used up their FUP and can obtain speeds from 1Mbps to 10Mbps, depending on how busy the pool is)	f	989.00	ZAR	t	f	8	2025-05-30 13:24:07.338574	2025-05-30 13:24:55.415089	1	\N
10	6	Uncapped - 5Mbps 	Premium MTN Network Access\r\nMobile\r\nUse any 4G/5G Router or Smartphone\r\nSIM Only\r\nNo Location or Tower Locks\r\nPriority on Network	MTN-Mobile-5Mbps	5Mbps		FUP: 150GB then 1Mbps	f	447.00	ZAR	t	f	2	2025-05-30 13:50:44.681271	2025-05-30 13:52:42.646227	1	\N
11	6	Uncapped - 10Mbps	Premium MTN Network Access\r\nMobile\r\nUse any 4G/5G Router or Smartphone\r\nSIM Only\r\nNo Location or Tower Locks\r\nPriority on Network	MTN-Mobile-10Mbps	10Mbps		FUP: 220GB then 2Mbps	f	587.00	ZAR	t	t	3	2025-05-30 13:52:54.993555	2025-05-30 13:54:06.788961	1	\N
12	6	Uncapped - 20Mbps	Premium MTN Network Access\r\nMobile\r\nUse any 4G/5G Router or Smartphone\r\nSIM Only\r\nNo Location or Tower Locks\r\nPriority on Network	MTN-Mobile-20Mbps	20Mbps		FUP: 400GB then 2Mbps	f	829.00	ZAR	t	f	4	2025-05-30 13:54:19.532873	2025-05-30 13:55:29.50921	1	\N
13	6	50GB Full Speed Anytime	Premium MTN Network Access\r\nMobile\r\nUse any 4G/5G Router or Smartphone\r\nSIM Only\r\nNo Location or Tower Locks\r\nPriority on Network	MTN-Mobile-50GB	Full Speed	50GB	\N	t	379.00	ZAR	t	f	5	2025-05-30 13:56:01.370682	2025-05-30 13:57:01.695603	1	\N
14	6	100GB Full Speed Anytime	Premium MTN Network Access\r\nMobile\r\nUse any 4G/5G Router or Smartphone\r\nSIM Only\r\nNo Location or Tower Locks\r\nPriority on Network	MTN-Mobile-100GB	Full Speed	100GB	\N	t	559.00	ZAR	t	t	6	2025-05-30 13:57:14.259593	2025-05-30 13:57:53.731518	1	\N
15	6	200GB Full Speed Anytime	Premium MTN Network Access\r\nMobile\r\nUse any 4G/5G Router or Smartphone\r\nSIM Only\r\nNo Location or Tower Locks\r\nPriority on Network	MTN-Mobile-200GB	Full Speed	200GB	\N	t	697.00	ZAR	t	f	6	2025-05-30 13:58:04.349829	2025-05-30 13:58:46.490649	1	\N
16	6	400GB Full Speed Anytime	Premium MTN Network Access\r\nMobile\r\nUse any 4G/5G Router or Smartphone\r\nSIM Only\r\nNo Location or Tower Locks\r\nPriority on Network	MTN-Mobile-400GB	Full Speed	400GB	\N	t	1077.00	ZAR	t	f	7	2025-05-30 13:59:02.003709	2025-05-30 13:59:47.03732	1	\N
17	7	Uncapped 20Mbps Lite	MTN Fixed 4G/5G Data SIM\r\n	MTN-Fixed-CNS-20Mbps	20Mbps		60GB then 2Mbps	f	347.00	ZAR	t	f	1	2025-05-30 14:12:39.475539	2025-06-03 12:19:31.093004	1	Huawei\r\nB2368 (including B2368-22, B2368-57, B2368-66)\r\n\r\nB525S (23A, 65A, 95A)\r\n\r\nB535-932\r\n\r\nB612 (233, 533)\r\n\r\nB612S (25D, 51D, 52D)\r\n\r\nB618S (22D, 65D, 66D)\r\n\r\nB818-263\r\n\r\n5G CPE PRO 2\r\n\r\nZTE\r\nMF286 series (A, C, C1, D, R)\r\n\r\nMF296C, MF296D, MF297D\r\n\r\n5G CPE MC801A\r\n\r\n5G MC888, MC888D, MC889\r\n\r\nTP-Link\r\nArcher MR600 (EU) 2.0\r\n\r\nNX510v\r\n\r\nVIDA\r\nCPE4000-PRO\r\n\r\nCPE4000-PLUS\r\n\r\nZyxel\r\nLTE7460\r\n\r\nLTE7480-M804\r\n\r\nLTE7490-M904\r\n\r\nMikrotik\r\nChateau LTE12\r\n\r\nBillion\r\nBiPAC 8206 AZ\r\n\r\nBrovi\r\n5G CPE 5 H155-381\r\n\r\n5G H352-381\r\n\r\nNokia\r\nFastMile 5G Gateway 3.2\r\n
18	7	Uncapped 20Mbps Pro	MTN Fixed 4G/5G Data SIM\r\n	MTN-Fixed-CNS-20Mbps-Pro	20Mbps		300GB then 2Mbps	f	539.00	ZAR	t	f	2	2025-05-30 14:12:49.071669	2025-06-03 12:19:57.555776	1	Huawei\r\nB2368 (including B2368-22, B2368-57, B2368-66)\r\n\r\nB525S (23A, 65A, 95A)\r\n\r\nB535-932\r\n\r\nB612 (233, 533)\r\n\r\nB612S (25D, 51D, 52D)\r\n\r\nB618S (22D, 65D, 66D)\r\n\r\nB818-263\r\n\r\n5G CPE PRO 2\r\n\r\nZTE\r\nMF286 series (A, C, C1, D, R)\r\n\r\nMF296C, MF296D, MF297D\r\n\r\n5G CPE MC801A\r\n\r\n5G MC888, MC888D, MC889\r\n\r\nTP-Link\r\nArcher MR600 (EU) 2.0\r\n\r\nNX510v\r\n\r\nVIDA\r\nCPE4000-PRO\r\n\r\nCPE4000-PLUS\r\n\r\nZyxel\r\nLTE7460\r\n\r\nLTE7480-M804\r\n\r\nLTE7490-M904\r\n\r\nMikrotik\r\nChateau LTE12\r\n\r\nBillion\r\nBiPAC 8206 AZ\r\n\r\nBrovi\r\n5G CPE 5 H155-381\r\n\r\n5G H352-381\r\n\r\nNokia\r\nFastMile 5G Gateway 3.2\r\n
21	7	Uncapped 150Mbps Lite	MTN Fixed 4G/5G Data SIM\r\n	MTN-Fixed-CNS-150Mbps-Lite	150Mbps		300GB then 2Mbps	f	419.00	ZAR	t	t	5	2025-05-30 14:27:18.586177	2025-06-03 12:20:57.506387	1	Huawei\r\nB2368 (including B2368-22, B2368-57, B2368-66)\r\n\r\nB525S (23A, 65A, 95A)\r\n\r\nB535-932\r\n\r\nB612 (233, 533)\r\n\r\nB612S (25D, 51D, 52D)\r\n\r\nB618S (22D, 65D, 66D)\r\n\r\nB818-263\r\n\r\n5G CPE PRO 2\r\n\r\nZTE\r\nMF286 series (A, C, C1, D, R)\r\n\r\nMF296C, MF296D, MF297D\r\n\r\n5G CPE MC801A\r\n\r\n5G MC888, MC888D, MC889\r\n\r\nTP-Link\r\nArcher MR600 (EU) 2.0\r\n\r\nNX510v\r\n\r\nVIDA\r\nCPE4000-PRO\r\n\r\nCPE4000-PLUS\r\n\r\nZyxel\r\nLTE7460\r\n\r\nLTE7480-M804\r\n\r\nLTE7490-M904\r\n\r\nMikrotik\r\nChateau LTE12\r\n\r\nBillion\r\nBiPAC 8206 AZ\r\n\r\nBrovi\r\n5G CPE 5 H155-381\r\n\r\n5G H352-381\r\n\r\nNokia\r\nFastMile 5G Gateway 3.2\r\n
1	5	Uncapped 1.5Mbps	Uncapped up to 1.5Mbps\r\nNo FUP\r\nUse your own 4G/5G router\r\nFree Delivery\r\nPlug and Play\r\nMonth to Month	telkom-1.5Mbps	1.5Mbps		\N	t	337.00	ZAR	t	f	2	2025-05-30 13:03:21.814295	2025-06-24 11:20:02.26068	1	
2	5	Uncapped 8Mbps	Uncapped up to 8Mbps\r\nUse your own 4G/5G router\r\nFree Delivery\r\nPlug and Play\r\nMonth to Month	telkom-8Mbps	8Mbps		FUP: 150GB then Shared Pool: (Users who use up their FUP data in a month get placed into a pool of other users who used up their FUP and can obtain speeds from 1Mbps to 8Mbps, depending on how busy the pool is)	f	387.00	ZAR	t	f	3	2025-05-30 13:07:42.08412	2025-06-24 11:20:12.600601	1	
9	6	Uncapped - 2Mbps	Premium MTN Network Access\r\nMobile\r\nUse any 4G/5G Router or Smartphone\r\nSIM Only\r\nNo Location or Tower Locks\r\nPriority on Network	MTN-Mobile-2Mbps	2Mbps		FUP: 100GB then 1Mbps	f	397.00	ZAR	t	f	1	2025-05-30 13:50:34.21621	2025-06-25 15:45:37.801806	1	
22	7	Uncapped Full Speed	MTN Fixed 4G/5G Data SIM\r\n	MTN-Fixed-CNS-FullSpeed	Full Speed		1500GB then 2Mbps	f	997.00	ZAR	t	t	7	2025-05-30 14:29:30.65169	2025-06-03 12:21:19.363695	1	Huawei\r\nB2368 (including B2368-22, B2368-57, B2368-66)\r\n\r\nB525S (23A, 65A, 95A)\r\n\r\nB535-932\r\n\r\nB612 (233, 533)\r\n\r\nB612S (25D, 51D, 52D)\r\n\r\nB618S (22D, 65D, 66D)\r\n\r\nB818-263\r\n\r\n5G CPE PRO 2\r\n\r\nZTE\r\nMF286 series (A, C, C1, D, R)\r\n\r\nMF296C, MF296D, MF297D\r\n\r\n5G CPE MC801A\r\n\r\n5G MC888, MC888D, MC889\r\n\r\nTP-Link\r\nArcher MR600 (EU) 2.0\r\n\r\nNX510v\r\n\r\nVIDA\r\nCPE4000-PRO\r\n\r\nCPE4000-PLUS\r\n\r\nZyxel\r\nLTE7460\r\n\r\nLTE7480-M804\r\n\r\nLTE7490-M904\r\n\r\nMikrotik\r\nChateau LTE12\r\n\r\nBillion\r\nBiPAC 8206 AZ\r\n\r\nBrovi\r\n5G CPE 5 H155-381\r\n\r\n5G H352-381\r\n\r\nNokia\r\nFastMile 5G Gateway 3.2\r\n
23	5	Uncapped Full Speed Business	Uncapped Full Speed (5G)\r\nUse your own 4G/5G router\r\nFree Delivery\r\nPlug and Play\r\nMonth to Month	telkom-50Mbps-COPY-COPY	Full Speed Pro		\N	t	1999.00	ZAR	t	t	9	2025-05-31 13:51:02.003293	2025-05-31 13:51:51.099304	2	\N
19	7	Uncapped 75Mbps Lite	MTN Fixed 4G/5G Data SIM\r\n	MTN-Fixed-CNS-75Mbps-Lite	75Mbps		300GB then 2Mbps	f	425.00	ZAR	t	f	3	2025-05-30 14:18:27.35564	2025-06-03 12:20:17.222848	1	Huawei\r\nB2368 (including B2368-22, B2368-57, B2368-66)\r\n\r\nB525S (23A, 65A, 95A)\r\n\r\nB535-932\r\n\r\nB612 (233, 533)\r\n\r\nB612S (25D, 51D, 52D)\r\n\r\nB618S (22D, 65D, 66D)\r\n\r\nB818-263\r\n\r\n5G CPE PRO 2\r\n\r\nZTE\r\nMF286 series (A, C, C1, D, R)\r\n\r\nMF296C, MF296D, MF297D\r\n\r\n5G CPE MC801A\r\n\r\n5G MC888, MC888D, MC889\r\n\r\nTP-Link\r\nArcher MR600 (EU) 2.0\r\n\r\nNX510v\r\n\r\nVIDA\r\nCPE4000-PRO\r\n\r\nCPE4000-PLUS\r\n\r\nZyxel\r\nLTE7460\r\n\r\nLTE7480-M804\r\n\r\nLTE7490-M904\r\n\r\nMikrotik\r\nChateau LTE12\r\n\r\nBillion\r\nBiPAC 8206 AZ\r\n\r\nBrovi\r\n5G CPE 5 H155-381\r\n\r\n5G H352-381\r\n\r\nNokia\r\nFastMile 5G Gateway 3.2\r\n
20	7	Uncapped 75Mbps Pro	MTN Fixed 4G/5G Data SIM\r\n	MTN-Fixed-CNS-75Mbps-Pro	75Mbps		400GB then 2Mbps	f	637.00	ZAR	t	f	4	2025-05-30 14:23:57.82601	2025-06-03 12:20:40.947036	1	Huawei\r\nB2368 (including B2368-22, B2368-57, B2368-66)\r\n\r\nB525S (23A, 65A, 95A)\r\n\r\nB535-932\r\n\r\nB612 (233, 533)\r\n\r\nB612S (25D, 51D, 52D)\r\n\r\nB618S (22D, 65D, 66D)\r\n\r\nB818-263\r\n\r\n5G CPE PRO 2\r\n\r\nZTE\r\nMF286 series (A, C, C1, D, R)\r\n\r\nMF296C, MF296D, MF297D\r\n\r\n5G CPE MC801A\r\n\r\n5G MC888, MC888D, MC889\r\n\r\nTP-Link\r\nArcher MR600 (EU) 2.0\r\n\r\nNX510v\r\n\r\nVIDA\r\nCPE4000-PRO\r\n\r\nCPE4000-PLUS\r\n\r\nZyxel\r\nLTE7460\r\n\r\nLTE7480-M804\r\n\r\nLTE7490-M904\r\n\r\nMikrotik\r\nChateau LTE12\r\n\r\nBillion\r\nBiPAC 8206 AZ\r\n\r\nBrovi\r\n5G CPE 5 H155-381\r\n\r\n5G H352-381\r\n\r\nNokia\r\nFastMile 5G Gateway 3.2\r\n
35	8	MTN Fixed Uncapped up to 50Mbps (Business)	Optimized for Business Use\r\nPriority on the tower over consumers\r\nMonth to Month\r\nLocked to a Location\r\nSIM Only\r\nCan only use compatible routers:\r\nBillion BiPAC 8206 AZ\r\nHUAWEI 5G CPE PRO 2\r\nHUAWEI B2368 (outdoor device)\r\nHUAWEI B2368-22 (outdoor device)\r\nHUAWEI B2368-57 (outdoor device)\r\nHUAWEI B2368-66 (outdoor device)\r\nHUAWEI B525S-23A\r\nHUAWEI B525S-65A\r\nHUAWEI B525S-95A\r\nHUAWEI B535-932\r\nHUAWEI B612-233\r\nHUAWEI B612-533\r\nHUAWEI B612S-25D\r\nHUAWEI B612S-51D\r\nHUAWEI B612S-52D\r\nHUAWEI B618S-22D\r\nHUAWEI B618S-65D\r\nHUAWEI B618S-66D\r\nHUAWEI B818-263\r\nMIKROTIK CHATEAU LTE12\r\nTP-LINK ARCHER MR600(EU)2.0\r\nVIDA CPE4000-PLUS\r\nVIDA CPE4000-PRO\r\nZTE 5G CPE MC801A\r\nZTE MF286\r\nZTE MF286A\r\nZTE MF286C\r\nZTE MF286C1\r\nZTE MF286D\r\nZTE MF286R\r\nZYXEL LTE7460 (outdoor device)\r\nZYXEL LTE7480-M804	mtn-fixed-business-50	Up to 50Mbps	Unlimited	100GB, then 2Mbps	f	499.00	ZAR	t	f	1	2025-07-24 13:53:08.98163	2025-07-24 14:04:55.009371	2	
36	8	MTN Fixed Uncapped up to 100Mbps (Business)	Optimized for Business Use\r\nPriority on the tower over consumers\r\nMonth to Month\r\nLocked to a Location\r\nSIM Only\r\nCan only use compatible routers:\r\nBillion BiPAC 8206 AZ\r\nHUAWEI 5G CPE PRO 2\r\nHUAWEI B2368 (outdoor device)\r\nHUAWEI B2368-22 (outdoor device)\r\nHUAWEI B2368-57 (outdoor device)\r\nHUAWEI B2368-66 (outdoor device)\r\nHUAWEI B525S-23A\r\nHUAWEI B525S-65A\r\nHUAWEI B525S-95A\r\nHUAWEI B535-932\r\nHUAWEI B612-233\r\nHUAWEI B612-533\r\nHUAWEI B612S-25D\r\nHUAWEI B612S-51D\r\nHUAWEI B612S-52D\r\nHUAWEI B618S-22D\r\nHUAWEI B618S-65D\r\nHUAWEI B618S-66D\r\nHUAWEI B818-263\r\nMIKROTIK CHATEAU LTE12\r\nTP-LINK ARCHER MR600(EU)2.0\r\nVIDA CPE4000-PLUS\r\nVIDA CPE4000-PRO\r\nZTE 5G CPE MC801A\r\nZTE MF286\r\nZTE MF286A\r\nZTE MF286C\r\nZTE MF286C1\r\nZTE MF286D\r\nZTE MF286R\r\nZYXEL LTE7460 (outdoor device)\r\nZYXEL LTE7480-M804	mtn-fixed-business-100	Up to 100Mbps	Unlimited	300GB, then 2Mbps	f	699.00	ZAR	t	f	2	2025-07-24 13:53:25.652226	2025-07-24 13:59:13.498205	2	
37	8	MTN Fixed Uncapped up to 200Mbps (Business) 	Optimized for Business Use\r\nPriority on the tower over consumers\r\nMonth to Month\r\nLocked to a Location\r\nSIM Only\r\nCan only use compatible routers:\r\nBillion BiPAC 8206 AZ\r\nHUAWEI 5G CPE PRO 2\r\nHUAWEI B2368 (outdoor device)\r\nHUAWEI B2368-22 (outdoor device)\r\nHUAWEI B2368-57 (outdoor device)\r\nHUAWEI B2368-66 (outdoor device)\r\nHUAWEI B525S-23A\r\nHUAWEI B525S-65A\r\nHUAWEI B525S-95A\r\nHUAWEI B535-932\r\nHUAWEI B612-233\r\nHUAWEI B612-533\r\nHUAWEI B612S-25D\r\nHUAWEI B612S-51D\r\nHUAWEI B612S-52D\r\nHUAWEI B618S-22D\r\nHUAWEI B618S-65D\r\nHUAWEI B618S-66D\r\nHUAWEI B818-263\r\nMIKROTIK CHATEAU LTE12\r\nTP-LINK ARCHER MR600(EU)2.0\r\nVIDA CPE4000-PLUS\r\nVIDA CPE4000-PRO\r\nZTE 5G CPE MC801A\r\nZTE MF286\r\nZTE MF286A\r\nZTE MF286C\r\nZTE MF286C1\r\nZTE MF286D\r\nZTE MF286R\r\nZYXEL LTE7460 (outdoor device)\r\nZYXEL LTE7480-M804	mtn-fixed-business-200	Up to 200Mbps	Unlimited	350GB, then 2Mbps	f	799.00	ZAR	t	f	3	2025-07-24 13:55:46.260534	2025-07-24 13:59:47.077314	2	
31	11	Telkom One Pro	15GB Full Speed Any Network Data then 0.5Mbps Uncapped\r\nCan Roam on MTN and Vodacom at the discretion of Telkom\r\n250 All Network Calling Minutes\r\n2000 Telkom to Telkom Calling Minutes\r\n300 SMS Messages\r\nUnlimited Whatsapp & Telegram Data\r\nFREE Nationwide Delivery\r\nSIM Only	telkom-one-pro	Full Speed	Unlimited	15GB Full Speed Any Network Data then 0.5Mbps Uncapped\r\n	f	399.00	ZAR	t	f	2	2025-07-17 16:12:47.342241	2025-07-17 16:12:47.342244	2	
32	11	Telkom One Starter	10GB Full Speed Any Network Data then 0.5Mbps Uncapped\r\nCan Roam on MTN and Vodacom at the discretion of Telkom\r\n100 All Network Calling Minutes\r\n1000 Telkom to Telkom Calling Minutes\r\n250 SMS Messages\r\nFREE Nationwide Delivery\r\nSIM Only	telkom-one-starter	Full Speed	Unlimited	10GB Full Speed Any Network Data then 0.5Mbps Uncapped\r\n\r\n	f	299.00	ZAR	t	f	1	2025-07-17 16:13:24.791908	2025-07-17 16:14:27.028115	2	
33	11	Telkom One Prime	20GB Full Speed Any Network Data then 0.5Mbps Uncapped\r\nCan Roam on MTN and Vodacom at the discretion of Telkom\r\n350 All Network Calling Minutes\r\n3000 Telkom to Telkom Calling Minutes\r\n400 SMS Messages\r\nUnlimited Whatsapp & Telegram Data\r\nFREE Nationwide Delivery\r\nSIM Only	telkom-one-prime	Full Speed	Unlimited	20GB Full Speed Any Network Data then 0.5Mbps Uncapped\r\n\r\n	f	499.00	ZAR	t	f	3	2025-07-17 16:14:39.713022	2025-07-17 16:15:28.450325	2	
34	11	Telkom One Business	50GB Full Speed Any Network Data then 0.5Mbps Uncapped\r\nCan Roam on MTN and Vodacom at the discretion of Telkom\r\n1000 All Network Calling Minutes\r\nUnlimited Telkom to Telkom Calling Minutes*\r\n1500 SMS Messages\r\nUnlimited Whatsapp & Telegram Data\r\nNetwork Priority\r\nFREE Nationwide Delivery\r\nSIM Only	telkom-one-business	Full Speed	Unlimited	50GB Full Speed Any Network Data then 0.5Mbps Uncapped\r\n\r\n\r\n	f	799.00	ZAR	t	f	4	2025-07-17 16:15:49.456982	2025-07-17 16:16:33.719101	2	
39	8	MTN Fixed Uncapped Full Speed Prime	Optimized for Business Use\r\nPriority on the tower over consumers\r\nMonth to Month\r\nLocked to a Location\r\nSIM Only\r\nCan only use compatible routers:\r\nBillion BiPAC 8206 AZ\r\nHUAWEI 5G CPE PRO 2\r\nHUAWEI B2368 (outdoor device)\r\nHUAWEI B2368-22 (outdoor device)\r\nHUAWEI B2368-57 (outdoor device)\r\nHUAWEI B2368-66 (outdoor device)\r\nHUAWEI B525S-23A\r\nHUAWEI B525S-65A\r\nHUAWEI B525S-95A\r\nHUAWEI B535-932\r\nHUAWEI B612-233\r\nHUAWEI B612-533\r\nHUAWEI B612S-25D\r\nHUAWEI B612S-51D\r\nHUAWEI B612S-52D\r\nHUAWEI B618S-22D\r\nHUAWEI B618S-65D\r\nHUAWEI B618S-66D\r\nHUAWEI B818-263\r\nMIKROTIK CHATEAU LTE12\r\nTP-LINK ARCHER MR600(EU)2.0\r\nVIDA CPE4000-PLUS\r\nVIDA CPE4000-PRO\r\nZTE 5G CPE MC801A\r\nZTE MF286\r\nZTE MF286A\r\nZTE MF286C\r\nZTE MF286C1\r\nZTE MF286D\r\nZTE MF286R\r\nZYXEL LTE7460 (outdoor device)\r\nZYXEL LTE7480-M804	mtn-fixed-business-FS-prime	Full Speed	Unlimited	1024GB, then 2Mbps	f	1499.00	ZAR	t	f	5	2025-07-24 14:02:14.74055	2025-07-24 14:03:02.64148	2	
38	8	MTN Fixed Uncapped Full Speed Pro	Optimized for Business Use\r\nPriority on the tower over consumers\r\nMonth to Month\r\nLocked to a Location\r\nSIM Only\r\nCan only use compatible routers:\r\nBillion BiPAC 8206 AZ\r\nHUAWEI 5G CPE PRO 2\r\nHUAWEI B2368 (outdoor device)\r\nHUAWEI B2368-22 (outdoor device)\r\nHUAWEI B2368-57 (outdoor device)\r\nHUAWEI B2368-66 (outdoor device)\r\nHUAWEI B525S-23A\r\nHUAWEI B525S-65A\r\nHUAWEI B525S-95A\r\nHUAWEI B535-932\r\nHUAWEI B612-233\r\nHUAWEI B612-533\r\nHUAWEI B612S-25D\r\nHUAWEI B612S-51D\r\nHUAWEI B612S-52D\r\nHUAWEI B618S-22D\r\nHUAWEI B618S-65D\r\nHUAWEI B618S-66D\r\nHUAWEI B818-263\r\nMIKROTIK CHATEAU LTE12\r\nTP-LINK ARCHER MR600(EU)2.0\r\nVIDA CPE4000-PLUS\r\nVIDA CPE4000-PRO\r\nZTE 5G CPE MC801A\r\nZTE MF286\r\nZTE MF286A\r\nZTE MF286C\r\nZTE MF286C1\r\nZTE MF286D\r\nZTE MF286R\r\nZYXEL LTE7460 (outdoor device)\r\nZYXEL LTE7480-M804	mtn-fixed-business-FS-Pro	Full Speed	Unlimited	500GB, then 2Mbps	f	1099.00	ZAR	t	f	4	2025-07-24 14:00:01.064923	2025-07-24 14:04:07.027687	2	
3	5	Uncapped Wildcard	Uncapped between up to 2Mbps and 20Mbps (Speed is based on how busy the network is)\r\nUse your own 4G/5G router\r\nFree Delivery\r\nPlug and Play\r\nMonth to Month	telkom-wildcard	2Mbps to 20Mbps		FUP: 150GB then 1Mbps	f	427.00	ZAR	t	t	3	2025-05-30 13:17:14.279002	2025-06-19 15:15:04.916021	1	
24	5	Uncapped 10Mbps Basic	48 Hour Sale - This product will only be available for Sale for the next 48 hours.  Signup now to get access.\r\nUncapped up to 10Mbps\r\nUse your own 4G/5G router\r\nFree Delivery\r\nPlug and Play\r\nMonth to Month	telkom-10mbps-basic-sale	10Mbps		FUP: 100GB then 2Mbps	f	387.00	ZAR	t	t	1	2025-06-11 12:13:47.02186	2025-06-24 11:19:56.467545	2	
40	8	MTN Fixed Uncapped up to 50Mbps (Business) Lite	Optimized for Business Use\r\nPriority on the tower over consumers\r\nMonth to Month\r\nLocked to a Location\r\nSIM Only\r\nCan only use compatible routers:\r\nBillion BiPAC 8206 AZ\r\nHUAWEI 5G CPE PRO 2\r\nHUAWEI B2368 (outdoor device)\r\nHUAWEI B2368-22 (outdoor device)\r\nHUAWEI B2368-57 (outdoor device)\r\nHUAWEI B2368-66 (outdoor device)\r\nHUAWEI B525S-23A\r\nHUAWEI B525S-65A\r\nHUAWEI B525S-95A\r\nHUAWEI B535-932\r\nHUAWEI B612-233\r\nHUAWEI B612-533\r\nHUAWEI B612S-25D\r\nHUAWEI B612S-51D\r\nHUAWEI B612S-52D\r\nHUAWEI B618S-22D\r\nHUAWEI B618S-65D\r\nHUAWEI B618S-66D\r\nHUAWEI B818-263\r\nMIKROTIK CHATEAU LTE12\r\nTP-LINK ARCHER MR600(EU)2.0\r\nVIDA CPE4000-PLUS\r\nVIDA CPE4000-PRO\r\nZTE 5G CPE MC801A\r\nZTE MF286\r\nZTE MF286A\r\nZTE MF286C\r\nZTE MF286C1\r\nZTE MF286D\r\nZTE MF286R\r\nZYXEL LTE7460 (outdoor device)\r\nZYXEL LTE7480-M804	mtn-fixed-business-50-lite	Up to 50Mbps	Unlimited	60GB, then 2Mbps	f	459.00	ZAR	t	t	0	2025-07-24 14:05:19.120111	2025-07-24 14:06:12.943852	2	
25	5	Uncapped Wildcard Lite	Uncapped between up to 1Mbps and 8Mbps (Speed is based on how busy the network is)\r\nUse your own 4G/5G router\r\nFree Delivery\r\nPlug and Play\r\nMonth to Month	telkom-wildcard-lite	1Mbps to 8Mbps		FUP: 100GB then 1Mbps	f	337.00	ZAR	t	f	2	2025-06-24 11:18:51.154634	2025-06-24 11:22:38.4391	2	
\.


--
-- TOC entry 3900 (class 0 OID 18053)
-- Dependencies: 254
-- Data for Name: product_category; Type: TABLE DATA; Schema: public; Owner: neondb_owner
--

COPY public.product_category (id, name, description, is_active, created_at, updated_at, product_type) FROM stdin;
5	Telkom 4G/5G Data SIM	Get access to a Telkom 4G/5G Data SIM.  Telkom SIMs are mobile and can be used on any device	t	2025-05-30 12:44:15.565732	2025-05-30 12:44:40.895529	DATA_SIM
6	MTN Mobile 4G/5G Data	Get access to our MTN Mobile data services.  MTN Mobile can be used anywhere there is MTN coverage in South Africa and does not lock to an address.  You can use it in any router or smartphone	t	2025-05-30 12:46:36.267014	2025-05-30 12:46:36.267019	DATA_SIM
8	MTN Fixed 4G/5G Data (Business)	Our Business MTN Fixed 4G/5G Data service has been optimized for Business user, allowing you faster access to all Business related services.  You will also get priority on the tower above other users that are on consumer packages	t	2025-05-30 12:56:21.456637	2025-05-31 14:01:01.190866	MTN_FIXED
7	MTN Fixed 4G/5G Data (Consumer)	MTN Fixed offers Premium Home internet access.  MTN Fixed requires an MTN approved router and will be locked to the location you choose during signup.	t	2025-05-30 12:55:05.295266	2025-05-31 14:01:21.544044	MTN_FIXED
10	SIM Packages	SIM Card Package Orders	t	2025-06-27 18:33:22.798925	2025-06-27 18:33:22.798928	DATA_SIM
11	Telkom One	Telkom One offers you All Network Calling Minutes, Unlimited Data, Free SMS bundles, Free Social bundles and the option to add a Golden Number - which is a special number for example: 0677677677 or 0817070701 - all users get a free incoming number.	t	2025-07-17 15:50:52.760718	2025-07-17 15:50:52.760721	DATA_SIM
\.


--
-- TOC entry 3902 (class 0 OID 18060)
-- Dependencies: 256
-- Data for Name: product_feature; Type: TABLE DATA; Schema: public; Owner: neondb_owner
--

COPY public.product_feature (id, product_id, feature_text, display_order, is_active, created_at) FROM stdin;
17	4	Uncapped up to 5Mbps	1	t	2025-05-31 13:49:55.472786
18	4	Use your own 4G/5G router	2	t	2025-05-31 13:49:55.472789
19	4	Free Delivery	3	t	2025-05-31 13:49:55.47279
20	4	Plug and Play	4	t	2025-05-31 13:49:55.47279
21	4	Month to Month	5	t	2025-05-31 13:49:55.47279
22	5	Uncapped up to 10Mbps	1	t	2025-05-31 13:50:10.14064
23	5	Use your own 4G/5G router	2	t	2025-05-31 13:50:10.140644
24	5	Free Delivery	3	t	2025-05-31 13:50:10.140645
25	5	Plug and Play	4	t	2025-05-31 13:50:10.140645
26	5	Month to Month	5	t	2025-05-31 13:50:10.140646
27	6	Uncapped up to 20Mbps	1	t	2025-05-31 13:50:24.49104
28	6	Use your own 4G/5G router	2	t	2025-05-31 13:50:24.491044
29	6	Free Delivery	3	t	2025-05-31 13:50:24.491044
30	6	Plug and Play	4	t	2025-05-31 13:50:24.491045
31	6	Month to Month	5	t	2025-05-31 13:50:24.491045
32	7	Uncapped up to 50Mbps	1	t	2025-05-31 13:50:38.809246
33	7	Use your own 4G/5G router	2	t	2025-05-31 13:50:38.80925
34	7	Free Delivery	3	t	2025-05-31 13:50:38.809251
35	7	Plug and Play	4	t	2025-05-31 13:50:38.809251
36	7	Month to Month	5	t	2025-05-31 13:50:38.809252
37	8	Uncapped Full Speed (5G)	1	t	2025-05-31 13:50:53.570327
38	8	Use your own 4G/5G router	2	t	2025-05-31 13:50:53.570331
39	8	Free Delivery	3	t	2025-05-31 13:50:53.570332
40	8	Plug and Play	4	t	2025-05-31 13:50:53.570333
41	8	Month to Month	5	t	2025-05-31 13:50:53.570334
42	23	Uncapped Full Speed (5G)	1	t	2025-05-31 13:51:51.273088
43	23	Priority for Business	2	t	2025-05-31 13:51:51.273092
44	23	Use your own 4G/5G router	3	t	2025-05-31 13:51:51.273092
45	23	Free Delivery	4	t	2025-05-31 13:51:51.273093
46	23	Plug and Play	5	t	2025-05-31 13:51:51.273093
47	23	Month to Month	6	t	2025-05-31 13:51:51.273093
48	3	Uncapped between up to 1Mbps and 20Mbps (Speed is based on how busy the network is)	1	t	2025-06-19 15:15:05.304732
49	3	Use your own 4G/5G router	2	t	2025-06-19 15:15:05.304735
50	3	Free Delivery	3	t	2025-06-19 15:15:05.304736
51	3	Plug and Play	4	t	2025-06-19 15:15:05.304737
52	3	Month to Month	5	t	2025-06-19 15:15:05.304737
53	1	Uncapped up to 1.5Mbps	1	t	2025-06-24 11:20:02.649873
54	1	No FUP	2	t	2025-06-24 11:20:02.649876
55	1	Use your own 4G/5G router	3	t	2025-06-24 11:20:02.649877
56	1	Free Delivery	4	t	2025-06-24 11:20:02.649877
57	1	Plug and Play	5	t	2025-06-24 11:20:02.649877
58	1	Month to Month	6	t	2025-06-24 11:20:02.649878
59	2	Uncapped up to 8Mbps	1	t	2025-06-24 11:20:12.988607
60	2	Use your own 4G/5G router	2	t	2025-06-24 11:20:12.98861
61	2	Free Delivery	3	t	2025-06-24 11:20:12.988611
62	2	Plug and Play	4	t	2025-06-24 11:20:12.988611
63	2	Month to Month	5	t	2025-06-24 11:20:12.988612
77	31	15GB Full Speed Any Network Data then 0.5Mbps Uncapped	1	t	2025-07-17 16:12:47.614005
78	31	Can Roam on MTN and Vodacom at the discretion of Telkom	2	t	2025-07-17 16:12:47.614009
79	31	250 All Network Calling Minutes	3	t	2025-07-17 16:12:47.614009
80	31	2000 Telkom to Telkom Calling Minutes	4	t	2025-07-17 16:12:47.61401
81	31	300 SMS Messages	5	t	2025-07-17 16:12:47.61401
82	31	Unlimited Whatsapp & Telegram Data	6	t	2025-07-17 16:12:47.614011
83	31	FREE Nationwide Delivery	7	t	2025-07-17 16:12:47.614011
84	31	SIM Only	8	t	2025-07-17 16:12:47.614012
85	32	10GB Full Speed Any Network Data then 0.5Mbps Uncapped	1	t	2025-07-17 16:14:27.431947
86	32	Can Roam on MTN and Vodacom at the discretion of Telkom	2	t	2025-07-17 16:14:27.43195
87	32	100 All Network Calling Minutes	3	t	2025-07-17 16:14:27.43195
88	32	1000 Telkom to Telkom Calling Minutes	4	t	2025-07-17 16:14:27.43195
89	32	250 SMS Messages	5	t	2025-07-17 16:14:27.431951
90	32	FREE Nationwide Delivery	6	t	2025-07-17 16:14:27.431951
91	32	SIM Only	7	t	2025-07-17 16:14:27.431951
92	33	20GB Full Speed Any Network Data then 0.5Mbps Uncapped	1	t	2025-07-17 16:15:28.852747
93	33	Can Roam on MTN and Vodacom at the discretion of Telkom	2	t	2025-07-17 16:15:28.85275
94	33	350 All Network Calling Minutes	3	t	2025-07-17 16:15:28.85275
95	33	3000 Telkom to Telkom Calling Minutes	4	t	2025-07-17 16:15:28.852751
96	33	400 SMS Messages	5	t	2025-07-17 16:15:28.852751
97	33	Unlimited Whatsapp & Telegram Data	6	t	2025-07-17 16:15:28.852752
98	33	FREE Nationwide Delivery	7	t	2025-07-17 16:15:28.852752
99	33	SIM Only	8	t	2025-07-17 16:15:28.852752
100	34	50GB Full Speed Any Network Data then 0.5Mbps Uncapped	1	t	2025-07-17 16:16:34.120558
101	34	Can Roam on MTN and Vodacom at the discretion of Telkom	2	t	2025-07-17 16:16:34.120563
102	34	1000 All Network Calling Minutes	3	t	2025-07-17 16:16:34.120564
103	34	Unlimited Telkom to Telkom Calling Minutes*	4	t	2025-07-17 16:16:34.120565
104	34	1500 SMS Messages	5	t	2025-07-17 16:16:34.120565
105	34	Unlimited Whatsapp & Telegram Data	6	t	2025-07-17 16:16:34.120566
106	34	Network Priority	7	t	2025-07-17 16:16:34.120566
107	34	FREE Nationwide Delivery	8	t	2025-07-17 16:16:34.120567
108	34	SIM Only	9	t	2025-07-17 16:16:34.120567
185	35	Optimized for Business Use	1	t	2025-07-24 14:04:55.732057
186	35	Priority on the tower over consumers	2	t	2025-07-24 14:04:55.732063
187	35	Month to Month	3	t	2025-07-24 14:04:55.732064
188	35	Locked to a Location	4	t	2025-07-24 14:04:55.732065
189	35	SIM Only	5	t	2025-07-24 14:04:55.732065
190	35	Can only use compatible routers:	6	t	2025-07-24 14:04:55.732066
191	35	Billion BiPAC 8206 AZ	7	t	2025-07-24 14:04:55.732067
192	35	HUAWEI 5G CPE PRO 2	8	t	2025-07-24 14:04:55.732067
193	35	HUAWEI B2368 (outdoor device)	9	t	2025-07-24 14:04:55.732068
194	35	HUAWEI B2368-22 (outdoor device)	10	t	2025-07-24 14:04:55.732069
195	35	HUAWEI B2368-57 (outdoor device)	11	t	2025-07-24 14:04:55.732069
196	35	HUAWEI B2368-66 (outdoor device)	12	t	2025-07-24 14:04:55.73207
197	35	HUAWEI B525S-23A	13	t	2025-07-24 14:04:55.732071
198	35	HUAWEI B525S-65A	14	t	2025-07-24 14:04:55.732071
199	35	HUAWEI B525S-95A	15	t	2025-07-24 14:04:55.732072
200	35	HUAWEI B535-932	16	t	2025-07-24 14:04:55.732073
201	35	HUAWEI B612-233	17	t	2025-07-24 14:04:55.732073
202	35	HUAWEI B612-533	18	t	2025-07-24 14:04:55.732074
203	35	HUAWEI B612S-25D	19	t	2025-07-24 14:04:55.732075
204	35	HUAWEI B612S-51D	20	t	2025-07-24 14:04:55.732075
205	35	HUAWEI B612S-52D	21	t	2025-07-24 14:04:55.732076
206	35	HUAWEI B618S-22D	22	t	2025-07-24 14:04:55.732077
207	35	HUAWEI B618S-65D	23	t	2025-07-24 14:04:55.732077
208	35	HUAWEI B618S-66D	24	t	2025-07-24 14:04:55.732078
209	35	HUAWEI B818-263	25	t	2025-07-24 14:04:55.732079
210	35	MIKROTIK CHATEAU LTE12	26	t	2025-07-24 14:04:55.732079
211	35	TP-LINK ARCHER MR600(EU)2.0	27	t	2025-07-24 14:04:55.73208
212	35	VIDA CPE4000-PLUS	28	t	2025-07-24 14:04:55.732081
213	35	VIDA CPE4000-PRO	29	t	2025-07-24 14:04:55.732082
214	35	ZTE 5G CPE MC801A	30	t	2025-07-24 14:04:55.732082
215	35	ZTE MF286	31	t	2025-07-24 14:04:55.732083
216	35	ZTE MF286A	32	t	2025-07-24 14:04:55.732084
217	35	ZTE MF286C	33	t	2025-07-24 14:04:55.732084
218	35	ZTE MF286C1	34	t	2025-07-24 14:04:55.732085
219	35	ZTE MF286D	35	t	2025-07-24 14:04:55.732085
220	35	ZTE MF286R	36	t	2025-07-24 14:04:55.732086
221	35	ZYXEL LTE7460 (outdoor device)	37	t	2025-07-24 14:04:55.732087
222	35	ZYXEL LTE7480-M804	38	t	2025-07-24 14:04:55.732088
\.


--
-- TOC entry 3940 (class 0 OID 21241)
-- Dependencies: 294
-- Data for Name: seo_pages; Type: TABLE DATA; Schema: public; Owner: neondb_owner
--

COPY public.seo_pages (id, page_path, title, description, keywords, h1_tag, canonical_url, robots, priority, frequency, active, created_at, updated_at) FROM stdin;
1	/	OpenWeb SA Telecom Reseller | Start Your Business	Launch your telecom reseller business with OpenWeb. Comprehensive MTN, Telkom & Vodacom platform with automated billing & SIM tracking.	start telecom reseller business, south african telecommunications, MTN telkom vodacom reseller, telecom business opportunity	Transform Your Telecom Business with SA #1 Reseller Platform	https://reseller.openweb.co.za/	index, follow	1.0	weekly	t	2025-06-27 17:21:46.233158	2025-06-27 17:21:46.233158
2	/login	Reseller Login | OpenWeb Telecom Dashboard	Secure login to your OpenWeb reseller dashboard. Manage MTN, Telkom & Vodacom services, track orders & monitor billing.	telecom reseller login, telecommunications dashboard, MTN reseller portal	Access Your Telecom Reseller Dashboard	https://reseller.openweb.co.za/login	index, follow	0.8	monthly	t	2025-06-27 17:21:46.233158	2025-06-27 17:21:46.233158
3	/register	Become Telecom Reseller | Join OpenWeb SA	Join 500+ successful telecom resellers in SA. Register for OpenWeb platform and start selling MTN, Telkom & Vodacom services.	become telecom reseller, join telecommunications business, MTN telkom vodacom partner	Start Your Telecom Reseller Business Today	https://reseller.openweb.co.za/register	index, follow	0.9	monthly	t	2025-06-27 17:21:46.233158	2025-06-27 17:21:46.233158
4	/reseller/products	Telecom Products | MTN Telkom Vodacom Solutions	Explore comprehensive telecom products through OpenWeb. MTN, Telkom & Vodacom data plans, voice packages & SIM cards.	telecom products south africa, MTN data plans, telkom business solutions	Comprehensive Telecom Products & Services	https://reseller.openweb.co.za/reseller/products	index, follow	0.8	weekly	t	2025-06-27 17:21:46.233158	2025-06-27 17:21:46.233158
5	/reseller/dashboard	Reseller Dashboard | Manage Telecom Operations	Comprehensive reseller dashboard for managing telecom business. Track orders, monitor revenue & analyze performance.	telecom reseller dashboard, telecommunications business management	Your Telecom Business Command Center	https://reseller.openweb.co.za/reseller/dashboard	index, follow	0.7	daily	t	2025-06-27 17:21:46.233158	2025-06-27 17:21:46.233158
\.


--
-- TOC entry 3930 (class 0 OID 20505)
-- Dependencies: 284
-- Data for Name: seo_settings; Type: TABLE DATA; Schema: public; Owner: neondb_owner
--

COPY public.seo_settings (id, site_title, meta_description, meta_keywords, homepage_title, homepage_description, homepage_keywords, og_title, og_description, og_image, og_type, twitter_card, twitter_site, twitter_creator, canonical_url, robots_meta, google_site_verification, google_analytics_id, google_tag_manager_id, organization_name, organization_url, organization_logo, organization_phone, organization_email, business_type, business_address, business_city, business_state, business_postal_code, business_country, favicon_url, apple_touch_icon, theme_color, enable_sitemap, enable_robots_txt, custom_robots_txt, language, region, created_at, updated_at, updated_by_id) FROM stdin;
1	OpenWeb SA Telecom Reseller | #1 Platform	Leading South African telecom reseller platform. Manage MTN, Telkom & Vodacom services with automated billing, SIM management & real-time analytics.	south african telecom reseller, MTN reseller management, telkom reseller platform, vodacom reseller system, telecommunications business management, SIM card management, telecom billing software, reseller portal south africa, mobile network reseller, data reseller platform, cellular reseller management, telecommunications CRM	OpenWeb - #1 SA Telecom Reseller Platform	Transform your telecom reseller business with OpenWeb. Manage MTN, Telkom & Vodacom services, automate billing, track inventory & scale your business.	south african telecom reseller, MTN telkom vodacom reseller, telecommunications management platform, mobile network reseller south africa, telecom business automation	OpenWeb - Transform Your SA Telecom Business	Join 500+ successful telecom resellers using OpenWeb platform to manage MTN, Telkom & Vodacom services. Automated billing & real-time analytics.		business.business	summary_large_image	@OpenWebSA	@OpenWebSA	https://reseller.openweb.co.za	index, follow				OpenWeb Telecommunications	https://reseller.openweb.co.za		+27 11 123 4567	info@openweb.co.za	TelecommunicationsProvider	123 Business District	Johannesburg	Gauteng	2000	South Africa	/static/uploads/favicon/favicon_fe4d1dce.png		#0066cc	t	t		en	ZA	2025-06-18 12:21:37.717847	2025-06-27 17:21:46.233158	14
\.


--
-- TOC entry 3932 (class 0 OID 20860)
-- Dependencies: 286
-- Data for Name: service_upgrade_downgrade; Type: TABLE DATA; Schema: public; Owner: neondb_owner
--

COPY public.service_upgrade_downgrade (id, service_id, reseller_id, current_product_id, new_product_id, current_monthly_fee, new_monthly_fee, upgrade_fee, request_type, status, effective_date, effective_month, payment_required, payment_completed, stripe_session_id, refund_required, refund_completed, reason, admin_notes, created_at, processed_at, approved_at, rejected_at, approved_by_id, rejected_by_id) FROM stdin;
\.


--
-- TOC entry 3905 (class 0 OID 18070)
-- Dependencies: 259
-- Data for Name: services; Type: TABLE DATA; Schema: public; Owner: neondb_owner
--

COPY public.services (id, reseller_id, product_id, status, start_date, end_date, monthly_fee, notes, created_at, updated_at, msisdn, sim_serial, username, name, description, cancellation_requested_at, cancellation_effective_date, cancellation_reason, cancelled_by_id, enduser_id) FROM stdin;
79	83	6	scheduled	2025-07-04	\N	587.00		2025-07-04 15:31:43.886133	2025-07-23 05:08:27.768685	0681612111	89270200240405059380		Uncapped 20Mbps Service for alwin@capalpty.co.za	Admin-provisioned Uncapped 20Mbps service	2025-07-23 05:08:27.510773	2025-08-31	not receiving 20mbps only 2 mbps	83	\N
3	15	2	active	2025-06-04	\N	348.30		2025-06-04 11:21:05.072587	2025-07-01 15:01:19.979617	0683656982	89270277240011347250	ordered 2025/05/01	\N	\N	\N	\N	\N	\N	\N
4	15	2	active	2025-06-04	\N	348.30		2025-06-04 11:21:36.644958	2025-07-01 15:01:19.979617	0671358921	89270277240011346328	Ordered 2025/05/01	\N	\N	\N	\N	\N	\N	\N
5	15	2	active	2025-06-04	\N	348.30		2025-06-04 11:21:58.784539	2025-07-01 15:01:19.979617	0684583308	89270277240011346112	Doringdraai	\N	\N	\N	\N	\N	\N	\N
6	15	2	active	2025-06-04	\N	348.30		2025-06-04 11:22:20.36236	2025-07-01 15:01:19.979617	0680741993	89270277240011346336		\N	\N	\N	\N	\N	\N	\N
53	6	9	pending_telkom	2025-06-10	\N	330.30	Provisioned from order ORD8425769 for enduser lte@openweb.co.za [SUSPENDED: Insufficient credit for renewal on 2025-07-01 14:57:34.919379+02]\r\n[REACTIVATED: Admin credit deduction on 2025-07-02 15:36]	2025-06-10 15:08:45.962076	2025-07-26 14:56:40.609222	2785484545	48457851		\N	\N	\N	\N	\N	\N	\N
9	15	2	active	2025-06-05	\N	348.30		2025-06-05 09:07:06.984184	2025-07-01 15:01:19.979617	0680223569	89270200240405059109	Oord	\N	\N	\N	\N	\N	\N	\N
10	15	2	active	2025-06-05	\N	348.30		2025-06-05 09:08:14.921254	2025-07-01 15:01:19.979617	0681339968	89270200240405059117	210 Westinghouse	\N	\N	\N	\N	\N	\N	\N
82	117	20	active	2025-07-14	\N	573.30	ARMY 1	2025-07-14 12:21:50.552248	2025-07-14 12:21:50.552254	279602002038895	7529956451	army1@openwebwifi	Uncapped 75Mbps Pro Service for chriskby@gmail.com	Admin-provisioned Uncapped 75Mbps Pro service	\N	\N	\N	\N	\N
13	30	3	active	2025-06-05	\N	384.30		2025-06-05 13:01:53.693823	2025-07-01 15:01:21.137365	0682867936	89270277240011347334	AMINNIE 3	Uncapped Wildcard Service for Info@flashybee.co.za	Admin-provisioned Uncapped Wildcard service	\N	\N	\N	\N	\N
16	30	3	active	2025-06-05	\N	384.30		2025-06-05 13:03:40.204158	2025-07-01 15:01:21.137365	0670426152	89270277240011346849	Tbezuidenhout	Uncapped Wildcard Service for Info@flashybee.co.za	Admin-provisioned Uncapped Wildcard service	\N	\N	\N	\N	\N
17	30	3	active	2025-06-05	\N	384.30		2025-06-05 13:05:22.788909	2025-07-01 15:01:21.137365	0671183408	89270277240011346831	A Naude	Uncapped Wildcard Service for Info@flashybee.co.za	Admin-provisioned Uncapped Wildcard service	\N	\N	\N	\N	\N
92	117	10	active	2025-07-14	\N	402.30		2025-07-14 12:50:15.495015	2025-07-14 12:50:15.495021	27605720399	9716335887	27605720399@mobile.is.co.za	Uncapped - 5Mbps  Service for chriskby@gmail.com	Admin-provisioned Uncapped - 5Mbps  service	\N	\N	\N	\N	\N
18	30	3	active	2025-06-05	\N	384.30		2025-06-05 13:05:52.059327	2025-07-01 15:01:21.137365	0693206782	89270288240102647300	0693206782	Uncapped Wildcard Service for Info@flashybee.co.za	Admin-provisioned Uncapped Wildcard service	\N	\N	\N	\N	\N
61	6	3	active	2025-06-15	\N	384.30	Provisioned from order ORD1035203 for lte@openweb.co.za [SUSPENDED: Insufficient credit for renewal on 2025-07-01 14:57:34.919379+02]\n[REACTIVATED: Admin credit deduction on 2025-07-02 15:36]	2025-06-15 10:15:55.959513	2025-07-02 15:36:19.211095	27764129091	123456712	12541@mobile.is.co.za	\N	\N	\N	\N	\N	\N	\N
62	6	9	active	2025-06-15	\N	330.30	Provisioned from order ORD8117778 for lte@openweb.co.za [SUSPENDED: Insufficient credit for renewal on 2025-07-01 14:57:34.919379+02]\n[REACTIVATED: Admin credit deduction on 2025-07-02 15:36]	2025-06-15 10:23:03.445622	2025-07-02 15:36:20.005516	27554145551	15411456541		\N	\N	\N	\N	\N	\N	\N
63	6	1	active	2025-06-15	\N	303.30	Provisioned from order ORD4347759 for lte@openweb.co.za [SUSPENDED: Insufficient credit for renewal on 2025-07-01 14:57:34.919379+02]\n[REACTIVATED: Admin credit deduction on 2025-07-02 15:36]	2025-06-15 10:29:38.582837	2025-07-02 15:36:20.005519	27764129088	123456713		\N	\N	\N	\N	\N	\N	\N
64	6	1	active	2025-06-15	\N	303.30	Provisioned from order ORD7614829 for lte@openweb.co.za [SUSPENDED: Insufficient credit for renewal on 2025-07-01 14:57:34.919379+02]\n[REACTIVATED: Admin credit deduction on 2025-07-02 15:36]	2025-06-15 10:35:58.879506	2025-07-02 15:36:20.00552	27415411251	154412141474		\N	\N	\N	\N	\N	\N	\N
65	6	1	active	2025-06-15	\N	303.30	Provisioned from order ORD7993536 for lte@openweb.co.za [SUSPENDED: Insufficient credit for renewal on 2025-07-01 14:57:34.919379+02]\n[REACTIVATED: Admin credit deduction on 2025-07-02 15:36]	2025-06-15 10:41:24.397999	2025-07-02 15:36:20.005521	277645874451	4481454411		\N	\N	\N	\N	\N	\N	\N
67	6	1	active	2025-06-15	\N	303.30	Provisioned from order ORD6985177 for lte@openweb.co.za [SUSPENDED: Insufficient credit for renewal on 2025-07-01 14:57:34.919379+02]\n[REACTIVATED: Admin credit deduction on 2025-07-02 15:36]	2025-06-15 10:52:07.704476	2025-07-02 15:36:20.005521	2754415121	4875154511	malcolm_1750500735791	\N	\N	\N	\N	\N	\N	97
68	6	1	active	2025-06-15	\N	303.30	Provisioned from order ORD7399621 for lte@openweb.co.za [SUSPENDED: Insufficient credit for renewal on 2025-07-01 14:57:34.919379+02]\n[REACTIVATED: Admin credit deduction on 2025-07-02 15:36]	2025-06-15 10:57:52.605443	2025-07-02 15:36:20.005522	27415421544	165451444	charl_1750502002060	\N	\N	\N	\N	\N	\N	98
74	6	9	active	2025-06-19	\N	397.00	Provisioned from order ORD1746835 for lte@openweb.co.za | Upgrade from Uncapped - 2Mbps to 100GB Full Speed Anytime on 2025-06-26 (Order: ORD3833202) | Upgrade from 100GB Full Speed Anytime to Uncapped - 10Mbps on 2025-06-26 (Order: ORD0629057) | Downgrade from Uncapped - 10Mbps to Uncapped - 2Mbps on 2025-06-27 (Order: ORD2667365) [SUSPENDED: Insufficient credit for renewal on 2025-07-01 14:57:34.919379+02]\n[REACTIVATED: Admin credit deduction on 2025-07-02 15:36]	2025-06-19 15:29:16.461609	2025-07-02 15:36:20.005522	27605860166	9712250049	27605860166@mobile.is.co.za	\N	\N	\N	\N	\N	\N	\N
97	117	4	active	2025-07-14	\N	384.30	Synobia Smith	2025-07-14 13:02:05.808677	2025-07-14 13:02:05.808684	0695654979	89270200200256063774	0695654979	Uncapped 5Mbps Service for chriskby@gmail.com	Admin-provisioned Uncapped 5Mbps service	\N	\N	\N	\N	\N
25	30	3	active	2025-06-10	2025-07-31	384.30		2025-06-10 10:07:35.406127	2025-07-07 07:22:23.305094	0751515354	89270277250018808097	Jrossouw	Uncapped Wildcard Service for info@flashybee.co.za	Admin-provisioned Uncapped Wildcard service	\N	\N	\N	\N	\N
15	30	3	active	2025-06-05	2025-07-31	384.30		2025-06-05 13:03:03.381786	2025-07-07 07:25:34.259583	0693821156	89270277240011347318	AMINNIE  1	Uncapped Wildcard Service for Info@flashybee.co.za	Admin-provisioned Uncapped Wildcard service	\N	\N	\N	\N	\N
99	117	5	active	2025-07-14	\N	438.30		2025-07-14 13:05:50.46508	2025-07-14 13:05:50.465086	0813790579	89270200190277086575	0813790579	Uncapped 10Mbps Service for chriskby@gmail.com	Admin-provisioned Uncapped 10Mbps service	\N	\N	\N	\N	\N
98	117	4	active	2025-07-14	\N	384.30		2025-07-14 13:03:15.100291	2025-07-14 13:03:15.100298	0659430911	89270200200256062644	0659430911	Uncapped 5Mbps Service for chriskby@gmail.com	Admin-provisioned Uncapped 5Mbps service	\N	\N	\N	\N	\N
11	15	8	active	2025-06-05	2025-01-08	989.00	FUP reached | Upgrade from Uncapped 50Mbps to Uncapped Full Speed Pro on 2025-07-03 (Order: ORD6317741)\r\nNEED REPLACEMENT SIM FOR DOWNGRADE	2025-06-05 09:10:50.768908	2025-07-14 11:01:37.174196	0683471317	89270277240011345783	35 Hendrik Potgieter	\N	\N	\N	\N	\N	\N	\N
105	117	5	active	2025-07-14	\N	438.30	Faisal Aysen	2025-07-14 13:17:01.987997	2025-07-14 13:17:01.988003	0676695280	89270288210022546429	0676695280	Uncapped 10Mbps Service for chriskby@gmail.com	Admin-provisioned Uncapped 10Mbps service	\N	\N	\N	\N	\N
106	117	6	active	2025-07-14	\N	528.30	Lezara x3	2025-07-14 13:18:11.147403	2025-07-14 13:18:11.14741	0697529568	89270288210022546841	0697529568	Uncapped 20Mbps Service for chriskby@gmail.com	Admin-provisioned Uncapped 20Mbps service	\N	\N	\N	\N	\N
8	15	5	active	2025-06-04	\N	438.30		2025-06-04 11:23:06.183474	2025-07-16 14:50:49.903903	0680935287	89270277240011346344	Piet Uys	\N	\N	2025-07-07 12:56:27.374021	2025-08-31	Client is not with us anymore	15	\N
7	15	2	active	2025-06-04	\N	348.30	ex Spurwwig	2025-06-04 11:22:40.672559	2025-07-25 14:38:08.377125	0602982313	89270277240011346310	23 Hendrik Potgieter Drive 	\N	\N	\N	\N	\N	\N	53
14	30	3	active	2025-06-05	\N	384.30		2025-06-05 13:02:29.969671	2025-07-01 15:01:21.137365	0601367652	89270277240011347326	0601367652	Uncapped Wildcard Service for Info@flashybee.co.za	Admin-provisioned Uncapped Wildcard service	\N	\N	\N	\N	\N
72	61	2	active	2025-06-17	\N	387.00	Provisioned from order ORD7249580 for alvinv@umbai.co.za	2025-06-17 11:38:57.880749	2025-07-01 15:01:22.676226	0751067385	89270200240405057806	ORD7249580	\N	\N	\N	\N	\N	\N	\N
22	6	1	active	2025-06-09	\N	303.30	Provisioned from order ORD4038773 for enduser marlene [SUSPENDED: Insufficient credit for renewal on 2025-07-01 14:57:34.919379+02]\n[REACTIVATED: Admin credit deduction on 2025-07-02 15:36]	2025-06-09 14:24:25.909364	2025-07-02 15:36:18.282416	27726548774	5845417414		\N	\N	\N	\N	\N	\N	\N
23	6	9	active	2025-06-09	\N	330.30	Provisioned from order ORD5417294 for enduser marlene [SUSPENDED: Insufficient credit for renewal on 2025-07-01 14:57:34.919379+02]\n[REACTIVATED: Admin credit deduction on 2025-07-02 15:36]	2025-06-09 14:33:16.476958	2025-07-02 15:36:18.549585	27415478445	1578454		\N	\N	\N	\N	\N	\N	12
24	6	4	active	2025-06-09	\N	384.30	Provisioned from order ORD4012522 for enduser marlene [SUSPENDED: Insufficient credit for renewal on 2025-07-01 14:57:34.919379+02]\n[REACTIVATED: Admin credit deduction on 2025-07-02 15:36]	2025-06-09 14:57:35.288555	2025-07-02 15:36:18.81498	27763324548	48454745		\N	\N	\N	\N	\N	\N	\N
66	6	1	active	2025-06-15	\N	303.30	Provisioned from order ORD9989539 for lte@openweb.co.za [SUSPENDED: Insufficient credit for renewal on 2025-07-01 14:57:34.919379+02]\n[REACTIVATED: Admin credit deduction on 2025-07-02 15:36]	2025-06-15 10:47:05.1546	2025-07-02 15:36:18.814982	274125141451	1574554511	marlene_1750437931070	\N	\N	\N	\N	\N	\N	12
52	6	9	active	2025-06-10	\N	330.30	Provisioned from order ORD9086633 for enduser lte@openweb.co.za [SUSPENDED: Insufficient credit for renewal on 2025-07-01 14:57:34.919379+02]\n[REACTIVATED: Admin credit deduction on 2025-07-02 15:36]	2025-06-10 14:50:58.499383	2025-07-02 15:36:19.211091	27764129021	1584585855	1455411@mobile.is.co.za	\N	\N	\N	\N	\N	\N	\N
101	117	6	active	2025-07-14	\N	528.30	YTV John Moeti	2025-07-14 13:08:13.128036	2025-07-14 13:08:13.128044	0614599562	89270288210022547377	0614599562	Uncapped 20Mbps Service for chriskby@gmail.com	Admin-provisioned Uncapped 20Mbps service	\N	\N	\N	\N	\N
102	117	6	active	2025-07-14	\N	528.30		2025-07-14 13:09:31.676867	2025-07-14 13:09:31.676876	0682791653	89270200190277086732	0682791653	Uncapped 20Mbps Service for chriskby@gmail.com	Admin-provisioned Uncapped 20Mbps service	\N	\N	\N	\N	\N
107	117	6	active	2025-07-14	\N	528.30	Michael Isaacs	2025-07-14 13:19:09.020486	2025-07-14 13:19:09.020491	0697630708	89270288210022547369	0697630708	Uncapped 20Mbps Service for chriskby@gmail.com	Admin-provisioned Uncapped 20Mbps service	\N	\N	\N	\N	\N
77	117	22	active	2025-07-03	\N	897.30	Provisioned from order ORD7131353 for chriskby@gmail.com	2025-07-03 11:02:47.405568	2025-07-03 11:16:29.668783	279603001679552	7564870500	chris24@openwebwifi	\N	\N	\N	\N	\N	\N	134
108	117	6	active	2025-07-14	\N	528.30	Lezara x4	2025-07-14 13:20:32.597838	2025-07-14 13:20:32.597845	0697512222	89270288210022546833	0697512222	Uncapped 20Mbps Service for chriskby@gmail.com	Admin-provisioned Uncapped 20Mbps service	\N	\N	\N	\N	\N
75	35	25	suspended	2025-06-25	\N	337.00	Provisioned from order ORD6497323 for louisvt46@gmail.com [SUSPENDED: Insufficient credit for renewal on 2025-07-01 14:57:38.432662+02]	2025-06-25 15:00:06.952863	2025-07-01 14:57:38.432662	0679505876	89270200240405059166	0679505876	\N	\N	\N	\N	\N	\N	\N
73	6	17	scheduled	2025-06-18	\N	312.30		2025-06-18 10:34:57.641273	2025-06-19 13:09:33.181977	279603001656674	7882086896	lindsay@openwebwifi	Uncapped 20Mbps Lite Service for lte@openweb.co.za	Admin-provisioned Uncapped 20Mbps Lite service	2025-06-19 13:09:33.048611	2025-07-31	\N	6	\N
80	83	25	active	2025-07-04	\N	337.00		2025-07-04 15:36:01.116052	2025-07-04 15:36:01.116058	0614574259	89270200240405059372		Uncapped Wildcard Lite Service for alwin@capalpty.co.za	Admin-provisioned Uncapped Wildcard Lite service	\N	\N	\N	\N	\N
76	35	3	suspended	2025-06-25	\N	427.00	Provisioned from order ORD4117533 for louisvt46@gmail.com [SUSPENDED: Insufficient credit for renewal on 2025-07-01 14:57:38.432662+02]	2025-06-25 15:07:59.214486	2025-07-01 14:57:38.432662	0692426495	89270200240405057525	0692426495	\N	\N	\N	\N	\N	\N	\N
112	117	5	active	2025-07-14	\N	438.30	Eva Magarieta Keet	2025-07-14 13:29:29.720351	2025-07-14 13:38:09.733248	0670612080	89270288210022546403	0670612080	Uncapped 10Mbps Service for chriskby@gmail.com	Admin-provisioned Uncapped 10Mbps service	\N	\N	\N	\N	\N
83	117	20	active	2025-07-14	\N	573.30	ARMY 2	2025-07-14 12:26:52.188891	2025-07-14 12:26:52.188899	279603002514693	7564870120	army2@openwebwifi	Uncapped 75Mbps Pro Service for chriskby@gmail.com	Admin-provisioned Uncapped 75Mbps Pro service	\N	\N	\N	\N	\N
87	117	21	active	2025-07-14	\N	377.10	Chandre Lisle Conelius	2025-07-14 12:39:52.656025	2025-07-14 12:39:52.656032	27657074484	7565015394	chris1@openwebwifi	Uncapped 150Mbps Lite Service for chriskby@gmail.com	Admin-provisioned Uncapped 150Mbps Lite service	\N	\N	\N	\N	\N
88	117	10	active	2025-07-14	\N	402.30	Ywifi	2025-07-14 12:43:04.256552	2025-07-14 12:43:04.256558	27605322291	9716335929	27605322291@mobile.is.co.za	Uncapped - 5Mbps  Service for chriskby@gmail.com	Admin-provisioned Uncapped - 5Mbps  service	\N	\N	\N	\N	\N
93	117	12	active	2025-07-14	\N	746.10	YWIFI	2025-07-14 12:52:30.580077	2025-07-14 12:52:30.580085	27632540946	9712251484	27632540946@mobile.is.co.za	Uncapped - 20Mbps Service for chriskby@gmail.com	Admin-provisioned Uncapped - 20Mbps service	\N	\N	\N	\N	\N
100	117	5	active	2025-07-14	\N	438.30		2025-07-14 13:07:18.381824	2025-07-14 13:07:18.381832	0680409282	89270200190277086609	0680409282	Uncapped 10Mbps Service for chriskby@gmail.com	Admin-provisioned Uncapped 10Mbps service	\N	\N	\N	\N	\N
115	117	6	active	2025-07-14	\N	528.30	Grant Afrique	2025-07-14 13:46:59.651277	2025-07-14 13:46:59.651285	0698901448	89270200190277086351	0698901448	Uncapped 20Mbps Service for chriskby@gmail.com	Admin-provisioned Uncapped 20Mbps service	\N	\N	\N	\N	\N
119	108	24	active	2025-07-16	\N	387.00	Provisioned from order ORD4734256 for lawrence@lsmit.co.za	2025-07-16 09:38:44.00016	2025-07-16 12:08:51.198746	0815165074	89270277240032434384	0815165074	\N	\N	\N	\N	\N	\N	\N
117	33	13	suspended	2025-07-14	\N	379.00		2025-07-14 14:31:43.091278	2025-07-18 09:02:17.48031	9712250239	9712250239	9712250239	50GB Full Speed Anytime Service for Accounts@tssngroup.co.za	Admin-provisioned 50GB Full Speed Anytime service	\N	\N	\N	\N	\N
122	100	9	active	2025-07-22	\N	397.00	Provisioned from order ORD9728841 for internet@thasil.co.za	2025-07-22 12:49:47.772391	2025-07-22 14:41:04.343896	27605863449	9712249710	27605863449@mobile.is.co.za	\N	\N	\N	\N	\N	\N	152
126	132	7	active	2025-07-24	\N	787.00	Provisioned from order ORD6792988 for hugo@bfn.co.za	2025-07-24 08:42:23.605531	2025-07-25 14:32:56.14068	0658439120	89270200240405059224		\N	\N	\N	\N	\N	\N	\N
128	6	4	active	2025-07-25	\N	384.30	Provisioned from order ORD1678894 for lte@openweb.co.za	2025-07-25 13:19:12.178391	2025-07-25 13:19:12.178397	278266544514	8927021545211		\N	\N	\N	\N	\N	\N	\N
130	6	5	active	2025-07-25	\N	438.30	Provisioned from order ORD7147438 for lte@openweb.co.za	2025-07-25 13:44:38.299834	2025-07-25 13:44:38.299838	27415478411	892702002154841		\N	\N	\N	\N	\N	\N	\N
132	6	31	active	2025-07-25	\N	359.10	Provisioned from order ORD5367121 for lte@openweb.co.za	2025-07-25 14:14:36.95053	2025-07-25 14:14:36.950535	2785154117445	892774154154		\N	\N	\N	\N	\N	\N	\N
124	132	7	active	2025-07-24	\N	787.00	Provisioned from order ORD2539510 for hugo@bfn.co.za	2025-07-24 08:27:49.820288	2025-07-25 14:32:10.620872	0677968357	89270200240405059208		\N	\N	\N	\N	\N	\N	\N
30	24	1	suspended	2025-06-10	\N	320.15	 [SUSPENDED: Insufficient credit for renewal on 2025-07-01 14:57:36.487685+02]	2025-06-10 11:35:27.240196	2025-07-01 14:57:36.487685	0659118299	89270277240011346807		Uncapped 1.5Mbps Service for office@uncappify.co.za	Admin-provisioned Uncapped 1.5Mbps service	\N	\N	\N	\N	\N
31	24	1	suspended	2025-06-10	\N	320.15	 [SUSPENDED: Insufficient credit for renewal on 2025-07-01 14:57:36.487685+02]	2025-06-10 11:35:58.918931	2025-07-01 14:57:36.487685	0693203219	89270277240011346278		Uncapped 1.5Mbps Service for office@uncappify.co.za	Admin-provisioned Uncapped 1.5Mbps service	\N	\N	\N	\N	\N
26	24	1	suspended	2025-06-10	\N	320.15	 [SUSPENDED: Insufficient credit for renewal on 2025-07-01 14:57:36.487685+02]	2025-06-10 11:33:03.32607	2025-07-01 14:57:36.487685	0695659355	89270277240011346609		Uncapped 1.5Mbps Service for office@uncappify.co.za	Admin-provisioned Uncapped 1.5Mbps service	\N	\N	\N	\N	\N
27	24	1	suspended	2025-06-10	\N	320.15	 [SUSPENDED: Insufficient credit for renewal on 2025-07-01 14:57:36.487685+02]	2025-06-10 11:33:37.947476	2025-07-01 14:57:36.487685	0683486123	89270277240011346658		Uncapped 1.5Mbps Service for office@uncappify.co.za	Admin-provisioned Uncapped 1.5Mbps service	\N	\N	\N	\N	\N
28	24	1	suspended	2025-06-10	\N	320.15	 [SUSPENDED: Insufficient credit for renewal on 2025-07-01 14:57:36.487685+02]	2025-06-10 11:34:19.073256	2025-07-01 14:57:36.487685	0812815830	89270277240011346625		Uncapped 1.5Mbps Service for office@uncappify.co.za	Admin-provisioned Uncapped 1.5Mbps service	\N	\N	\N	\N	\N
29	24	1	suspended	2025-06-10	\N	320.15	 [SUSPENDED: Insufficient credit for renewal on 2025-07-01 14:57:36.487685+02]	2025-06-10 11:34:53.462536	2025-07-01 14:57:36.487685	0672515023	89270277240011346633		Uncapped 1.5Mbps Service for office@uncappify.co.za	Admin-provisioned Uncapped 1.5Mbps service	\N	\N	\N	\N	\N
32	24	1	suspended	2025-06-10	\N	320.15	 [SUSPENDED: Insufficient credit for renewal on 2025-07-01 14:57:36.487685+02]	2025-06-10 11:36:25.853555	2025-07-01 14:57:36.487685	0684160334	89270277240011346377		Uncapped 1.5Mbps Service for office@uncappify.co.za	Admin-provisioned Uncapped 1.5Mbps service	\N	\N	\N	\N	\N
33	24	1	suspended	2025-06-10	\N	320.15	 [SUSPENDED: Insufficient credit for renewal on 2025-07-01 14:57:36.487685+02]	2025-06-10 11:36:57.107403	2025-07-01 14:57:36.487685	0681533729	89270277240011346351		Uncapped 1.5Mbps Service for office@uncappify.co.za	Admin-provisioned Uncapped 1.5Mbps service	\N	\N	\N	\N	\N
34	24	1	suspended	2025-06-10	\N	320.15	 [SUSPENDED: Insufficient credit for renewal on 2025-07-01 14:57:36.487685+02]	2025-06-10 11:37:23.292182	2025-07-01 14:57:36.487685	0682043170	89270277240011346369		Uncapped 1.5Mbps Service for office@uncappify.co.za	Admin-provisioned Uncapped 1.5Mbps service	\N	\N	\N	\N	\N
35	24	1	suspended	2025-06-10	\N	320.15	 [SUSPENDED: Insufficient credit for renewal on 2025-07-01 14:57:36.487685+02]	2025-06-10 11:37:47.569771	2025-07-01 14:57:36.487685	0698252753	89270277240011346393		Uncapped 1.5Mbps Service for office@uncappify.co.za	Admin-provisioned Uncapped 1.5Mbps service	\N	\N	\N	\N	\N
36	24	1	suspended	2025-06-10	\N	320.15	 [SUSPENDED: Insufficient credit for renewal on 2025-07-01 14:57:36.487685+02]	2025-06-10 11:38:16.953371	2025-07-01 14:57:36.487685	0678441711	89270277240011346617		Uncapped 1.5Mbps Service for office@uncappify.co.za	Admin-provisioned Uncapped 1.5Mbps service	\N	\N	\N	\N	\N
37	24	1	suspended	2025-06-10	\N	320.15	 [SUSPENDED: Insufficient credit for renewal on 2025-07-01 14:57:36.487685+02]	2025-06-10 11:38:46.86322	2025-07-01 14:57:36.487685	0752081855	89270277250018808121		Uncapped 1.5Mbps Service for office@uncappify.co.za	Admin-provisioned Uncapped 1.5Mbps service	\N	\N	\N	\N	\N
38	24	1	suspended	2025-06-10	\N	320.15	 [SUSPENDED: Insufficient credit for renewal on 2025-07-01 14:57:36.487685+02]	2025-06-10 11:39:13.379881	2025-07-01 14:57:36.487685	0751622131	89270277250018808089		Uncapped 1.5Mbps Service for office@uncappify.co.za	Admin-provisioned Uncapped 1.5Mbps service	\N	\N	\N	\N	\N
39	24	1	suspended	2025-06-10	\N	320.15	 [SUSPENDED: Insufficient credit for renewal on 2025-07-01 14:57:36.487685+02]	2025-06-10 11:39:41.966453	2025-07-01 14:57:36.487685	0752720758	89270277250018808162		Uncapped 1.5Mbps Service for office@uncappify.co.za	Admin-provisioned Uncapped 1.5Mbps service	\N	\N	\N	\N	\N
40	24	1	suspended	2025-06-10	\N	320.15	 [SUSPENDED: Insufficient credit for renewal on 2025-07-01 14:57:36.487685+02]	2025-06-10 11:40:06.142919	2025-07-01 14:57:36.487685	0751806102	89270277250018808139		Uncapped 1.5Mbps Service for office@uncappify.co.za	Admin-provisioned Uncapped 1.5Mbps service	\N	\N	\N	\N	\N
41	24	1	suspended	2025-06-10	\N	320.15	 [SUSPENDED: Insufficient credit for renewal on 2025-07-01 14:57:36.487685+02]	2025-06-10 11:40:31.784407	2025-07-01 14:57:36.487685	0752460029	89270277250018808147		Uncapped 1.5Mbps Service for office@uncappify.co.za	Admin-provisioned Uncapped 1.5Mbps service	\N	\N	\N	\N	\N
42	24	1	suspended	2025-06-10	\N	320.15	 [SUSPENDED: Insufficient credit for renewal on 2025-07-01 14:57:36.487685+02]	2025-06-10 11:40:54.812163	2025-07-01 14:57:36.487685	0753802149	89270277250018808154		Uncapped 1.5Mbps Service for office@uncappify.co.za	Admin-provisioned Uncapped 1.5Mbps service	\N	\N	\N	\N	\N
43	24	1	suspended	2025-06-10	\N	320.15	 [SUSPENDED: Insufficient credit for renewal on 2025-07-01 14:57:36.487685+02]	2025-06-10 11:41:25.261299	2025-07-01 14:57:36.487685	0753288423	89270277250018808170		Uncapped 1.5Mbps Service for office@uncappify.co.za	Admin-provisioned Uncapped 1.5Mbps service	\N	\N	\N	\N	\N
44	24	1	suspended	2025-06-10	\N	320.15	 [SUSPENDED: Insufficient credit for renewal on 2025-07-01 14:57:36.487685+02]	2025-06-10 11:41:50.522917	2025-07-01 14:57:36.487685	0658423766	89270277250018808485		Uncapped 1.5Mbps Service for office@uncappify.co.za	Admin-provisioned Uncapped 1.5Mbps service	\N	\N	\N	\N	\N
45	24	1	suspended	2025-06-10	\N	320.15	 [SUSPENDED: Insufficient credit for renewal on 2025-07-01 14:57:36.487685+02]	2025-06-10 11:42:17.479447	2025-07-01 14:57:36.487685	0753478250	89270277250018808469		Uncapped 1.5Mbps Service for office@uncappify.co.za	Admin-provisioned Uncapped 1.5Mbps service	\N	\N	\N	\N	\N
46	24	1	suspended	2025-06-10	\N	320.15	 [SUSPENDED: Insufficient credit for renewal on 2025-07-01 14:57:36.487685+02]	2025-06-10 11:42:46.380173	2025-07-01 14:57:36.487685	0753558116	89270277250018808451		Uncapped 1.5Mbps Service for office@uncappify.co.za	Admin-provisioned Uncapped 1.5Mbps service	\N	\N	\N	\N	\N
47	24	1	suspended	2025-06-10	\N	320.15	 [SUSPENDED: Insufficient credit for renewal on 2025-07-01 14:57:36.487685+02]	2025-06-10 11:43:12.78092	2025-07-01 14:57:36.487685	0753219969	89270277250018808444		Uncapped 1.5Mbps Service for office@uncappify.co.za	Admin-provisioned Uncapped 1.5Mbps service	\N	\N	\N	\N	\N
48	24	1	suspended	2025-06-10	\N	320.15	 [SUSPENDED: Insufficient credit for renewal on 2025-07-01 14:57:36.487685+02]	2025-06-10 11:43:47.668385	2025-07-01 14:57:36.487685	0753045518	89270277250018808188		Uncapped 1.5Mbps Service for office@uncappify.co.za	Admin-provisioned Uncapped 1.5Mbps service	\N	\N	\N	\N	\N
49	24	1	suspended	2025-06-10	\N	320.15	 [SUSPENDED: Insufficient credit for renewal on 2025-07-01 14:57:36.487685+02]	2025-06-10 11:44:18.873001	2025-07-01 14:57:36.487685	0753828330	89270277250018808477		Uncapped 1.5Mbps Service for office@uncappify.co.za	Admin-provisioned Uncapped 1.5Mbps service	\N	\N	\N	\N	\N
51	24	1	suspended	2025-06-10	\N	320.15	 [SUSPENDED: Insufficient credit for renewal on 2025-07-01 14:57:36.487685+02]	2025-06-10 11:44:52.657517	2025-07-01 14:57:36.487685	0697762287	89270277250018808436		Uncapped 1.5Mbps Service for office@uncappify.co.za	Admin-provisioned Uncapped 1.5Mbps service	\N	\N	\N	\N	\N
120	6	32	active	2025-07-17	\N	269.10	Provisioned from order ORD9773549 for lte@openweb.co.za	2025-07-17 17:02:53.248023	2025-07-17 17:02:53.248026	2761525457	89270200215451232		\N	\N	\N	\N	\N	\N	\N
129	6	4	active	2025-07-25	\N	384.30	Provisioned from order ORD9509160 for lte@openweb.co.za	2025-07-25 13:29:57.532436	2025-07-25 13:29:57.532441	27826547854	8927021154114		\N	\N	\N	\N	\N	\N	\N
78	83	6	active	2025-07-03	\N	587.00	Provisioned from order ORD8010664 for alwin@capalpty.co.za	2025-07-03 12:10:34.088156	2025-07-05 05:48:07.416292	0680085422	89270200240405059398	0680085422	\N	\N	\N	\N	\N	\N	140
81	108	19	active	2025-07-11	\N	425.00	Provisioned from order ORD7773904 	2025-07-11 08:20:46.31423	2025-07-14 11:45:27.024483	0685718055	89270277240032434392	ORD7773904	\N	\N	\N	\N	\N	\N	\N
84	117	20	active	2025-07-14	\N	573.30	ARMY 6	2025-07-14 12:28:57.164297	2025-07-14 12:28:57.164304	279602002195850	7564870138	army6@openwebwifi	Uncapped 75Mbps Pro Service for chriskby@gmail.com	Admin-provisioned Uncapped 75Mbps Pro service	\N	\N	\N	\N	\N
85	117	20	active	2025-07-14	\N	573.30	ARMY 7	2025-07-14 12:30:12.49169	2025-07-14 12:30:12.491696	279603001659773	7529956469	army7@openwebwifi	Uncapped 75Mbps Pro Service for chriskby@gmail.com	Admin-provisioned Uncapped 75Mbps Pro service	\N	\N	\N	\N	\N
89	117	12	active	2025-07-14	\N	746.10	Patricia Bessies	2025-07-14 12:44:52.672191	2025-07-14 12:44:52.672197	27605325751	9716335994	27605325751@mobile.is.co.za	Uncapped - 20Mbps Service for chriskby@gmail.com	Admin-provisioned Uncapped - 20Mbps service	\N	\N	\N	\N	\N
91	117	18	active	2025-07-14	\N	485.10	Natasha Carol Jacobs	2025-07-14 12:48:34.914957	2025-07-14 12:48:34.914963	27834970025	7565016681	chrisw1@openwebwifi	Uncapped 20Mbps Pro Service for chriskby@gmail.com	Admin-provisioned Uncapped 20Mbps Pro service	\N	\N	\N	\N	\N
94	117	20	active	2025-07-14	\N	573.30	ARMY 5	2025-07-14 12:56:47.337622	2025-07-14 12:56:47.337631	27632522725	9712251419	27632522725@mobile.is.co.za	Uncapped 75Mbps Pro Service for chriskby@gmail.com	Admin-provisioned Uncapped 75Mbps Pro service	\N	\N	\N	\N	\N
95	117	20	active	2025-07-14	\N	573.30	ARMY 3	2025-07-14 12:58:18.766568	2025-07-14 12:58:18.766576	27635011383	9712251005	27635011383@mobile.is.co.za	Uncapped 75Mbps Pro Service for chriskby@gmail.com	Admin-provisioned Uncapped 75Mbps Pro service	\N	\N	\N	\N	\N
96	117	5	active	2025-07-14	\N	438.30		2025-07-14 12:59:41.826305	2025-07-14 12:59:41.826312	0695647856	89270288210022546494	0695647856	Uncapped 10Mbps Service for chriskby@gmail.com	Admin-provisioned Uncapped 10Mbps service	\N	\N	\N	\N	\N
103	117	6	active	2025-07-14	\N	528.30	Lezara x2	2025-07-14 13:11:03.857249	2025-07-14 13:11:03.857256	0695633425	89270200190277086237	0695633425	Uncapped 20Mbps Service for chriskby@gmail.com	Admin-provisioned Uncapped 20Mbps service	\N	\N	\N	\N	\N
104	117	6	active	2025-07-14	\N	528.30	Lezara x1	2025-07-14 13:15:38.613175	2025-07-14 13:15:38.613181	0677369028	89270288210022546825	0677369028	Uncapped 20Mbps Service for chriskby@gmail.com	Admin-provisioned Uncapped 20Mbps service	\N	\N	\N	\N	\N
109	117	6	active	2025-07-14	\N	528.30	Michael Isaacs	2025-07-14 13:22:12.007996	2025-07-14 13:22:12.008004	0697630708	89270288210022547369	0697630708	Uncapped 20Mbps Service for chriskby@gmail.com	Admin-provisioned Uncapped 20Mbps service	\N	\N	\N	\N	\N
110	117	5	active	2025-07-14	\N	438.30	Monica la Foy	2025-07-14 13:24:41.745183	2025-07-14 13:24:41.745191	0682230206 	89270288210022547393	0682230206 	Uncapped 10Mbps Service for chriskby@gmail.com	Admin-provisioned Uncapped 10Mbps service	\N	\N	\N	\N	\N
113	117	6	active	2025-07-14	\N	528.30	Nazlee Aysen	2025-07-14 13:39:32.002044	2025-07-14 13:39:32.00205	0682508701	89270200190277086716	0682508701	Uncapped 20Mbps Service for chriskby@gmail.com	Admin-provisioned Uncapped 20Mbps service	\N	\N	\N	\N	\N
114	117	6	active	2025-07-14	\N	528.30	Grant Afrique	2025-07-14 13:40:39.99845	2025-07-14 13:40:39.998455	0698901448	89270200190277086351	0698901448	Uncapped 20Mbps Service for chriskby@gmail.com	Admin-provisioned Uncapped 20Mbps service	\N	\N	\N	\N	\N
86	117	12	active	2025-07-14	\N	746.10	Jeetesh Ialla	2025-07-14 12:34:06.742556	2025-07-15 08:31:46.796958	27785114704	9716335952	27785114704@mobile.is.co.za	Uncapped - 20Mbps Service for chriskby@gmail.com	Admin-provisioned Uncapped - 20Mbps service	\N	\N	\N	\N	150
90	117	18	active	2025-07-14	\N	485.10	Jeetesh Ialla	2025-07-14 12:46:58.149892	2025-07-15 18:29:13.297644	27784022081 	7564870104	chris5@openwebwifi	Uncapped 20Mbps Pro Service for chriskby@gmail.com	Admin-provisioned Uncapped 20Mbps Pro service	\N	\N	\N	\N	153
123	108	13	active	2025-07-23	\N	379.00	Provisioned from order ORD0317715 for lawrence@lsmit.co.za	2025-07-23 06:03:59.154878	2025-07-23 07:42:35.017445	27810463812	9712251211	solomon_1753256554048	\N	\N	\N	\N	\N	\N	129
127	118	2	suspended	2025-07-25	\N	387.00	Provisioned from order ORD9390590 for ntandomehlomakulu@dr.com	2025-07-25 06:55:40.66519	2025-07-25 06:58:37.397237	0670091070	89270200240405058754		\N	\N	\N	\N	\N	\N	\N
131	6	4	active	2025-07-25	\N	384.30	Provisioned from order ORD6824481 for lte@openweb.co.za	2025-07-25 14:03:16.066861	2025-07-25 14:03:16.066866	27685221451	892701211441		\N	\N	\N	\N	\N	\N	\N
125	132	7	active	2025-07-24	\N	787.00	Provisioned from order ORD8876489 for hugo@bfn.co.za	2025-07-24 08:40:40.647631	2025-07-25 14:31:02.265433	0658378326	89270200240405059216		\N	\N	\N	\N	\N	\N	\N
121	15	5	active	2025-07-22	\N	438.30	Provisioned from order ORD2247614 for reseller@expertns.co.za	2025-07-22 12:12:29.451992	2025-07-25 14:37:04.970661	0684020390	89270277240032434293	0684020390	\N	\N	\N	\N	\N	\N	157
\.


--
-- TOC entry 3907 (class 0 OID 18076)
-- Dependencies: 261
-- Data for Name: sim_cards; Type: TABLE DATA; Schema: public; Owner: neondb_owner
--

COPY public.sim_cards (id, sim_number, reseller_id, category_id, status, assigned_order_id, assigned_service_id, notes, created_at, assigned_at, activated_at, added_by_id) FROM stdin;
54	7565019370	61	7	available	\N	\N		2025-06-18 14:28:00.109761	\N	\N	2
55	7565019404	61	7	available	\N	\N		2025-06-18 14:28:00.584072	\N	\N	2
56	7565018836	61	7	available	\N	\N		2025-06-18 14:28:01.059791	\N	\N	2
4	89270277240011346203	30	5	available	\N	\N	Backup Telkom SIM cards	2025-06-10 10:45:10.38288	\N	\N	14
5	89270277240011346211	30	5	available	\N	\N	Backup Telkom SIM cards	2025-06-10 10:45:10.438958	\N	\N	14
6	89270277240011346229	30	5	available	\N	\N	Backup Telkom SIM cards	2025-06-10 10:45:10.484336	\N	\N	14
7	89270277240011346237	30	5	available	\N	\N	Backup Telkom SIM cards	2025-06-10 10:45:10.609589	\N	\N	14
14	89270277240011346252	24	5	available	\N	\N	Bulk Telkom SIMs	2025-06-10 10:58:08.610951	\N	\N	14
15	89270277240011346260	24	5	available	\N	\N	Bulk Telkom SIMs	2025-06-10 10:58:08.676514	\N	\N	14
16	89270277240011346294	24	5	available	\N	\N	Bulk Telkom SIMs	2025-06-10 10:58:08.727654	\N	\N	14
17	89270200240405059505	24	5	available	\N	\N	Bulk Telkom SIMs	2025-06-10 10:58:08.775952	\N	\N	14
18	89270200240405059513	24	5	available	\N	\N	Bulk Telkom SIMs	2025-06-10 10:58:08.822694	\N	\N	14
19	89270200240405059521	24	5	available	\N	\N	Bulk Telkom SIMs	2025-06-10 10:58:08.870222	\N	\N	14
20	89270200240405059539	24	5	available	\N	\N	Bulk Telkom SIMs	2025-06-10 10:58:08.916531	\N	\N	14
21	89270200240405059547	24	5	available	\N	\N	Bulk Telkom SIMs	2025-06-10 10:58:08.963282	\N	\N	14
22	89270200240405059554	24	5	available	\N	\N	Bulk Telkom SIMs	2025-06-10 10:58:09.008454	\N	\N	14
23	89270200240405059562	24	5	available	\N	\N	Bulk Telkom SIMs	2025-06-10 10:58:09.053652	\N	\N	14
24	89270200240405059570	24	5	available	\N	\N	Bulk Telkom SIMs	2025-06-10 10:58:09.101992	\N	\N	14
25	89270200240405059588	24	5	available	\N	\N	Bulk Telkom SIMs	2025-06-10 10:58:09.146706	\N	\N	14
26	89270200240405059596	24	5	available	\N	\N	Bulk Telkom SIMs	2025-06-10 10:58:09.193081	\N	\N	14
57	7565018810	61	7	available	\N	\N		2025-06-18 14:28:01.534654	\N	\N	2
58	7565016277	61	7	available	\N	\N		2025-06-18 14:28:02.009273	\N	\N	2
59	7887142215	61	7	available	\N	\N		2025-06-18 14:28:02.48374	\N	\N	2
60	7565018869	61	7	available	\N	\N		2025-06-18 14:28:02.95783	\N	\N	2
61	89270277240032433808	61	5	available	\N	\N		2025-06-18 14:30:12.496058	\N	\N	2
1	123456711	6	5	activated	\N	\N		2025-06-07 12:46:22.928982	\N	\N	2
63	89270200240405059315	83	5	available	\N	\N	Bulk telkom SIMS, not allocated.\r\nDo not attempt to RICA or activate\r\nDo not use the Telkom app\r\n	2025-06-26 05:36:44.81766	\N	\N	14
2	123456712	6	5	activated	\N	\N		2025-06-07 12:46:23.056111	\N	\N	2
64	89270200240405059323	83	5	available	\N	\N	Bulk telkom SIMS, not allocated.\r\nDo not attempt to RICA or activate\r\nDo not use the Telkom app\r\n	2025-06-26 05:36:45.307248	\N	\N	14
27	15411456541	6	6	activated	\N	\N		2025-06-11 10:35:13.586069	\N	\N	2
65	89270200240405059331	83	5	available	\N	\N	Bulk telkom SIMS, not allocated.\r\nDo not attempt to RICA or activate\r\nDo not use the Telkom app\r\n	2025-06-26 05:36:45.79669	\N	\N	14
3	123456713	6	5	activated	\N	\N		2025-06-07 12:46:23.175281	\N	\N	2
66	89270200240405059349	83	5	available	\N	\N	Bulk telkom SIMS, not allocated.\r\nDo not attempt to RICA or activate\r\nDo not use the Telkom app\r\n	2025-06-26 05:36:46.286509	\N	\N	14
30	154412141474	6	5	activated	\N	\N		2025-06-15 09:57:15.619365	\N	\N	2
67	89270200240405059356	83	5	available	\N	\N	Bulk telkom SIMS, not allocated.\r\nDo not attempt to RICA or activate\r\nDo not use the Telkom app\r\n	2025-06-26 05:36:46.77592	\N	\N	14
31	4481454411	6	5	activated	\N	\N		2025-06-15 10:39:38.113714	\N	\N	2
68	89270200240405059364	83	5	available	\N	\N	Bulk telkom SIMS, not allocated.\r\nDo not attempt to RICA or activate\r\nDo not use the Telkom app\r\n	2025-06-26 05:36:47.265171	\N	\N	14
32	1574554511	6	5	activated	\N	\N		2025-06-15 10:39:38.372571	\N	\N	2
33	4875154511	6	5	activated	\N	\N		2025-06-15 10:39:38.630492	\N	\N	2
34	15441214	6	5	activated	\N	\N		2025-06-15 11:02:21.323257	\N	\N	2
35	59744145	6	5	activated	\N	\N		2025-06-15 11:02:21.590828	\N	\N	2
36	15784115	6	5	activated	\N	\N		2025-06-15 11:02:21.857768	\N	\N	2
37	89270277240032433899	61	5	available	\N	\N		2025-06-18 14:26:30.13778	\N	\N	2
38	89270277240032433881	61	5	available	\N	\N		2025-06-18 14:26:30.612175	\N	\N	2
39	89270277240032433873	61	5	available	\N	\N		2025-06-18 14:26:31.085795	\N	\N	2
40	89270277240032433865	61	5	available	\N	\N		2025-06-18 14:26:31.561073	\N	\N	2
41	89270277240032433857	61	5	available	\N	\N		2025-06-18 14:26:32.035143	\N	\N	2
42	89270277240032433840	61	5	available	\N	\N		2025-06-18 14:26:32.508306	\N	\N	2
43	89270277240032433832	61	5	available	\N	\N		2025-06-18 14:26:32.981332	\N	\N	2
44	89270277240032433824	61	5	available	\N	\N		2025-06-18 14:26:33.454323	\N	\N	2
45	89270277240032433816	61	5	available	\N	\N		2025-06-18 14:26:33.927901	\N	\N	2
46	7887142157	61	7	available	\N	\N		2025-06-18 14:27:56.309878	\N	\N	2
47	7887142173	61	7	available	\N	\N		2025-06-18 14:27:56.784798	\N	\N	2
48	7886948976	61	7	available	\N	\N		2025-06-18 14:27:57.259512	\N	\N	2
49	7886948836	61	7	available	\N	\N		2025-06-18 14:27:57.734116	\N	\N	2
50	7564806686	61	7	available	\N	\N		2025-06-18 14:27:58.210043	\N	\N	2
51	7565019156	61	7	available	\N	\N		2025-06-18 14:27:58.685445	\N	\N	2
52	7565018877	61	7	available	\N	\N		2025-06-18 14:27:59.15971	\N	\N	2
53	7565018828	61	7	available	\N	\N		2025-06-18 14:27:59.635451	\N	\N	2
28	5545174154	6	7	available	\N	\N		2025-06-14 13:03:56.022838	\N	\N	2
72	892702002154841	6	5	activated	\N	\N		2025-06-26 15:05:28.178857	\N	\N	2
62	89270200240405059307	83	5	activated	\N	\N	Bulk telkom SIMS, not allocated.\r\nDo not attempt to RICA or activate\r\nDo not use the Telkom app\r\n	2025-06-26 05:36:44.317204	\N	\N	14
85	9712251096	108	6	available	\N	\N		2025-07-03 13:20:32.006216	\N	\N	14
86	9712251153	108	6	available	\N	\N		2025-07-03 13:20:32.496985	\N	\N	14
87	9712251161	108	6	available	\N	\N		2025-07-03 13:20:32.985885	\N	\N	14
88	9712251179	108	6	available	\N	\N		2025-07-03 13:20:33.475116	\N	\N	14
89	9712250312	108	6	available	\N	\N		2025-07-03 13:20:33.965178	\N	\N	14
90	9712250320	108	6	available	\N	\N		2025-07-03 13:20:34.454521	\N	\N	14
91	9712250338	108	6	available	\N	\N		2025-07-03 13:20:34.951328	\N	\N	14
92	9712250304	108	6	available	\N	\N		2025-07-03 13:20:35.44004	\N	\N	14
93	9712250395	108	6	available	\N	\N		2025-07-03 13:20:35.929444	\N	\N	14
95	89270277240032434319	108	5	available	\N	\N		2025-07-03 13:21:40.755913	\N	\N	14
96	89270277240032434327	108	5	available	\N	\N		2025-07-03 13:21:41.246025	\N	\N	14
97	89270277240032434335	108	5	available	\N	\N		2025-07-03 13:21:41.743713	\N	\N	14
98	89270277240032434343	108	5	available	\N	\N		2025-07-03 13:21:42.232628	\N	\N	14
99	89270277240032434350	108	5	available	\N	\N		2025-07-03 13:21:42.721642	\N	\N	14
100	89270277240032434368	108	5	available	\N	\N		2025-07-03 13:21:43.217733	\N	\N	14
101	89270277240032434376	108	5	available	\N	\N		2025-07-03 13:21:43.706934	\N	\N	14
104	7529956477	117	7	available	\N	\N		2025-07-03 14:16:08.422574	\N	\N	14
105	7529956485	117	7	available	\N	\N		2025-07-03 14:16:08.911007	\N	\N	14
106	7565016202	117	7	available	\N	\N		2025-07-03 14:16:09.397885	\N	\N	14
107	7565019313	117	7	available	\N	\N		2025-07-03 14:16:09.884959	\N	\N	14
108	7565016731	117	7	available	\N	\N		2025-07-03 14:16:10.371851	\N	\N	14
109	7564870146	117	7	available	\N	\N		2025-07-03 14:16:10.858505	\N	\N	14
110	7564904937	117	7	available	\N	\N		2025-07-03 14:16:11.345067	\N	\N	14
111	7564904994	117	7	available	\N	\N		2025-07-03 14:16:11.831652	\N	\N	14
112	7564867910	117	7	available	\N	\N		2025-07-03 14:16:12.318497	\N	\N	14
113	7564904929	117	7	available	\N	\N		2025-07-03 14:16:12.808139	\N	\N	14
114	89270288240102645791	117	5	available	\N	\N		2025-07-03 14:16:33.890578	\N	\N	14
115	89270288240035229119	117	5	available	\N	\N		2025-07-03 14:16:34.374914	\N	\N	14
116	89270288240102645775	117	5	available	\N	\N		2025-07-03 14:16:34.859605	\N	\N	14
117	89270288240102645767	117	5	available	\N	\N		2025-07-03 14:16:35.343965	\N	\N	14
118	89270288240035229150	117	5	available	\N	\N		2025-07-03 14:16:35.829697	\N	\N	14
119	89270288240102645783	117	5	available	\N	\N		2025-07-03 14:16:36.316485	\N	\N	14
120	89270288240102645759	117	5	available	\N	\N		2025-07-03 14:16:36.803111	\N	\N	14
121	89270288240035229127	117	5	available	\N	\N		2025-07-03 14:16:37.289873	\N	\N	14
122	89270288240035229135	117	5	available	\N	\N		2025-07-03 14:16:37.776915	\N	\N	14
123	89270288240035229143	117	5	available	\N	\N		2025-07-03 14:16:38.26322	\N	\N	14
124	7564977461	117	6	available	\N	\N		2025-07-03 14:17:10.752963	\N	\N	14
125	9712251054	117	6	available	\N	\N		2025-07-03 14:17:11.239265	\N	\N	14
126	7564977479	117	6	available	\N	\N		2025-07-03 14:17:11.72561	\N	\N	14
127	7564977545	117	6	available	\N	\N		2025-07-03 14:17:12.211807	\N	\N	14
128	7564904713	117	6	available	\N	\N		2025-07-03 14:17:12.698201	\N	\N	14
129	7564806728	117	6	available	\N	\N		2025-07-03 14:17:13.184573	\N	\N	14
130	7564977438	117	6	available	\N	\N		2025-07-03 14:17:13.671075	\N	\N	14
131	7564870500	117	6	available	\N	\N		2025-07-03 14:17:14.157497	\N	\N	14
132	7564977495	117	6	available	\N	\N		2025-07-03 14:17:14.644085	\N	\N	14
133	7564870484	117	6	available	\N	\N		2025-07-03 14:17:15.130874	\N	\N	14
134	7565016236	117	6	available	\N	\N		2025-07-03 14:17:15.617587	\N	\N	14
135	9712251039	117	6	available	\N	\N		2025-07-03 14:17:16.104066	\N	\N	14
136	9712251047	117	6	available	\N	\N		2025-07-03 14:17:16.590205	\N	\N	14
137	89270277240032434202	15	5	available	\N	\N		2025-07-03 14:45:25.486415	\N	\N	14
138	89270277240032434210	15	5	available	\N	\N		2025-07-03 14:45:25.977558	\N	\N	14
139	89270277240032434228	15	5	available	\N	\N		2025-07-03 14:45:26.467986	\N	\N	14
140	89270277240032434236	15	5	available	\N	\N		2025-07-03 14:45:26.958631	\N	\N	14
141	89270277240032434244	15	5	available	\N	\N		2025-07-03 14:45:27.449442	\N	\N	14
142	89270277240032434251	15	5	available	\N	\N		2025-07-03 14:45:27.940149	\N	\N	14
143	89270277240032434269	15	5	available	\N	\N		2025-07-03 14:45:28.430628	\N	\N	14
144	89270277240032434277	15	5	available	\N	\N		2025-07-03 14:45:28.92088	\N	\N	14
145	89270277240032434285	15	5	available	\N	\N		2025-07-03 14:45:29.411233	\N	\N	14
147	89270200240405058705	118	5	available	\N	\N		2025-07-07 13:23:00.038301	\N	\N	14
148	89270200240405058713	118	5	available	\N	\N		2025-07-07 13:23:00.529491	\N	\N	14
149	89270200240405058721	118	5	available	\N	\N		2025-07-07 13:23:01.019863	\N	\N	14
150	89270200240405058739	118	5	available	\N	\N		2025-07-07 13:23:01.510281	\N	\N	14
151	89270200240405058747	118	5	available	\N	\N		2025-07-07 13:23:02.000717	\N	\N	14
153	89270200240405058762	118	5	available	\N	\N		2025-07-07 13:23:02.981168	\N	\N	14
154	89270200240405058770	118	5	available	\N	\N		2025-07-07 13:23:03.471157	\N	\N	14
155	89270200240405058788	118	5	available	\N	\N		2025-07-07 13:23:03.961254	\N	\N	14
156	89270200240405058796	118	5	available	\N	\N		2025-07-07 13:23:04.450163	\N	\N	14
157	89270200240405059406	74	5	available	\N	\N		2025-07-09 08:01:22.036438	\N	\N	14
158	89270200240405059422	74	5	available	\N	\N		2025-07-09 08:01:22.527844	\N	\N	14
159	89270200240405059448	74	5	available	\N	\N		2025-07-09 08:01:23.018287	\N	\N	14
160	89270200240405059455	74	5	available	\N	\N		2025-07-09 08:01:23.508423	\N	\N	14
161	89270200240405059463	74	5	available	\N	\N		2025-07-09 08:01:23.998078	\N	\N	14
162	9712250247	74	6	available	\N	\N		2025-07-09 08:02:03.685525	\N	\N	14
163	9712250254	74	6	available	\N	\N		2025-07-09 08:02:04.175628	\N	\N	14
164	9712250262	74	6	available	\N	\N		2025-07-09 08:02:04.665181	\N	\N	14
73	5554451544	6	6	available	\N	\N		2025-06-26 15:16:18.655992	\N	\N	2
94	89270277240032434301	108	5	activated	\N	\N		2025-07-03 13:21:40.265908	\N	\N	14
146	89270277240032434293	15	5	activated	\N	\N		2025-07-03 14:45:29.901095	\N	\N	14
84	9712251211	108	6	activated	\N	\N		2025-07-03 13:20:31.515174	\N	\N	14
152	89270200240405058754	118	5	activated	\N	\N		2025-07-07 13:23:02.490858	\N	\N	14
165	9712250270	74	6	available	\N	\N		2025-07-09 08:02:05.154833	\N	\N	14
166	9712249686	74	6	available	\N	\N		2025-07-09 08:02:05.644163	\N	\N	14
167	7886950725	74	7	available	\N	\N		2025-07-09 08:03:02.086247	\N	\N	14
168	7886948885	74	7	available	\N	\N		2025-07-09 08:03:02.576155	\N	\N	14
169	7886948802	74	7	available	\N	\N		2025-07-09 08:03:03.065709	\N	\N	14
170	7886371955	74	7	available	\N	\N		2025-07-09 08:03:03.555309	\N	\N	14
171	7887142231	74	7	available	\N	\N		2025-07-09 08:03:04.044856	\N	\N	14
172	7886373324	74	7	available	\N	\N		2025-07-09 08:03:04.534419	\N	\N	14
173	7887142132	74	7	available	\N	\N		2025-07-09 08:03:05.023375	\N	\N	14
174	7886950774	74	7	available	\N	\N		2025-07-09 08:03:05.512339	\N	\N	14
175	7886371948	74	7	available	\N	\N		2025-07-09 08:03:06.000978	\N	\N	14
176	7886949669	74	7	available	\N	\N		2025-07-09 08:03:06.490161	\N	\N	14
183	7886950816	108	7	available	\N	\N		2025-07-09 10:50:21.401219	\N	\N	14
184	7886950766	108	7	available	\N	\N		2025-07-09 10:50:21.931418	\N	\N	14
185	7886950717	108	7	available	\N	\N		2025-07-09 10:50:22.461764	\N	\N	14
186	7886948844	108	7	available	\N	\N		2025-07-09 10:50:22.991633	\N	\N	14
187	7886949776	108	7	available	\N	\N		2025-07-09 10:50:23.521623	\N	\N	14
188	7886949651	108	7	available	\N	\N		2025-07-09 10:50:24.051531	\N	\N	14
189	7886948828	108	7	available	\N	\N		2025-07-09 10:50:24.581932	\N	\N	14
190	7886950782	108	7	available	\N	\N		2025-07-09 10:50:25.112805	\N	\N	14
191	7887142082	108	7	available	\N	\N		2025-07-09 10:50:25.643641	\N	\N	14
192	7886371062	108	7	available	\N	\N		2025-07-09 10:50:26.174667	\N	\N	14
193	7887142165	108	7	available	\N	\N		2025-07-09 10:50:26.705537	\N	\N	14
194	7886371088	108	7	available	\N	\N		2025-07-09 10:50:27.236087	\N	\N	14
195	7886949677	108	7	available	\N	\N		2025-07-09 10:50:27.766086	\N	\N	14
242	7886875955	100	7	available	\N	\N		2025-07-17 09:37:30.396918	\N	\N	14
182	7886948448	108	7	activated	\N	\N		2025-07-09 10:50:20.869823	\N	\N	14
197	89270200240405059232	100	5	available	\N	\N		2025-07-17 09:32:29.477724	\N	\N	14
198	89270200240405059240	100	5	available	\N	\N		2025-07-17 09:32:29.988796	\N	\N	14
199	89270200240405059257	100	5	available	\N	\N		2025-07-17 09:32:30.498658	\N	\N	14
200	89270200240405059265	100	5	available	\N	\N		2025-07-17 09:32:31.008935	\N	\N	14
201	89270200240405059273	100	5	available	\N	\N		2025-07-17 09:32:31.518875	\N	\N	14
202	89270288230036853702	100	5	available	\N	\N		2025-07-17 09:32:32.028384	\N	\N	14
203	89270288230036853710	100	5	available	\N	\N		2025-07-17 09:32:32.537555	\N	\N	14
204	89270288230036853728	100	5	available	\N	\N		2025-07-17 09:32:33.046633	\N	\N	14
205	89270288230036853736	100	5	available	\N	\N		2025-07-17 09:32:33.555372	\N	\N	14
206	89270288230036853744	100	5	available	\N	\N		2025-07-17 09:32:34.06451	\N	\N	14
207	89270288230036853751	100	5	available	\N	\N		2025-07-17 09:32:34.573552	\N	\N	14
208	89270288230036853769	100	5	available	\N	\N		2025-07-17 09:32:35.082694	\N	\N	14
209	89270288230036853777	100	5	available	\N	\N		2025-07-17 09:32:35.592096	\N	\N	14
210	89270288230036853785	100	5	available	\N	\N		2025-07-17 09:32:36.1011	\N	\N	14
211	89270288230036853793	100	5	available	\N	\N		2025-07-17 09:32:36.610151	\N	\N	14
212	9712249702	100	6	available	\N	\N		2025-07-17 09:34:26.449802	\N	\N	14
214	9712249660	100	6	available	\N	\N		2025-07-17 09:34:27.499507	\N	\N	14
215	9712249678	100	6	available	\N	\N		2025-07-17 09:34:28.024067	\N	\N	14
216	9712250213	100	6	available	\N	\N		2025-07-17 09:34:28.54847	\N	\N	14
217	9712250205	100	6	available	\N	\N		2025-07-17 09:34:29.072041	\N	\N	14
218	9712249728	100	6	available	\N	\N		2025-07-17 09:34:29.59585	\N	\N	14
219	9712249736	100	6	available	\N	\N		2025-07-17 09:34:30.119875	\N	\N	14
220	9712249744	100	6	available	\N	\N		2025-07-17 09:34:30.643287	\N	\N	14
221	9712250171	100	6	available	\N	\N		2025-07-17 09:34:31.167242	\N	\N	14
222	9712250189	100	6	available	\N	\N		2025-07-17 09:34:31.691671	\N	\N	14
223	9712250163	100	6	available	\N	\N		2025-07-17 09:34:32.216013	\N	\N	14
224	9712250197	100	6	available	\N	\N		2025-07-17 09:34:32.740508	\N	\N	14
225	9712250346	100	6	available	\N	\N		2025-07-17 09:34:33.264933	\N	\N	14
226	9712250353	100	6	available	\N	\N		2025-07-17 09:34:33.78887	\N	\N	14
227	7564808625	100	7	available	\N	\N		2025-07-17 09:37:23.228052	\N	\N	14
228	7564904556	100	7	available	\N	\N		2025-07-17 09:37:23.706424	\N	\N	14
229	7564904507	100	7	available	\N	\N		2025-07-17 09:37:24.183791	\N	\N	14
230	7564806694	100	7	available	\N	\N		2025-07-17 09:37:24.661122	\N	\N	14
231	7529955628	100	7	available	\N	\N		2025-07-17 09:37:25.138505	\N	\N	14
232	7564904549	100	7	available	\N	\N		2025-07-17 09:37:25.616759	\N	\N	14
233	7564977453	100	7	available	\N	\N		2025-07-17 09:37:26.095224	\N	\N	14
234	7564977552	100	7	available	\N	\N		2025-07-17 09:37:26.573176	\N	\N	14
235	7565016269	100	7	available	\N	\N		2025-07-17 09:37:27.051207	\N	\N	14
236	7564808633	100	7	available	\N	\N		2025-07-17 09:37:27.529069	\N	\N	14
237	7886949859	100	7	available	\N	\N		2025-07-17 09:37:28.007265	\N	\N	14
238	7886874552	100	7	available	\N	\N		2025-07-17 09:37:28.485257	\N	\N	14
239	7886377119	100	7	available	\N	\N		2025-07-17 09:37:28.963252	\N	\N	14
240	7886377127	100	7	available	\N	\N		2025-07-17 09:37:29.44139	\N	\N	14
241	7886874545	100	7	available	\N	\N		2025-07-17 09:37:29.91941	\N	\N	14
243	7887244573	100	7	available	\N	\N		2025-07-17 09:37:30.874889	\N	\N	14
244	7886951343	100	7	available	\N	\N		2025-07-17 09:37:31.352894	\N	\N	14
245	7886951327	100	7	available	\N	\N		2025-07-17 09:37:31.830623	\N	\N	14
246	7887244557	100	7	available	\N	\N		2025-07-17 09:37:32.307863	\N	\N	14
247	7564806611	100	7	available	\N	\N		2025-07-17 09:37:32.784852	\N	\N	14
248	7564806637	100	7	available	\N	\N		2025-07-17 09:37:33.261856	\N	\N	14
249	7564806587	100	7	available	\N	\N		2025-07-17 09:37:33.738977	\N	\N	14
250	7564806652	100	7	available	\N	\N		2025-07-17 09:37:34.21609	\N	\N	14
251	7886951335	100	7	available	\N	\N		2025-07-17 09:37:34.693708	\N	\N	14
178	89270200240405059216	132	5	activated	\N	\N		2025-07-09 08:06:29.321797	\N	\N	14
179	89270200240405059224	132	5	activated	\N	\N		2025-07-09 08:06:29.811913	\N	\N	14
180	89270200240405059489	132	5	provisioned	\N	\N		2025-07-09 08:06:30.301895	\N	\N	14
177	89270200240405059208	132	5	activated	\N	\N		2025-07-09 08:06:28.830665	\N	\N	14
181	89270200240405059497	132	5	provisioned	\N	\N		2025-07-09 08:06:30.791007	\N	\N	14
252	7886985697	100	7	available	\N	\N		2025-07-17 09:37:35.171456	\N	\N	14
253	7887243872	100	7	available	\N	\N		2025-07-17 09:37:35.649751	\N	\N	14
254	7886874818	100	7	available	\N	\N		2025-07-17 09:37:36.127553	\N	\N	14
255	7918036311	100	7	available	\N	\N		2025-07-17 09:37:36.605381	\N	\N	14
256	7886875799	100	7	available	\N	\N		2025-07-17 09:37:37.082378	\N	\N	14
257	89270200215451232	6	5	activated	\N	\N		2025-07-17 16:17:39.387481	\N	\N	2
196	7886948810	108	7	available	\N	\N		2025-07-09 10:50:28.296499	\N	\N	14
213	9712249710	100	6	activated	\N	\N		2025-07-17 09:34:26.974999	\N	\N	14
258	89270200240406635758	144	5	available	\N	\N		2025-07-23 09:45:32.60492	\N	\N	14
259	89270200240406635766	144	5	available	\N	\N		2025-07-23 09:45:33.097333	\N	\N	14
260	89270200240406635774	144	5	available	\N	\N		2025-07-23 09:45:33.587373	\N	\N	14
261	89270200240406635782	144	5	available	\N	\N		2025-07-23 09:45:34.077046	\N	\N	14
262	89270200240406635790	144	5	available	\N	\N		2025-07-23 09:45:34.566374	\N	\N	14
263	9712249868	164	6	available	\N	\N		2025-07-24 09:17:21.414755	\N	\N	14
264	9712249884	164	6	available	\N	\N		2025-07-24 09:17:21.897153	\N	\N	14
265	9712249850	164	6	available	\N	\N		2025-07-24 09:17:22.378007	\N	\N	14
266	9716336737	164	6	available	\N	\N		2025-07-24 09:17:22.85855	\N	\N	14
267	9716336703	164	6	available	\N	\N		2025-07-24 09:17:23.339382	\N	\N	14
268	9712249827	164	6	available	\N	\N		2025-07-24 09:17:23.820032	\N	\N	14
269	9712249835	164	6	available	\N	\N		2025-07-24 09:17:24.302393	\N	\N	14
270	9716336778	164	6	available	\N	\N		2025-07-24 09:17:24.783661	\N	\N	14
271	9716336745	164	6	available	\N	\N		2025-07-24 09:17:25.264505	\N	\N	14
272	9712250155	164	6	available	\N	\N		2025-07-24 09:17:25.744781	\N	\N	14
273	89270277240011345908	164	5	available	\N	\N		2025-07-24 09:23:08.477997	\N	\N	14
274	89270277240011345916	164	5	available	\N	\N		2025-07-24 09:23:08.968907	\N	\N	14
275	89270277240011345924	164	5	available	\N	\N		2025-07-24 09:23:09.459176	\N	\N	14
276	89270277240011345932	164	5	available	\N	\N		2025-07-24 09:23:09.94958	\N	\N	14
277	89270277240011345940	164	5	available	\N	\N		2025-07-24 09:23:10.438809	\N	\N	14
293	7886692566	164	7	available	\N	\N		2025-07-24 09:48:00.79902	\N	\N	14
294	7886949867	164	7	available	\N	\N		2025-07-24 09:48:01.282757	\N	\N	14
295	7886692533	164	7	available	\N	\N		2025-07-24 09:48:01.765908	\N	\N	14
296	7886952317	164	7	available	\N	\N		2025-07-24 09:48:02.248881	\N	\N	14
297	7886378075	164	7	available	\N	\N		2025-07-24 09:48:02.732044	\N	\N	14
298	7886875880	164	7	available	\N	\N		2025-07-24 09:48:03.214972	\N	\N	14
299	7886875757	164	7	available	\N	\N		2025-07-24 09:48:03.69857	\N	\N	14
300	7886378091	164	7	available	\N	\N		2025-07-24 09:48:04.181619	\N	\N	14
301	7886875724	164	7	available	\N	\N		2025-07-24 09:48:04.664433	\N	\N	14
302	7886378109	164	7	available	\N	\N		2025-07-24 09:48:05.148477	\N	\N	14
303	7886875773	164	7	available	\N	\N		2025-07-24 09:48:05.631924	\N	\N	14
304	7886378083	164	7	available	\N	\N		2025-07-24 09:48:06.11588	\N	\N	14
305	7886875815	164	7	available	\N	\N		2025-07-24 09:48:06.599389	\N	\N	14
306	7886378068	164	7	available	\N	\N		2025-07-24 09:48:07.082902	\N	\N	14
307	7673068905	164	8	available	\N	\N		2025-07-24 09:48:31.466459	\N	\N	14
308	7673069713	164	8	available	\N	\N		2025-07-24 13:17:26.582	\N	\N	14
309	7673301363	164	8	available	\N	\N		2025-07-24 13:17:27.110212	\N	\N	14
311	8927021545211	6	5	activated	\N	\N		2025-07-25 12:45:40.951883	\N	\N	2
310	8927021154114	6	5	activated	\N	\N		2025-07-25 12:45:40.682457	\N	\N	2
312	892701211441	6	5	activated	\N	\N		2025-07-25 12:45:41.220343	\N	\N	2
314	855854545544	6	5	available	\N	\N		2025-07-25 14:12:28.548647	\N	\N	2
313	892774154154	6	5	activated	\N	\N		2025-07-25 14:12:28.288206	\N	\N	2
\.


--
-- TOC entry 3909 (class 0 OID 18082)
-- Dependencies: 263
-- Data for Name: sim_package_offers; Type: TABLE DATA; Schema: public; Owner: neondb_owner
--

COPY public.sim_package_offers (id, category_id, package_name, quantity, price, title, description, benefits, is_active, is_featured, first_time_discount, created_at, updated_at, created_by_id) FROM stdin;
4	5	5 x Telkom Blank SIMS	5	109.00	5 x Telkom Blank SIMS	5 x Telkom Blank SIMs that allow you to provision your client services	["5 x Telkom Blank SIMs that allow you to provision your client services"]	t	f	15.00	2025-06-26 16:00:43.076263	2025-06-26 16:00:43.076267	2
1	5	10 x Blank Telkom SIMs	10	199.00	10 x Blank Telkom SIMs	Purchase blank Telkom SIM Cards so that you can quickly provision your customers service.  Please note, it may take Telkom between 24 and 48 hours to provision a SIM	["Quick Activation", "Keep Stock of Network SIM Cards", "Free Delivery of SIMs to your address of choice"]	t	f	15.00	2025-06-11 11:54:22.741694	2025-06-26 16:05:26.73757	2
2	6	10 x MTN Mobile Blank SIM Cards	10	229.00	10 x MTN Mobile Blank SIM Cards	Purchase blank MTN Mobile SIM Cards so that you can quickly provision your customers service.  Please note, it may take up to 12 hours to provision an MTN Mobile SIM	["Quick Activation", "Keep Stock of Network SIM Cards", "Free Delivery of SIMs to your address of choice"]	t	f	15.00	2025-06-11 11:55:41.664078	2025-06-26 16:05:42.587851	2
3	7	15 x MTN Fixed Blank SIM Cards	15	149.00	15 x MTN Fixed Blank SIM Cards	Purchase blank MTN Fixed SIM Cards so that you can quickly provision your customers service.  Please note, it may take up to 12 hours to provision an MTN Fixed SIM	["Quick Activation", "Keep Stock of Network SIM Cards", "Free Delivery of SIMs to your address of choice"]	t	t	15.00	2025-06-11 11:56:49.674045	2025-06-26 16:06:10.923625	2
5	10	3 x Network Sim Combo Pack	20	299.00	3 x Network Sim Combo Pack	5 x Telkom Blank SIMs\r\n10 x MTN Fixed SIMs\r\n5 x MTN Mobile (GSM) SIMs	["Get access to all three networks we currently sell."]	t	t	10.00	2025-07-04 11:29:56.882953	2025-07-04 11:29:56.882957	2
\.


--
-- TOC entry 3911 (class 0 OID 18088)
-- Dependencies: 265
-- Data for Name: sim_purchase_orders; Type: TABLE DATA; Schema: public; Owner: neondb_owner
--

COPY public.sim_purchase_orders (id, order_number, reseller_id, package_offer_id, quantity_packages, total_sims, unit_price, total_amount, is_first_time_purchase, discount_percentage, discount_amount, status, payment_status, sim_numbers_added, created_at, confirmed_at, processed_at, completed_at, processed_by_id) FROM stdin;
1	ORD6739048-SIM	6	2	1	10	10.00	10.00	f	0.00	0.00	confirmed	paid	\N	2025-06-15 16:30:28.556717	2025-06-15 16:30:28.424149	\N	\N	\N
2	ORD6721922-SIM	6	2	1	10	349.00	349.00	f	0.00	0.00	confirmed	paid	\N	2025-06-16 10:06:54.748572	2025-06-16 10:06:54.611377	\N	\N	\N
3	ORD2694312-SIM	61	1	1	10	299.00	299.00	f	0.00	0.00	confirmed	paid	\N	2025-06-18 10:40:14.740596	2025-06-18 10:40:14.498053	\N	\N	\N
4	ORD5142088-SIM	61	3	1	15	349.00	349.00	f	0.00	0.00	confirmed	paid	\N	2025-06-18 10:42:13.00117	2025-06-18 10:42:12.7621	\N	\N	\N
5	ORD8661323-SIM	83	1	1	10	299.00	299.00	f	0.00	0.00	confirmed	paid	\N	2025-06-24 09:13:03.476284	2025-06-24 09:13:03.228713	\N	\N	\N
6	ORD9564781-SIM	6	4	1	5	109.00	109.00	f	0.00	0.00	confirmed	paid	\N	2025-06-27 18:12:36.703571	2025-06-27 18:12:36.564714	\N	\N	\N
7	ORD6050405-SIM	6	1	1	10	199.00	199.00	f	0.00	0.00	confirmed	paid	\N	2025-06-27 18:13:04.158567	2025-06-27 18:13:04.022556	\N	\N	\N
8	ORD5662827-SIM	6	4	1	5	109.00	92.65	f	0.00	0.00	confirmed	paid	\N	2025-06-27 18:24:07.629372	2025-06-27 18:24:07.492854	\N	\N	\N
9	ORD8043621-SIM	6	1	1	10	199.00	169.15	f	0.00	0.00	confirmed	paid	\N	2025-06-27 18:33:23.209807	2025-06-27 18:33:23.071496	\N	\N	\N
10	ORD0818020-SIM	6	3	1	15	149.00	126.65	f	0.00	0.00	confirmed	paid	\N	2025-06-27 18:33:44.909075	2025-06-27 18:33:44.773246	\N	\N	\N
11	ORD4444929-SIM	118	4	1	5	109.00	92.65	f	0.00	0.00	confirmed	paid	\N	2025-06-28 06:44:43.603527	2025-06-28 06:44:43.362651	\N	\N	\N
12	ORD5712175-SIM	118	4	1	5	109.00	92.65	f	0.00	0.00	confirmed	paid	\N	2025-06-28 06:59:49.934383	2025-06-28 06:59:49.696275	\N	\N	\N
15	ORD3533299-SIM	108	1	1	10	199.00	169.15	f	0.00	0.00	confirmed	paid	\N	2025-06-30 10:17:47.755792	2025-06-30 10:17:47.511582	\N	\N	\N
16	ORD2325366-SIM	108	2	1	10	229.00	194.65	f	0.00	0.00	confirmed	paid	\N	2025-06-30 10:20:00.909456	2025-06-30 10:20:00.667351	\N	\N	\N
17	ORD6374147-SIM	15	1	1	10	199.00	169.15	f	0.00	0.00	confirmed	paid	\N	2025-06-30 14:41:21.702855	2025-06-30 14:41:21.464266	\N	\N	\N
18	ORD1209148-SIM	15	1	1	10	199.00	169.15	f	0.00	0.00	confirmed	paid	\N	2025-06-30 14:43:20.12896	2025-06-30 14:43:19.888185	\N	\N	\N
19	ORD2698541-SIM	92	3	1	15	149.00	126.65	f	0.00	0.00	confirmed	paid	\N	2025-06-30 17:29:52.459792	2025-06-30 17:29:52.216082	\N	\N	\N
21	ORD8476068-SIM	118	1	1	10	199.00	169.15	f	0.00	0.00	confirmed	paid	\N	2025-07-02 11:43:59.64826	2025-07-02 11:43:59.407809	\N	\N	\N
23	ORD9451052-SIM	118	2	1	10	229.00	194.65	f	0.00	0.00	confirmed	paid	\N	2025-07-02 11:46:23.920569	2025-07-02 11:46:23.676219	\N	\N	\N
24	ORD9433842-SIM	15	4	1	5	109.00	92.65	f	0.00	0.00	confirmed	paid	\N	2025-07-04 11:11:17.248878	2025-07-04 11:11:17.117763	\N	\N	\N
26	ORD0526882-SIM	74	5	1	20	299.00	269.10	f	0.00	0.00	confirmed	paid	\N	2025-07-07 08:24:13.053972	2025-07-07 08:24:12.809308	\N	\N	\N
27	ORD8402394-SIM	132	4	1	5	109.00	92.65	f	0.00	0.00	confirmed	paid	\N	2025-07-07 11:31:33.795702	2025-07-07 11:31:33.552168	\N	\N	\N
28	ORD0308495-SIM	108	3	1	15	149.00	126.65	f	0.00	0.00	confirmed	paid	\N	2025-07-07 18:07:16.322802	2025-07-07 18:07:16.075164	\N	\N	\N
29	ORD9611993-SIM	100	5	1	20	299.00	269.10	f	0.00	0.00	confirmed	paid	\N	2025-07-15 18:40:35.860726	2025-07-15 18:40:35.612825	\N	\N	\N
30	ORD2506697-SIM	164	3	1	15	149.00	126.65	f	0.00	0.00	confirmed	paid	\N	2025-07-23 15:11:39.274083	2025-07-23 15:11:39.028126	\N	\N	\N
31	ORD0176999-SIM	164	3	1	15	149.00	126.65	f	0.00	0.00	confirmed	paid	\N	2025-07-23 15:12:22.050319	2025-07-23 15:12:21.806783	\N	\N	\N
32	ORD4336604-SIM	164	4	1	5	109.00	92.65	f	0.00	0.00	confirmed	paid	\N	2025-07-23 15:12:59.606089	2025-07-23 15:12:59.348612	\N	\N	\N
33	ORD7042213-SIM	164	2	1	10	229.00	194.65	f	0.00	0.00	confirmed	paid	\N	2025-07-23 15:13:42.448172	2025-07-23 15:13:42.193095	\N	\N	\N
35	ORD7539789-SIM	132	4	1	5	109.00	92.65	f	0.00	0.00	confirmed	paid	\N	2025-07-27 13:52:01.614635	2025-07-27 13:52:01.367808	\N	\N	\N
\.


--
-- TOC entry 3913 (class 0 OID 18094)
-- Dependencies: 267
-- Data for Name: smtp_settings; Type: TABLE DATA; Schema: public; Owner: neondb_owner
--

COPY public.smtp_settings (id, smtp_server, smtp_port, smtp_username, smtp_password, use_tls, use_ssl, from_email, from_name, is_active, created_at, updated_at, created_by_id) FROM stdin;
1	mail.openweb.live	465	notify@openweb.live	Apple1526!!@	t	f	notify@openweb.live	OpenWeb Reseller System	f	2025-06-04 11:42:47.541696	2025-06-04 11:47:09.823154	2
2	mail.openweb.live	465	notify@openweb.live	Apple1526!!@	f	t	notify@openweb.live	OpenWeb Reseller System	f	2025-06-04 11:47:09.883485	2025-06-04 12:12:07.651305	2
3	mail.openweb.live	587	notify@openweb.live	Apple1526!!@	f	f	notify@openweb.live	OpenWeb Reseller System	f	2025-06-04 12:12:07.714066	2025-06-04 12:16:20.919836	2
4	mail.openweb.live	587	notify@openweb.live	Apple1526!!@	t	f	notify@openweb.live	OpenWeb Reseller System	f	2025-06-04 12:16:20.983886	2025-06-04 12:16:21.969976	2
5	mail.openweb.live	587	notify@openweb.live	Apple1526!!@	t	f	notify@openweb.live	OpenWeb Reseller System	f	2025-06-04 12:16:22.02609	2025-06-18 15:31:33.246888	2
6	smtp.gmail.com	587	ceo@openweb.email	TrainPlane1526!!!!	t	f	priority@openweb.email	OpenWeb Reseller System	f	2025-06-18 15:31:33.376874	2025-06-18 15:35:02.758368	14
7	smtp.gmail.com	587	ceo@openweb.email	kxzb rcsn wcic cjof	t	f	priority@openweb.email	OpenWeb Reseller System	f	2025-06-18 15:35:02.886366	2025-06-18 15:47:23.349466	14
8	smtp.gmail.com	587	ceo@openweb.email	kxzb rcsn wcic cjof	t	f	ceo@openweb.email	OpenWeb Reseller System	f	2025-06-18 15:47:23.482091	2025-07-14 14:23:25.783667	14
9	smtp.gmail.com	587	notify@openweb.live	kzxd prnk fafa cqhu	t	f	notify@openweb.live	OpenWeb Reseller System	t	2025-07-14 14:23:25.912624	2025-07-14 14:23:25.912628	2
\.


--
-- TOC entry 3915 (class 0 OID 18100)
-- Dependencies: 269
-- Data for Name: stripe_transactions; Type: TABLE DATA; Schema: public; Owner: neondb_owner
--

COPY public.stripe_transactions (id, credit_transaction_id, session_id, payment_intent_id, amount, currency, status, customer_email, created_at, completed_at) FROM stdin;
1	10	cs_live_a1gKweBPygRjQx7JiWrHC6VciGRkHT0j0h77A8IqrGrqBMdBAXLFtTcvzF	pi_3RVYmPRxDoUeGEPb0QYyb3ep	10.00	ZAR	paid	lte@openweb.co.za	2025-06-02 13:52:04.538222	\N
2	34	cs_live_a1yLnJFp8aYDL4D0BvaEdD1X3P9Vf58bGyoQkKHULPVTemeYHiYEwyjg6H	pi_3RYQPkRxDoUeGEPb07GNGtPR	300.00	ZAR	paid	Accounts@tssngroup.co.za	2025-06-10 11:41:28.857208	\N
3	67	cs_live_a1Th350WAkrEmBBS8wYW4aiOQeDYxRnaTHUktFgAZu40amb0LPvpdCbxhN	pi_3RafR2RxDoUeGEPb1vEp06nV	500.00	ZAR	paid	alvinv@umbai.co.za	2025-06-16 15:59:06.633543	\N
4	73	cs_live_a1Llp0fwnbLzAgYSX6hrTUq6IXuXm0x198OOVakyIpdm4ehUcpQTF7PVXo	pi_3RbJM2RxDoUeGEPb1MtwDx48	700.00	ZAR	paid	alvinv@umbai.co.za	2025-06-18 10:36:35.696434	\N
5	75	cs_live_a12hPRYWWp9YqMjqkUdrttLOJz2N9sdvjh7uynIoIi0O71F2Uls03C6ta1	pi_3RbivWRxDoUeGEPb0d5CTRz1	500.00	ZAR	paid	alwin@capalpty.co.za	2025-06-19 13:54:56.180462	\N
6	97	cs_live_a1TxIg7ln3Yk6RsbX6vbJnYzHB3JEchoCmcUAM2zABRFNTwMyhOYTNFZsb	pi_3RecAcRxDoUeGEPb1Jsenndx	200.00	ZAR	paid	alwin@capalpty.co.za	2025-06-27 13:18:27.042384	\N
7	104	cs_live_a1HaElRSIkaMDIAtGJ4a9kAAFziLSuK0jhqmHwR92xybKpFJOMBDXXx6PR	pi_3RevVRRxDoUeGEPb0gYgCsRS	10.00	ZAR	paid	ntandomehlomakulu@dr.com	2025-06-28 09:57:15.272477	\N
8	106	cs_live_a1gfZ9dnGPcSAWVrYAfCzmMYMisncfQk8KsC3OQdehCqzDhUVQjDGD0zQG	pi_3Rf5SlRxDoUeGEPb1kiEhbAG	1000.00	ZAR	paid	internet@thasil.co.za	2025-06-28 20:35:12.610371	\N
9	108	cs_live_a12wNdz6Xcz8gttIUVsQY35oz1UKAZoxRW3vo5z3XToUNAZ9l5vTNi35dO	pi_3RfeiwRxDoUeGEPb0FehG8Yc	250.00	ZAR	paid	lawrence@lsmit.co.za	2025-06-30 10:14:14.41059	\N
10	110	cs_live_a1D3t0oXYyfLy2E6hEEERt3lJE2GCkaNsytkCn1CZ4rGERZqDR9aGAc2uh	pi_3Rfkt0RxDoUeGEPb07mbiZvf	2421.09	ZAR	paid	info@flashybee.co.za	2025-06-30 16:49:00.36503	\N
11	123	cs_live_a1thZfIbnFucFlihV8w4D4nkR7cJYriNbylTm2yscRMgCfdtzu8jCMnKtq	pi_3RgLTfRxDoUeGEPb0ooVY14A	370.00	ZAR	paid	Accounts@tssngroup.co.za	2025-07-02 07:53:17.920754	\N
12	125	cs_live_a12lfYNpnsxHniw3XqvDxOt8fDBXClP244A4XcdTMqsqaTTDMJKfrA78Iq	pi_3RgLhtRxDoUeGEPb1eBZFjdA	200.00	ZAR	paid	thetagitptyltd@gmail.com	2025-07-02 08:07:58.940258	\N
13	158	cs_live_a1HnpCiDfG4gjgphHy1ojtCH448AlYh41Te1Z2xGERwZHVamuXgO8rsryR	pi_3RgVLyRxDoUeGEPb0PCODqO9	900.00	ZAR	paid	chriskby@gmail.com	2025-07-02 18:26:00.929091	\N
14	163	cs_live_a1Y1K80wmNrFsftBi3CCN0WDkWR3qX4VJ4Ivqv1GY4leP9qG653k2BAUhG	pi_3RgggDRxDoUeGEPb1AAntKN0	500.00	ZAR	paid	alwin@capalpty.co.za	2025-07-03 06:31:39.56794	\N
15	181	cs_live_a196xxxUKybpiTYjAVBcwmWOYy9Y2GeYFaudKgsWCiXXPaIm54RTJXV3bX	pi_3RjNyBRxDoUeGEPb1ZlrYe29	200.00	ZAR	paid	lawrence@lsmit.co.za	2025-07-10 17:09:22.321394	\N
16	186	cs_live_a122n62uNQpvQYqWDwFZgmhT3LWnIC3Sv1ixRosR4cM6313poW6Bio0y3z	pi_3RkvapRxDoUeGEPb0VbxIqK4	500.00	ZAR	paid	idmasaas@gmail.com	2025-07-14 23:15:40.691785	\N
17	189	cs_live_a1jbKMW97VNIDLZrMEiCw3DvSTuMKnp0EYPCReTdk1pgRySJGo4w0DH5x1	pi_3RlPBrRxDoUeGEPb06Mu4uLP	250.00	ZAR	paid	lawrence@lsmit.co.za	2025-07-16 06:51:48.944838	\N
18	196	cs_live_a1VzQ26HqACJMySqJePxJXtScRi6Cw82IPiOGR42BRnB0UpLPr0rc7K1Tt	pi_3RmUQrRxDoUeGEPb05RMXJnm	262.98	ZAR	paid	reseller@expertns.co.za	2025-07-19 06:39:48.243922	\N
19	198	cs_live_a122mk3KkDTB3jVyzmSgah3yvPRStsCunx5cd5MoVnBTVpdp1NcNhUnZDD	pi_3RmdNfRxDoUeGEPb1SKZD1Vc	200.00	ZAR	paid	lawrence@lsmit.co.za	2025-07-19 16:13:04.65106	\N
20	207	cs_live_a1aKvch1ppUkQGvAt0IhfYBZcUwKElCpd3UyHCOD3ImfzQwyQm8Ezel8cw	pi_3Ro0QcRxDoUeGEPb06UzpgcM	1000.00	ZAR	paid	hugo@bfn.co.za	2025-07-23 11:01:57.031731	\N
21	212	cs_live_a1FXs8g9fIPvmmf0wZ9QDHmOHL4rkGklxZ1AM6XlD3RL6EwH3OFNiR2lna	pi_3Ro4I8RxDoUeGEPb1olyHMkY	1000.00	ZAR	paid	cobus@permanet.co.za	2025-07-23 15:09:17.654406	\N
22	225	cs_live_a14DZbjXvTaaUwFP1C3kuLDy0hs0PdnjwK1JLBPTCKiC4lEmoB3AWp4YKY	pi_3RonWnRxDoUeGEPb0uw3i86j	1000.00	ZAR	paid	zamasiyanda@gmail.com	2025-07-25 15:27:26.644083	\N
23	227	cs_live_a1u9Acmd7pL5DNAl3IO4D73SMBnKLN7wG95nyLRKdyLa8E3g01ScelvWr8	pi_3RoqUrRxDoUeGEPb1vMDZCwn	100.00	ZAR	paid	hugo@bfn.co.za	2025-07-25 18:38:01.489117	\N
24	231	cs_live_a15SxqkpOsQRcODLnNLtbCDxMGunHv19yIiHXJXPfKvGZGVEO8BxnbBLKU	pi_3RpV9ERxDoUeGEPb03PxrPEg	2400.00	ZAR	paid	hugo@bfn.co.za	2025-07-27 14:02:19.745159	\N
\.


--
-- TOC entry 3936 (class 0 OID 21183)
-- Dependencies: 290
-- Data for Name: system_maintenance_settings; Type: TABLE DATA; Schema: public; Owner: neondb_owner
--

COPY public.system_maintenance_settings (id, maintenance_mode_enabled, maintenance_message, enabled_by_user_id, enabled_at, disabled_at, created_at, updated_at) FROM stdin;
\.


--
-- TOC entry 3917 (class 0 OID 18106)
-- Dependencies: 271
-- Data for Name: user; Type: TABLE DATA; Schema: public; Owner: neondb_owner
--

COPY public."user" (id, username, email, password_hash, role, is_active, created_at, created_by_id, reseller_id, discount_percentage, first_name, last_name, mobile_number, physical_address, company_name, vat_number, first_login_completed, welcome_bonus_claimed, first_topup_bonus_used, phone, id_passport_number) FROM stdin;
2	ceo@openweb.co.za	ceo@openweb.co.za	scrypt:32768:8:1$KHcS8Lpe58x4BXZQ$c31c35b4397e4b50682046d2a7d5baa423dcf6d1a19dd7f92d384862853e3d9bf34500c60a49c1e0c4a07a36e1f9505f2c44c98a9b62d931252a077a0e3fce0a	ADMIN	t	2025-05-31 09:52:01.452563	1	\N	0.00	\N	\N	\N	\N	\N	\N	f	f	f	\N	\N
1	admin	admin@openweb.co.za	scrypt:32768:8:1$EjZgdUbc3EfHDRbb$85db3d3ac34a312fef604d0df18cda4d13bf5d286aa7afa19f079ccd1b581ad7db9c822d51b549c75c2a7a7e3cb88e7672fe428c7ddb4d0910165b9c7be822cc	ADMIN	t	2025-05-30 12:20:38.436423	\N	\N	0.00	\N	\N	\N	\N	\N	\N	f	f	f	\N	\N
3	hello@day.co.za	hello@day.co.za	scrypt:32768:8:1$PqT6ndvg8bEJBNG2$e4633682c6cffb55a5ebe47d0df2ae24e5a3a9fd21f405c8b823c0e92f7c5611ce30b9ff036532b7127aa7679591dc7440f987853bcef23f8709689a60e9a0c9	RESELLER	t	2025-05-31 10:05:26.267277	1	\N	5.00	\N	\N	\N	\N	\N	\N	f	f	f	\N	\N
22	poswasduduzo@gmail.com	poswasduduzo@gmail.com	scrypt:32768:8:1$SitmortoLRdqHumF$206ff9459abaa4df467fd4b091230bff0573323fed926b1b85f397a7813a0fc3c09745d43cdac9589fa74cc1024e982f8c2bafd7f2b15e39d9b48490cc22c463	RESELLER	t	2025-06-04 15:54:21.374727	2	\N	0.00	Sduduzo Brian 	Poswa	0676639715	\N	\N	\N	f	f	f	\N	\N
4	paul	paul@paul.com	scrypt:32768:8:1$vUe32R6X1SoIe0uA$8229559d2e0ec8d90db4bd2f58617e8af251d72b55662cc0c0e8028f6be2c662dae2ea0a07285e6ec8b6ecf7659c4e72711f9d042b7cc351097abb62e2bc6e16	ENDUSER	t	2025-05-31 13:28:34.478163	3	3	0.00	Paul	Brand	0826987841	\N	\N	\N	f	f	f	\N	\N
12	marlene	marlene@nel.com	scrypt:32768:8:1$1Wnq1EsuXK86opga$7c0c68f21cef035373bb0adb9167d3fc3be567c03944e36f5e59a179904249df496b475bbfe7d9af60c7a120a0f8aba28df1582fec6807bb46f937f2fb4292e2	ENDUSER	t	2025-06-02 15:14:12.683696	6	6	0.00	Marlene	Nel	0817070701	\N	\N	\N	f	f	f	\N	\N
13	shaun	mrbeepie1@gmail.com	scrypt:32768:8:1$17cXuAjenoKYVCiP$6c22dd84eaea7ee271e1553e2370f4242fec3171c79fabcee2ab38d8cf69a0dcf795fad1fd93a1756e2ee9855fa49b225bb219b913b83eb3f69e7dc648ff3ffa	RESELLER	t	2025-06-03 11:50:30.335734	2	\N	0.00	Shaun	Last	0826987888	PO Box 491\r\nBallito	Shaun Last Inc	\N	f	f	f	\N	\N
16	spiderweb.holding@gmail.com	spiderweb.holding@gmail.com	scrypt:32768:8:1$sKjJHX3jkvtEx03N$1f0d5bd6bc0d506686adb32014a4e26a845cd4a0ef63acd9be64cf56a5bedc833327192602dadae3e0a8a73fd491745d3eb1da2cc4f77f144d3d99c466da9147	RESELLER	t	2025-06-04 13:20:34.945964	2	\N	0.00	Pascal 	Letebele 	064 953 7668 	\N	\N	\N	f	f	f	\N	\N
23	masilelagiftn@gmail.com	masilelagiftn@gmail.com	scrypt:32768:8:1$e59T3L9HYunqSb3q$08228a82fc910312ea9f5c1d8536b3aee5d3c36adf6394fbc413b82dbaad15752472b5abc6164e4e9c5ab922e1de8169e2129a4705183befa38696b66b941332	RESELLER	t	2025-06-04 15:54:30.134588	2	\N	0.00	Nkosana 	Masilela 	0845440037 	\N	\N	\N	f	f	f	\N	\N
25	mdimasc8@gmail.com	mdimasc8@gmail.com	scrypt:32768:8:1$6Yc4guqQuryGNfyq$6724dbec9d07f839b78874c26a9bc9df3a2dd975bc98194451c7930f7e0e965cab36e7695002eb54cc5d06deba5711fbb7dc5fddc0030e8bd891205892295274	RESELLER	t	2025-06-04 15:54:46.585045	2	\N	0.00	Sboniso 	Shange 	0838630514	\N	\N	\N	f	f	f	\N	\N
26	keditlhaole3@gmail.com	keditlhaole3@gmail.com	scrypt:32768:8:1$qRviZM8rTND71OsT$b0b62d52e57eaf6520dfc941cc7eca8038d6cabdaf008eac9712d279b5465bf27adec0b39210845df19d0ad0c38a0f9e654435d6c5b1ded586d7535c62746af3	RESELLER	t	2025-06-04 15:54:54.060577	2	\N	0.00	Tebogo Kedisalletse 	Tlhaole 	0632698082	\N	\N	\N	f	f	f	\N	\N
27	matthew60101@gmail.com	matthew60101@gmail.com	scrypt:32768:8:1$FJcuuh76UdvXStRu$c2726f8405921e4ab00d51594b143270e2aa8032b2b701259ca3028c51faf9580d5c9f5ce1fe2b81d7808a0cda9d40f08daf07249b88fdb97b0d9ba4ad8aaecb	RESELLER	t	2025-06-04 15:59:30.849897	2	\N	0.00	Nathan	Chetty	0846822709	\N	\N	\N	f	f	f	\N	\N
31	support@openweb.live	support@openweb.live	scrypt:32768:8:1$DiG3P769729y4r4Q$fcd1793d0393234a1f004d17b9e3fd322c8bb724cbc1f1f707c73e23e84de43bf763e9b5beaefca50abaf21c05e89bc66ed90630bbde7f9d8dd0d97a6aecfc84	RESELLER	t	2025-06-06 11:21:56.287367	2	\N	0.00	Keoma	Wright	0826987888	\N	\N	\N	f	f	f	\N	\N
21	wow@openweb.email	wow@openweb.email	scrypt:32768:8:1$ElpWPRSFPFGyPbJY$5e2ea5aebf18513c2a34ced91589569a3a9809c18c5d889c1fc56b1a42164368e2c44bf884db6ce9100f0ca5282ceda78f7c21858e639f8cb6402b9bddddc42d	RESELLER	t	2025-06-04 15:53:58.849154	2	\N	0.00	Keoma	Wright	0826987888	\N	\N	\N	t	t	f	\N	\N
34	creationssai890@gmail.com	creationssai890@gmail.com	scrypt:32768:8:1$prHSQwn9kB8fkjcq$fc55ade31ec1249a2c121df465cd088b583a01d326c00ffd75b5c6c6550eb3454af51f6d314b935a847e6eb781bbfc14188d3fe5ad44d300b4b397e279b2a76d	RESELLER	t	2025-06-07 10:37:58.245675	2	\N	0.00	Sailas	Chimuka	0678296160	\N	\N	\N	f	f	f	\N	\N
24	office@uncappify.co.za	office@uncappify.co.za	scrypt:32768:8:1$57aIbbAt5nXJSPTo$a84fa9ff33d2804711b253cebe72f4128f2023a3448ac600f6f2a396bafe667499d7e3050e79c1e445fac59b90da15435bb5ef8bfd272905c6b114d714b358a4	RESELLER	t	2025-06-04 15:54:37.766769	2	\N	5.00	Justice	Langene	0726318796		Uncappify Pty Ltd		t	f	f	\N	0104235780087
15	reseller@expertns.co.za	reseller@expertns.co.za	scrypt:32768:8:1$Z9r7HJh7kJrMgVfV$effa1f2330a70768ae74d831d0db1c66f24fff8cbe23772da54c5c7908abd222a5818998dc3d2ec8af1098bbea27fac94d174c5b78a70b45d73b5ab2d5b72a29	RESELLER	t	2025-06-04 11:17:25.414033	2	\N	10.00	Gert	Rossouw	0723119540	32 Silikaats Drive, Deelkraal, Carletonville, Gauteng, 2499.\r\n	Expert Network Solutions		t	f	f	\N	9606055016088
28	test	zarinaton90@gmail.com	scrypt:32768:8:1$8cq8C1DnGx6Fs55h$39dbefced771d60c185996603f6bb0d4015c66ffc7ecbf031da125d3b8b218a169e771b7c8b6d84fa27d81f7a865cdb7c06bdcff8d08bcaa561c08d90fd2c6f6	ENDUSER	t	2025-06-05 11:29:36.630332	21	21	0.00	Test	User	0826987888	PO Box 491 Ballito	\N	\N	f	f	f	\N	\N
29	lte2@openweb.co.za	lte2@openweb.co.za	scrypt:32768:8:1$uMJjw2roC3DmyeCb$95dc0f390375da867bcde16e8246a914de6bfc2dc55586608bd4e10ece2d7519b45cb07d5fc3a4507be4f1c0d528f7698e8e585963e241361cb9ba6c36f4dcb6	ENDUSER	t	2025-06-05 11:57:42.33824	6	6	0.00	Keoma	Wright	0826987888	PO Box 491\r\nBallito\r\n4420	\N	\N	f	f	f	\N	\N
30	info@flashybee.co.za	info@flashybee.co.za	scrypt:32768:8:1$zH6IdqV1oAqS20fa$8c9c7a9a4cc4a80fb22694cf351d575fbc96c87f1a28b1340e6cc4a09e68325be2ccb7bd4dc5d5022d132a8472b17de565bf3348e7c280d0b4a47a54c08a793a	RESELLER	t	2025-06-05 12:08:25.26505	2	\N	10.00	Deon	Naude	0817791440	Annemarie Naude\r\nKingswood Village\r\n317 Gay St, Newlands, Pretoria, 0181\r\nCell nr 065 307 3694	Flashy Bee		t	f	f	\N	6713085088080
40	mervinsgilbert@gmail.com	mervinsgilbert@gmail.com	scrypt:32768:8:1$jq6g6aml9XQeQFwq$3dc8e746b3d91c828472b1b3f950f2d1245b9492df1de7389dd773d2a483705ef5728065280dc5a015236b4eb2618bad6a8e91b49b8664f20012afee232a63db	RESELLER	t	2025-06-07 10:38:32.124452	2	\N	0.00	Mervin Sydney 	Gilbert 	0665874095 	\N	\N	\N	f	f	f	\N	\N
14	zelda@openweb.co.za	zelda@openweb.co.za	scrypt:32768:8:1$shEs0J4uzLo8Lu52$c67a9277980ace25c6ba2a1979fb7318ba1cd657f966152e300a3d49f24805593323b190e2d47afab21013b690d3b235fc5acac475ca3620d668e9e40e97d042	ADMIN	t	2025-06-03 12:26:02.235429	2	\N	0.00	Zelda	Coetzee	\N	\N	\N	\N	f	f	f	\N	\N
37	asathembag@gmail.com	asathembag@gmail.com	scrypt:32768:8:1$9XKMzXhmLm4X1p21$480bd4079c294df497d46647b2d6880ab9d11790540f528bc8aeb0d3901c5a2e25ef35536c62233dfe4a9749d00c2b251c0f54b24a208a54009ec5d5cbf632de	RESELLER	t	2025-06-07 10:38:16.27987	2	\N	0.00	Asathemba 	Gxumisa	0673975548	\N	\N	\N	t	f	f	\N	9701115912085
32	mahlalela125@gmail.com	mahlalela125@gmail.com	scrypt:32768:8:1$anh3rAHMUJO6ZAsw$53d804892bdb2088ee739fa804c10d10f5b512475ce3b43a07829d2a4616bd7c531b4b8a9671e4504373ea777b844c2d3d0266ad50d213cc2c14b9b39514cbcf	RESELLER	t	2025-06-06 11:29:25.697415	2	\N	0.00	Coronation Mahlalela	Mahlalela 	0820961295	\N	\N	\N	t	f	f	\N	8812185215084
41	mondlijila@gmail.com	mondlijila@gmail.com	scrypt:32768:8:1$of5DQmTkWG2Qd1xd$c1998c88e5cac67a44facade82550fa60b239147d37dce00028e7bc12ba343ef20de390c40484b85e4d97a1834ccce4bbb0a9d70b8885dc52012b277e7a05ed9	RESELLER	t	2025-06-07 10:38:37.700763	2	\N	0.00	Mondli 	Jila 	0671502312	\N	\N	\N	f	f	f	\N	\N
43	zondowiseman@gmail.com	zondowiseman@gmail.com	scrypt:32768:8:1$RFg7w53WB4SCJ2aE$8579396c65968732ec76742dbd88bcf3471511c7fdee267c71e686d85f895df2609c6539c7b9f464f66162d669fc576b71408f1d3c5b345679ca356349525c29	RESELLER	t	2025-06-07 10:38:52.516409	2	\N	0.00	Wiseman	Zondo 	0614503469	\N	\N	\N	f	f	f	\N	\N
44	Tgmalatji@gmail.com	Tgmalatji@gmail.com	scrypt:32768:8:1$swDo4D5aqm0PRNM8$01234a1f7c9e0730c1328709c93f6367bb2f4678699afeaa1879cce243004cf834ac2416427093d0d18c3d5a2e42eafa45b6eaaf8d858f244fcea6257d269795	RESELLER	t	2025-06-07 10:38:57.281133	2	\N	0.00	Tshepiso	Malatji	0765843583	\N	\N	\N	f	f	f	\N	\N
45	siphoangus@gmail.com	siphoangus@gmail.com	scrypt:32768:8:1$pYQMZM20qmcSTCVU$46bc4357b5e122c922c648b9e1e473536eb5282593d8056a8c6691c7c29f96adead863b1019bd74dc48acb4eb145f5caf49400fe119687045ad371d2c6704415	RESELLER	t	2025-06-07 10:39:01.748645	2	\N	0.00	Sipho Angus	Tshabangu	0683408691	\N	\N	\N	f	f	f	\N	\N
47	bonganinyanda@gmail.com	bonganinyanda@gmail.com	scrypt:32768:8:1$7tA6rsTz5wgK4aGQ$a28c37c6291f0069ebfc1148597126c25c8514b9b634ff26d8bab2b6e7db2069d87155a88d768d8c0a3ccfba44844de3aa0a5943e4af9d058c995025913a549d	RESELLER	t	2025-06-07 10:39:10.245001	2	\N	0.00	Bongani 	Nyanda 	0813195154	\N	\N	\N	f	f	f	\N	\N
48	majolasphephelo@gmail.com	majolasphephelo@gmail.com	scrypt:32768:8:1$8CKKVCCmrfReUAPo$24a89565bdfbd095af53cd7bc309fc2b365efa3cbdf2ecdecfbc88039e4f65c79f3acead0e69806c8c27adf6a7514968b88ec8e01281e7a03d975a6df61f89f8	RESELLER	t	2025-06-07 10:39:14.599198	2	\N	0.00	Sphephelo 	Majola 	0840411413	\N	\N	\N	f	f	f	\N	\N
39	knowledge1399@gmail.com	knowledge1399@gmail.com	scrypt:32768:8:1$20TzMdVzTmK1CrG6$e0dc37ee9e410be268b4ec26362a853e23c8ea51e4d2bec0b823024988412c47fe213e565b9c5c64042722880a02cc6a59c09e5df6692a3c17cfb5c8fa643093	RESELLER	t	2025-06-07 10:38:26.941987	2	\N	0.00	Knowledge 	Marimo 	0693920388	\N	\N	\N	t	f	f	\N	\N
49	support@ultistream.org	support@ultistream.org	scrypt:32768:8:1$5QcsJE7FiBywdU3F$07205b2b975baec71f40808d057ff8a9f8584d9b3aa401a3b69fc4b787d624a56b6a4427b7ccc221691d44a69c931f360275d071bb9e09151007cf4d312f9c8d	RESELLER	t	2025-06-09 09:51:29.10747	2	\N	0.00	Keoma	Wright	0826987888	PO Box 491\r\nBallito	\N	\N	f	f	f	\N	8409205026086
50	support@emobile.net.za	support@emobile.net.za	scrypt:32768:8:1$EnJJdXOSp4bKjAu7$12b89cf0b3426fe06a2b76dad97335ef6d055985835f42c77c6f34dec142431a692512de8c6ebba5a0bfc5082459b53af63688d439b17894acabc4284ae73d25	RESELLER	t	2025-06-09 09:51:45.069615	2	\N	0.00	Shaakirah 	Panday	0727868360	48 Petersvale Ave 	eMobile	\N	f	f	f	\N	\N
51	sontoqotoyi6@gmail.com	sontoqotoyi6@gmail.com	scrypt:32768:8:1$6XuwO1CC7MT9woQo$f605fa27d6abd10ee2c1871ce539141e662ff0d5c9724f93bd5e58bb0792586ec512faeb5a1245104de552db7f09ee35bcb01a5d87ffd4e82c35e90805d7a4e7	RESELLER	t	2025-06-09 09:51:59.328621	2	\N	0.00	Sonto Qotoyi	Qotoyi	0739038473	17 McGregor street, Unit 03 McGregor Villas Westonaria 1780 	\N	\N	f	f	f	\N	\N
52	test3	test3@openweb.co.za	scrypt:32768:8:1$V0gNtZCOBno3KXoe$988615987628843ba582330c1063dce0f73dd4a8369c15da5d077bfb93938445f79d0224c3fb8b41095520f5981c7e12140c0f33b506d86d1dc1f621e8372aaa	ENDUSER	t	2025-06-09 13:44:18.830557	6	6	0.00	Test	Number 3	0826987888	PO Box 491\r\nBallito	\N	\N	f	f	f	\N	\N
54	Andrea	andreatj1214@gmail.com	scrypt:32768:8:1$SXmnxDtneSUPK8Xa$ed39e063bd102d6b050cf7fe1257451e87a9a75cce9c74e62e8e789c8d04abb16a070283075f2adf6bdd997cb584c034a2c9894ea65725ae2abb172c375cdbad	ENDUSER	t	2025-06-09 18:19:54.584949	35	35	0.00	Andrea	Durand	0621335142	2A Herman Street	\N	\N	f	f	f	\N	\N
55	tmasuku@tssngroup.co.za	tmasuku@tssngroup.co.za	scrypt:32768:8:1$kCfBfk6C4OBFe7XE$2eb803bfd1f0b550af425776118eefdc46ac5d979ed0cfd54608798716bc4f7f4cdbcf6265bd101bbdbdcef2a63dd3eb728bae4b443ed0ac32bb679a524c35d8	ENDUSER	t	2025-06-10 11:51:54.178785	33	33	0.00	Bethuel	Masuku	0639012121		TSSN Group	\N	f	f	f	\N	\N
57	trucross9@gmail.com	trucross9@gmail.com	scrypt:32768:8:1$xQiuaDaIParfGXXi$72ab29377dc5fdb7696028f94d68ee262708f2f1f8a74e5d62b12ae3abe340af1970e058a29498bafba43aa2084190bba0fddce1f42ed8fcf0b03ce4200d57c7	RESELLER	t	2025-06-10 15:14:39.341215	2	\N	0.00	Lerato Comfort	Dikgale	0698590340	42 Semenya village 	\N	\N	f	f	f	\N	0698590340
59	justindeklerk1999@gmail.com	justindeklerk1999@gmail.com	scrypt:32768:8:1$IoV4hzUSHa32iE3T$6c6ac8cf7a325ae3cd6e50ac84e8bbecfc95b0cea2769c698613b8d1c55429b0ac5a15968c80c399cdb4c38e773a9204dd50a56d97ec6b72cd0c7ca7de6fc595	RESELLER	t	2025-06-10 15:15:05.850759	2	\N	0.00	Justin	Deklerk	0835154494	Vleiblom street 40	YOUTH ACEDIMY	GRAVEN083515	f	f	f	\N	\N
38	Thenjim19@gmail.com	Thenjim19@gmail.com	scrypt:32768:8:1$gK5Ui6CjSkH34TBH$e37289744dce620b534b2604f88e151ce4be509ff8e7fdbf41b621e8bcd657369e2aec3e98f4c3d6af37a6950975a6032ba6ac3add697d95fde0469f8c03f580	RESELLER	t	2025-06-07 10:38:21.95993	2	\N	0.00	Thenjiwe	Mthembu 	0786430260 	\N	\N	\N	t	f	f	\N	9306110409085
33	Accounts@tssngroup.co.za	Accounts@tssngroup.co.za	scrypt:32768:8:1$SRYlKvyav5QG0eUl$65b805169d881052a2c38b7a66073cad88385f54ba68418cc58caec443ca0f96efa1de4f68453d90c0f49be45f982f2b3d95c2646272406a8875ffa20a4b2bb3	RESELLER	t	2025-06-06 11:29:42.581734	2	\N	0.00	 Bethuel Themba	Masuku	0639012121	TSSN Group Pty Ltd\n4397 Peter Tosh Street, Middelburg,   Mpumalanga\ntmasuku@tssngroup.co.za  is rejecting emails, no such email address!!!	TSSN Group		t	f	f		9611155038081
53	EXPHI001	maria.viljoen@gmail.com	scrypt:32768:8:1$9HJAOfSMJacqNuq3$b237185ed5206615c123d4c9e2192435e68e8ff7964efb9cccf9072623cd1aa3cb07209b2b0fa203a9ac668b4f75332b9ca192f011fa94817f6a0fd90d5fd22d	ENDUSER	f	2025-06-09 16:07:22.274552	15	15	0.00	Phillipus	Viljoen	0727728470	23 Hendrik Potgieter Drive\r\nDeelkraal\r\nCarletonville\r\n2499	\N	\N	f	f	f	\N	\N
97	malcolm	malcolm@cherry.com	scrypt:32768:8:1$azLJh5d3s9E4fUgQ$e2f2c9ed7266205983151eacdd21321a866ea36260e34d96f210ab2d2410097119d595c0f57d37ba2bfc63f3744a7a245e14538a8bef9ed6af6202ff5e0d7e1b	ENDUSER	t	2025-06-21 10:11:21.538482	6	6	0.00	Malcolm	Cherry	0826987888	PO Box 491\r\nBallito\r\n4420	\N	\N	f	f	f	\N	\N
46	walterndlovu7@gmail.com	walterndlovu7@gmail.com	scrypt:32768:8:1$igvXNaD56YGUT5cV$915c650a93870ba19033f34555c83923307ff40c9b897027ba0ce53064cfca4c15385bea5626e5722b34c148daa4b0f215ee856da9d28e295d0f2b25aad678a8	RESELLER	t	2025-06-07 10:39:05.998977	2	\N	0.00	walter 	ndlovu	0614253385	\N	\N	\N	t	f	f	\N	7704025487073
98	charl	charl@roux.com	scrypt:32768:8:1$36RpQjUKHp4aBvAS$fec69d4b85e92b0ca2bd339ac7599242de4dc278e2606c8f16319d2a2e2244a9a6b6deb370ea21490f685aec7179100b32a81d56e2e83e9716a2fa6fb802a6f4	ENDUSER	t	2025-06-21 10:32:53.004823	6	6	0.00	Charl	Roux	0873508601	PO Box 491\r\nBallito\r\n4420	\N	\N	f	f	f	\N	\N
42	mcebompanza@gmail.com	mcebompanza@gmail.com	scrypt:32768:8:1$KoKcBM37Cvhe21rR$9903a26eda5b5531676569e32cc0e230d1a9a9437bfa50da84cc5f14db86692db7a4d6dcca876dc824db0a4df6b8531cd9096d5a915c9277cb783e529935cb43	RESELLER	f	2025-06-07 10:38:47.353603	2	\N	0.00	Umcebo	Mpanza	0695138196				f	f	f	\N	\N
60	motsamaileonard@gmail.com	motsamaileonard@gmail.com	scrypt:32768:8:1$NFCaDonPKx9o8Vth$eef09e5d82ffd3c70b2f774b7436d73e98ce62f4527f4c43f99800031afc81ac71afb12fb10d25e8d0542422197ec597ad10a9b2d0ca507181f2076d46816a15	RESELLER	t	2025-06-11 13:33:40.788339	2	\N	0.00	Motsamai Leonard 	Cokonya	0814646093	2 zon street	\N	\N	t	f	f	\N	8507145688087
63	r.vanstaaden@gxd.co.za	r.vanstaaden@gxd.co.za	scrypt:32768:8:1$eyGwPnvMVQlYMgkP$e02beabab5c695a1cab423e4bf9cda8829ce145eb127d243e376f7293dd8f9105982ecfed6fcf7da7c35d57f47db8b02c9a55683fcd388e69bba0bb196485f67	RESELLER	t	2025-06-12 06:20:17.080445	14	\N	0.00	Riaan	van Staaden	0762120748	Welgevonden Estate\r\nSlanghoek St\r\nDurbanville\r\nCape Town\r\n7550\r\nSouth Africa	GXD Computers (Pty) Ltd.	\N	f	f	f	\N	7706155174084
64	busimakhoba11@gmail.com	busimakhoba11@gmail.com	scrypt:32768:8:1$msQMGmYajw0wmtxR$3ec000014bf1ec73dc3c2e95d75492c27f740423fc00915d7a414e230ad6b079645efc1e6407bcecc6c607bb082f11a042619bac25111c18501eafb545f078b4	RESELLER	t	2025-06-12 13:38:53.582375	2	\N	0.00	Nonhlanhla 	Makhoba 	0730805322	3316 Cricket Street borwa phase 3 \r\nWestonaria 	\N	\N	f	f	f	\N	8806240001083
65	chris@elangeniit.co.za	chris@elangeniit.co.za	scrypt:32768:8:1$3zMbaWyXPrNRzdZk$ba1c22d01620973a47c0aaeeda5cb65f8a455c3a9e890c68f351a51f065071570ed2db25ca27cdc71341711aee67ac940000636902ac18b68e22ef69e17b036a	RESELLER	t	2025-06-13 07:34:43.6328	14	\N	0.00	Chris	Vet	0824853247	6 Glenmore Close, Assagay, 3610	Elangeni IT Services	4360270997	f	f	f	\N	8308105085087
58	herbertmokwena98@gmail.com	herbertmokwena98@gmail.com	scrypt:32768:8:1$g7WBQHbwwIwWnvWy$6e3d701efa94a987694eb78fb2b5b466f846132d95887b922ce299ef5effa78e919e06da94cdd5aa1f842182d095f2302ccf5f99ab05f30a5c0e73c69ee40300	RESELLER	t	2025-06-10 15:14:52.554399	2	\N	0.00	herbert	mokwena	0728404296	35653 Mabatha Crescent, Mamelodi East	\N	\N	t	f	f	\N	9802015671084
66	potgieterblaine021@gmail.com	potgieterblaine021@gmail.com	scrypt:32768:8:1$nREqKL5S1AIRte9g$f8a9c98ff5cc1b8608dab0a7645b32f9a769f59f0bf7764816f5f12e83178871bff5affdad488d09ec4f546964930a45b0bd9b5f1ba3103fd4dcf7d636f16912	RESELLER	t	2025-06-13 14:12:43.323897	14	\N	0.00	Blaine	Potgieter	0680121662	19 molucle road vulcania Brakpan	\N	\N	t	f	f	\N	0305305030085
68	Blaine021	IT@eseng.co.za	scrypt:32768:8:1$Ne6pIrd448JZtIgO$ba70cde4e3413c4f2f464f74c39a2edcef1a17f01456f24d88eb47b26c6ea316f32f4c047d20e89d64bcab6b2b9833b81a6dacd4321149e9750366acc1504821	ENDUSER	t	2025-06-15 10:19:08.344808	66	66	0.00	Blaine 	Potgieter 	0680121662	19 molucle road vulcania Brakpan	\N	\N	f	f	f	\N	\N
6	lte@openweb.co.za	lte@openweb.co.za	scrypt:32768:8:1$uRYv2t31ZZAJuB1U$fb1fcaf0cf2b8e7849330fe52e273c051fb5a320b0654a0220c06ad4750f7b98c40f84efdc1078c492a49488e695edc73ce482cfde801e129d5ed9d2d260efc5	RESELLER	t	2025-06-02 12:02:03.880396	2	\N	10.00	Keoma	Wright	0826987888	31 Fuschia Way\nSimbithi\nBallit\n4399	OpenWeb		f	f	f	27123456789	8409205026086
67	zmathibe208@gmail.com	zmathibe208@gmail.com	scrypt:32768:8:1$iUHVWxAS5rBAudwR$1a7ba555762fcd2e73cfa236279ad5b7b950034b053d1c6a601fef48a368da493efa671c240fd2bb3db58d415f9c92fb5e689ed4615d3a85e45db932142b24b3	RESELLER	t	2025-06-14 13:15:26.364321	2	\N	0.00	Zibilom	Mathibe	0671723065	102 Kipling Avenue, Mandalay, Cape Town 	\N	\N	t	f	f	\N	9007106252089
61	alvinv@umbai.co.za	alvinv@umbai.co.za	scrypt:32768:8:1$84obVkMllsEqbUra$3900db643d85d2a4ddf368da1c387a383488bc531c81352a44c2e1ce58a6e55c94fa923a40402d10756fb4b55ab184eff6afb2809dcb77f8cc068c42a94b4fa5	RESELLER	t	2025-06-11 13:33:54.656101	2	\N	0.00	Alvin	Vafana	0817810006	1 Meerlust street, Table View, Cape Town	Umbai Africa	\N	t	t	f	\N	8712316142183
72	pieter@city2city.co.za	pieter@city2city.co.za	scrypt:32768:8:1$LEB4dTQHM7LP4mMs$3b841758f7324b664b8d233c1f3be5b06cad202a70503cfe9b2719e0d2c934b100ca26470bfda24c4c24249ac254da99ec2cc88a44847e0c7b2b7274f1ca8501	RESELLER	t	2025-06-18 06:01:13.793691	14	\N	0.00	Pieter	de Vos	0837900904	1 Lawrence str Farrarmere\r\nBenoni	City to City Computer Services	4100170986	f	f	f	\N	6409055038084
73	abecker@htsjv.co.za	abecker@htsjv.co.za	scrypt:32768:8:1$SP087nvnMAkzPPph$0dcde646b61a06dc47b8bd968b4c151430ceaa18a560f06a948e0223e8c7965e6465190682bc698e33b1dca8a6dc7645cf5e9097f6efe9d7ba200c76eb203bd4	RESELLER	t	2025-06-18 06:03:24.438596	14	\N	0.00	Andre	Becker	0828256050	1072 Meyer Street\r\nVillieria\r\nPretoria	AB IT	\N	t	f	f	\N	8405295079084
75	bcassim@broadviewnetworks.co.za	bcassim@broadviewnetworks.co.za	scrypt:32768:8:1$7Vp035dcs5UixzEq$ced535d97ee626364cc263e35ed742b085142492a48a124fefa2c1a035e61458b66873327cbf1e3d13922b0cea8af739aee5c9cc80268b637a0ebe8fbd02d5c2	RESELLER	t	2025-06-18 07:05:02.584764	14	\N	0.00	Basheer	Cassim	0765507108	25 Geranium Drive, Riviera Park, Mahikeng, North West, 2745	Broadview Networks	\N	f	f	f	\N	9903115236081
76	datachoice@outlook.com	datachoice@outlook.com	scrypt:32768:8:1$gVUW1V6bMX8Q9u7Q$bea46c3f754b5745aa2b4d3d589d67e2097bdb0d19e2eccb8f5a40623a74148dbe773a80aec189ba6bea14f17cb6f78adc0d8b08ef12b80c835853b1c0433ca5	RESELLER	t	2025-06-18 07:37:49.263055	14	\N	0.00	Vincent	Ferreira	0832843708	6 Flame Thorn str Rangeview ext4 Krugersdorp 1739 	Datachoice	\N	f	f	f	\N	7810305122082
74	support@bb-services.co.za	support@bb-services.co.za	scrypt:32768:8:1$RK6atnGgmwZCF22T$bd47b114814d5f7abe5ad42bcf8c815074a711fec08eef60eb241b7ace9e18ae6f97c44ebff207cb52ecb50091ed2d323fd117867bef28eb493360c2513b7d8c	RESELLER	t	2025-06-18 07:03:56.094738	14	\N	0.00	Leon	du Plessis	0836658422	R62 Nuweplaas\r\nMisgund\r\n6440\r\nEastern Cape	Bits & Bites Services	\N	t	f	f	\N	7408065211086
77	vawda@outlook.com	vawda@outlook.com	scrypt:32768:8:1$83Fvg0WH26SpDLfA$7d0c0e98b38c36682df7a8f543efac9658d630b6110706cc244318e230ae8cb3fb104bfc954bb8def07b497d7559ecceacc4698b39ce1dad9a929a945f3bbf5f	RESELLER	t	2025-06-18 08:50:07.692626	14	\N	0.00	Ilyas	Vawda	0660004786	497 Bulwer Street\r\nPietermaritzburg \r\n3201	Okewsizwe	\N	t	f	f	\N	8006065045089
69	barend@bactech.co.za	barend@bactech.co.za	scrypt:32768:8:1$2taEyhZDhkr2XoaF$50b5d2071ed20027238383a958a56a147bcb4c6c32e683d04b629a2d87a7287f8154e7d4a3f2ba0f2234ae4c664670f258a6dbd197a488db17fa4a4441ead34c	RESELLER	t	2025-06-17 17:25:22.757164	14	\N	0.00	Barend Matheus	Willemse	0828804044	7 Long Pines\r\nGiants Castle Road \r\nMooi River	Cronwill Direct	\N	t	f	f	\N	8501295075088
71	baumie@btbits.co.za	baumie@btbits.co.za	scrypt:32768:8:1$scOdJF3z1O9ZfnPr$b69869d2c4c348931d6c55e593ff68c1749d39e75c8802573441041de8fea55fe9310cb0962c042343358f14bf83e120fd1f1f36d9ba4eaac11bd1c51b6b9e9d	RESELLER	t	2025-06-18 06:00:16.155605	14	\N	0.00	Herman	Baumgarten	0829201730	Poortjie farm\r\nBothaville\r\n9660	\N	\N	t	f	f	\N	6811215074083
62	makoyanetworks1983@gmail.com	makoyanetworks1983@gmail.com	scrypt:32768:8:1$HkxelwQXUR4U21rm$657ec67ceaff763c33afb6f583f8776e6f72abb7bc1a9eb31502d668ba92c5ec144671370da857712c465fc39db228ebb73149e76db9177cbc10881ccf85b043	RESELLER	t	2025-06-11 13:34:00.85772	2	\N	0.00	Jeffrey Boifang	Mosete	0836519963	1825 Rakale Street, Mohlakeng, Randfontein, 1759	Scamto Networks	\N	t	f	f	\N	8311185736082
70	jacques.botes@jenny.co.za	jacques.botes@jenny.co.za	scrypt:32768:8:1$0EFODluoWLnr5quF$fe7238e6fbeaee1c33e65b4f0d11c00e59d645039b1b29d3de20e1d9c26ec21385eb49d3463f1c22cfc4e5d4e80c1e9d69bd6815796f1f21d012b2b19f2f6ae9	RESELLER	t	2025-06-17 17:25:48.795071	14	\N	0.00	Jacques	Botes	0718765818	29 Richter St\r\nTrichardt, Secunda, 2300\r\n\r\n2300			f	f	f	\N	7605185100087
82	moorishmalambule@gmail.com	moorishmalambule@gmail.com	scrypt:32768:8:1$53bkKAzpuREJIy3x$1a9157dbb9f6ac3211678fb9ed8651c58f7ce86ad429321251f3b8e1c9198d10f9f5b0fe7d9ce9d705096573cb7c10e8396be6a5135d5ccd1445609682d0c5c4	RESELLER	t	2025-06-18 16:44:20.982386	14	\N	0.00	SIPHIWE	MALAMBULE	0753737431	Elandsfontein 352-Jr	ZIPHO KA NKOSI (PTY) LTD 	\N	f	f	f	\N	8401215830086
90	phumudzo@ikonicapital.co.za	phumudzo@ikonicapital.co.za	scrypt:32768:8:1$M05orxQwhrkSLtVX$5a6ed4c4ce22bd44ea596a3a51adbcf3ba026c0e5d34fbbe2c239e1813dde7bc83c6d1d39a358e6aa2032587f91fbaf8900898a29feb2f1657d604fecc61d8ee	RESELLER	t	2025-06-19 09:15:06.430506	14	\N	0.00	Phumudzo 	Makhado 	0836197801	20 The Gallops Drive Blue Hills country estate 	Ikoni Tech	\N	f	f	f	\N	7708315310087
89	luvomtandabuzo@yahoo.com	luvomtandabuzo@yahoo.com	scrypt:32768:8:1$P9ymhZIHg1wXnYj2$556b96f4b9099914e93e7a3ff2dc5bd6004854016467c84e74b7b8b8dc9c5b33b67f7151cbb9d0e675c189d7d84759677b025a7b05bab7633408a68d1afa3efa	RESELLER	t	2025-06-19 09:14:40.852768	14	\N	0.00	Luvo	Mtandabuzo	0728134305	12 Ntshona place North crest Mthatha	8909145825083	\N	t	f	f	\N	8909145825083
91	Info@braivitech.co.za	Info@braivitech.co.za	scrypt:32768:8:1$rl5oOhs7m7uwStCW$18142f858096c667f8b4b340fe01ffef8f71563b3b6df7749b55bd6c48c577393de14e9c804f646a721c28c5df77357a9d7d69b3e6057f0679a0f7b275e4c58c	RESELLER	t	2025-06-19 15:21:19.006694	14	\N	0.00	edwin	manamela	0724616090	212 H Luthuli Park	Braivi Technologies	\N	f	f	f	\N	7112085692081
85	deonmlungwana@gmail.com	deonmlungwana@gmail.com	scrypt:32768:8:1$BT6Y8eycTlW6eEea$38d33e84d6dfa4c243b482727e52404c0931a9839e05333cb43952d25b0ae12904fb19e86c0f3f68b14d8ffd2b94814fb07ac23c6c77fe232bcc49afdcf0ebb7	RESELLER	t	2025-06-19 09:11:29.808411	14	\N	0.00	Pumlani 	Mlungwana 	0764364994 	16 Goldreich Street soweto on sea	\N	\N	t	f	f	\N	8907145792089
86	mzansishop28@gmail.com	mzansishop28@gmail.com	scrypt:32768:8:1$RQiAlPGVMOUTk2ZW$28882c4488f9209107f0aea25a95bf34168baaa4b69644414ff2f5fe03cdbb4c9fe07cfdf4c5a31ad50fa209af054ca852826342dfe6472c5788ba37b04e8b8f	RESELLER	t	2025-06-19 09:12:46.696703	14	\N	0.00	MZIMKHULU	YEKO	+2760 627 8353	41 Cato street,\r\nDurban	\N	\N	t	f	f	\N	8106235804082
87	info@somy.co.za	info@somy.co.za	scrypt:32768:8:1$Aix30v0Is19llvF8$0b308ecffccb419b3a350ee1ba22ef6670beaad0c59cd0c597fb9653e62a141f3e33fefc038b073415e5b5b5a580caca223923ceca0a88bf4e130af467704309	RESELLER	t	2025-06-19 09:13:12.718296	14	\N	0.00	Sheldon	Marais	0686053951	6 KERRIE PLACE, ASSAGAY, 3610	SO MY GROUP	\N	t	f	f	\N	7910185019083
83	alwin@capalpty.co.za	alwin@capalpty.co.za	scrypt:32768:8:1$fbj88CBE9o6gW5KR$c03957ed29170b0aff37e999ebd4be49949ea5b76d291d963a4c788ce86c9be5baff67582b56560d7d488c099499ac7de545b6a64a44f9715d5fcff4f06974f8	RESELLER	t	2025-06-19 09:09:55.545204	14	\N	0.00	Alwin Friedrich	 Carstens	0827583689	26 Rhino street \r\nMalelane\r\n1320	Capal (Pty)Ltd	4840309878	t	t	f	\N	7605025113084
93	gordonlendel@gmail.com	gordonlendel@gmail.com	scrypt:32768:8:1$FLVktFp8NKA4OwMc$3e3c2223148690330b2dd562dea7cbab1890491180865813b0d68005aa96f27e219dfc042e0e996d3e6585d40100e5b2bb2adbacdcf2f3cb46cf16aba40b432a	RESELLER	t	2025-06-19 15:22:14.495438	14	\N	0.00	Lendel	Gordon	0846758612	10 Fabian Avenue Athlone	Flow Sync	\N	f	f	f	\N	0108165227084
94	lendelgordon01@gmail.com	lendelgordon01@gmail.com	scrypt:32768:8:1$nSHjUonYcnxk1rx6$ffb49f64824020cb1c42e4fb0056256cef55e75d6e98c9549fe496df73a235509d50a4f3966440264e0228b5ca5eae2c449a1b78de41fa7d0e45a3079cf1564e	RESELLER	t	2025-06-19 15:22:44.921776	14	\N	0.00	Lendel	Gordon	0846758612	10 Fabian Avenue Athlone	Flow Sync	\N	f	f	f	\N	0108165227084
96	exeli001	baherhabib4@gmail.com	scrypt:32768:8:1$4cOTOE8w8uflFIll$18ac270fe1be441802ae1f5a63f47483f32109db42bf4c3466dc26f12039cc33dcd9a43897b2f3fff2d8c4a78bd132158c717b8fe015228a73ae27d1f25f0708	ENDUSER	t	2025-06-20 07:07:35.959463	15	15	0.00	Johanna	Baher		House 136\r\n1410 A2 Street\r\nCarletonville\r\n2499	\N	\N	f	f	f	\N	\N
92	edwinmanamela@gmail.com	edwinmanamela@gmail.com	scrypt:32768:8:1$2Sg8tSw3Vw6M1VzC$ca956ee9876197dbbe6cb06daf13d6a14890d692204288a0c81538991cd5f34630936987f978f01cdec8f57f5f47e02723192a7e29baa89d5454b99de3842e6a	RESELLER	t	2025-06-19 15:22:00.724091	14	\N	0.00	edwin	manamela	0724616090	212 H Luthuli Park	Braivi Technologies	\N	t	f	f	\N	7112085692081
88	fbanwa@gmail.com	fbanwa@gmail.com	scrypt:32768:8:1$TCrJE9YO4VHvBCUk$97fd6ee8a77a81332e4c2aca12f027370c4db97c165e0b304dccf43ff5e886c44241ec3bce936c5a95fedb537ecec726946e49821e88d1e0dd095c2119e9a6ff	RESELLER	t	2025-06-19 09:13:40.213965	14	\N	0.00	Fhardeen	Banwa	0697080560	33 2nd Rd, Kew, Johannesburg, 2090	uHost	\N	t	f	f	\N	8007245073082
78	jonathanpeters051@gmail.com	jonathanpeters051@gmail.com	scrypt:32768:8:1$VxyqhblcnmhkHRAI$a1b9449e98eede787782bbf2d4f0d91bf0113d96d106c62a0b32c7ab5a6eb1835abdc679f9410df09e4bbdef8a96dd90ed902297f2d557da81d4441e1e5c35a6	RESELLER	t	2025-06-18 08:51:49.061315	14	\N	0.00	Jonathan Allistair David 	Peters	0661199255	8368 Judah Street. George, Western Cape. South africa	GKroon (Pty) Ltd	\N	t	t	f	\N	8505245266085
81	rabbykapela8@gmail.com	rabbykapela8@gmail.com	scrypt:32768:8:1$Ncm5FMVpZxMhskBd$6d45e111bdcd6aa58e6dd42370f7ddee9bc73c9f2d89e1c0c54187d8cc34bb3611f346f12c90e2028dd44e502e5e47ef629279841b9fe6494e9ee397cb773d54	RESELLER	t	2025-06-18 11:22:08.975395	14	\N	0.00	Mbhali mary 	Ngcobo	0815373829	1 troy street 	\N	\N	t	f	f	\N	9302089528087
95	aokiji@clanzt.com	aokiji@clanzt.com	scrypt:32768:8:1$zW3Dm5Z1I2fZfxL8$9d8d42712fd31a133602437050cebe4161043f2ee27bd401eb3b41c479a5392bbef827b6066958be7efccbe248b7e34eb077b835b58009d36fdb6236cdac89af	RESELLER	t	2025-06-19 15:22:56.074151	14	\N	0.00	Renier	Marx	0719774284	166 Vanadium Street\r\nNortham\r\nLimpopo\r\n0360	\N	\N	t	f	f	\N	8906075157081
99	vatshalungisani9@gmail.com	vatshalungisani9@gmail.com	scrypt:32768:8:1$jZOEjoq6SH2ne4zu$360c1e24645732e185c72c9d4c806222858cbdd2a691b11033e2d0ecac705c9b7183dbef80317a8a38b2db281e5e63141f1543dc44f25a064cf8a6824741a895	RESELLER	t	2025-06-24 11:53:57.989411	2	\N	0.00	Lungisani	Vatsha	0695094809	1896 Brooksfarm, Phoenix 4068	\N	\N	t	f	f	\N	9003315550082
84	Raihan.prepaid@gmail.com	Raihan.prepaid@gmail.com	scrypt:32768:8:1$cZcWIvtfMS2dtjJV$0652d3a914d53191ae72478a1a85d2ad9f6d10ad06ba1a8069fe5c93568c84a4a007a53a5b8a68e97714d6298a7ab101585b32273aee6b78ab987bb4d0c7b84b	RESELLER	t	2025-06-19 09:10:45.675965	14	\N	0.00	Saeed	Akhtar	0633382017	42 Crossandra Street\r\nMalabar\r\nPort Elizabeth \r\n6020\r\nEastern Cape	Amaze shop	\N	t	f	f	\N	9407176239182
79	info@dingestech.co.za	info@dingestech.co.za	scrypt:32768:8:1$700LOgphTbG9A9Up$c56212e4e6eda4ffef37842aaa0655dd14bb82dd35d2e479c33914587de54fc10cdb1fdb644412a919525fecf3268537368e1792a6f60f55092caebf8770d7cd	RESELLER	t	2025-06-18 08:56:03.681436	14	\N	0.00	Tristan	Swartz	0101415650	Van Rooyen, Beryl Ridge Estate, 20 Nimmersat Close, Stonehenge, 1200	Dinges Tech	\N	t	f	f	\N	0109236394085
100	internet@thasil.co.za	internet@thasil.co.za	scrypt:32768:8:1$2gxt135W4Qensjkb$49814c294b77460705438c3cf78c57d808ccf73673303696637454e70326d286e4227e8b9d1b6562d29888c4c7bea07322a64b55647278828eb418d40a1770c6	RESELLER	t	2025-06-24 11:54:15.853649	2	\N	0.00	Sylvia Bheki	Dladla	0729743530	The Courier Guy\r\nN4 Malalane\r\n1320	Thasil Electrical		t	t	f	\N	8912255351080
101	Anathi.maliti@DITSolutions.co.za	Anathi.maliti@DITSolutions.co.za	scrypt:32768:8:1$OCSt0Sb47K0SLnke$bf31158f3ed34941f5cd79bc44a21cdf5394aed1dd803ce56e00aa4efb3cc57343170ae5ae27a1f7cd3a696828690135790312a816ffbadbc0d8fcaaaa2327c6	RESELLER	t	2025-06-24 11:54:27.182227	2	\N	0.00	Anathi	Maliti	0677453003	42-498 Khalima Street, Makhaza, Khayelitsha\r\nKhalima Street, Makhaza, Khayelitsha	DIT Services	\N	f	f	f	\N	9403195257081
103	admin@gigahost.co.za	admin@gigahost.co.za	scrypt:32768:8:1$ltiN1dPX16war1Lj$ce2e512c599a03af79ae7614803abe94d42faf1b9680a6eb063a2c9676907948665bc0382d13caf433c552355b4b9ac7413654287666a527eaf96380ecaed01f	RESELLER	t	2025-06-24 11:54:49.175857	2	\N	0.00	Oelof	Opperman	0686268260	Gigahost\r\n64 Christiana Street\r\nChristiana\r\nNorth West\r\n2680	Gigahost	\N	f	f	f	\N	9006245366081
104	advice.mokgate@gmail.com	advice.mokgate@gmail.com	scrypt:32768:8:1$bx6Ztr8eEaCoT0rp$2c3c4b147acac1fc5c6d87d2b73174794e5fdcace323bbbf6440c317129c3e6d283c28b4f5648652b11615933da992d6d0ff7eee4c300254f8ab86b6da19f9b1	RESELLER	t	2025-06-24 11:54:59.776571	2	\N	0.00	Modiba Advice	Mokgate 	0711252964	58 jeppe str Luistrichard 	\N	\N	f	f	f	\N	0003135481087
106	motlakase@hotmail.com	motlakase@hotmail.com	scrypt:32768:8:1$XNqanL7k8qkH0nz0$b9c34ef2289492515d68448b28233bdf6fc13e8e51f6da282b8a7e565263eaf44fd4586ba8a37001329f40d7b3306666251e31bb784192e3716cf8f91d27cc57	RESELLER	t	2025-06-24 11:55:22.356219	2	\N	0.00	Thabiso	Motlakase	0717507587	6776 Mochamba Street\r\nIpelegeng\r\nSchweizer-Reneke\r\n2780	\N	\N	f	f	f	\N	9203166114083
109	grantronaldhills@gmail.com	grantronaldhills@gmail.com	scrypt:32768:8:1$h06MENSrcFq53De6$f09a77bd3cd5345184184987ed29bb7fa386b938cb0d32f6b41917d1905e72aaf0a60e059dead79c3d10b383c46b0e6c81d30cfc54cf98e7a4174bc4eeb916ff	RESELLER	t	2025-06-24 11:55:54.192593	2	\N	0.00	Grant	Hills	0825796685	1 christie de wit	Private	\N	f	f	f	\N	8305115224086
111	ethan202r@gmail.com	ethan202r@gmail.com	scrypt:32768:8:1$qNl8cJV4K9nGZJtc$ce02ebacada7e993771984e5ae7c17326af4cbb130f8c7b691655653a5fa56696edb2847ce69818fab54bd69648b0639214a767242361ea03afbbfcdfc5e83ce	RESELLER	t	2025-06-24 11:56:16.941816	2	\N	0.00	Mbali Mary	Ngcobo	0815373829	95 Roy Campbell Road, Napierville	\N	\N	f	f	f	\N	0815373829
110	kiyembap@yahoo.com	kiyembap@yahoo.com	scrypt:32768:8:1$oINogMv1uFH7mAMo$0f4dc95151de77bff5bfa0797f719f75a832b87968061dc6fbb66c736923c6ff22c8a2ed700dde1623adffee8ca7eece8528b4714f66a7117de95b5ba39763bc	RESELLER	t	2025-06-24 11:56:05.11043	2	\N	0.00	Patrick	kiyemba	0739647888	517 10 avenue gezina pretoria\r\npretoria	Binitoo internet	\N	t	f	f	\N	8108106374187
108	lawrence@lsmit.co.za	lawrence@lsmit.co.za	scrypt:32768:8:1$7FO2xjUpQkuPguHw$ee163d9e01e189cd815b018bcadd4b601a958a2523bf8eb4c837be334223024378d9624290b7e924466af195d0b147f08bda342e49e40d5667598073f1d0bbc6	RESELLER	t	2025-06-24 11:55:43.388903	2	\N	0.00	Lawrence	Mashali	0789490243	House no 161, Olive Tree Complex, South Hills, Johannesburg, 2194	LSM IT Solutions (PTY) LTD	\N	t	t	f	\N	8201065531085
80	info@eait.co.za	info@eait.co.za	scrypt:32768:8:1$CCQmyDo4IACAyvoX$3ccd091e1404ce2e9ea4fecd6e2417884436beb08fb692598ce413d938a72e2de306991bd360a8c31f0d46bac53b54a1d08bedfd24a5310ea8a931290f9ae5ce	RESELLER	t	2025-06-18 10:07:12.190537	14	\N	0.00	Johann	Viljoen	0842912770	50 Gladstone ave, Brakpan, Gauteng, South Africa	EAIT	4940294064	t	f	f	\N	8505055219083
105	lufreem@gmail.com	lufreem@gmail.com	scrypt:32768:8:1$Yqew65dipcX6Gmrd$b75e9b7f26e63748e7a9bf11f40003c9bc7400b0a924991c25218c062ad22f16aff11f67935026e44df988b577444a5e5090e50fe2995acccec79b76774e0883	RESELLER	t	2025-06-24 11:55:11.151378	2	\N	0.00	Brian Pelekwane	Kgohloane	0606856483	A0309 The Oaks\r\nHoedspruit \r\n1384	\N	\N	t	f	f	\N	8105315352087
112	jabulanizwane06@gmail.com	jabulanizwane06@gmail.com	scrypt:32768:8:1$dNCs8G8F97RiDy2Y$a8b1f6b4972bd4f7bdd8febdcf03ae3667570734248f3335a53f9ca923f9430908ec7ccf4fc8868d03d11a628bf9de366faf27f508becce54181339b1a6ad4fa	ENDUSER	f	2025-06-24 12:33:13.55462	102	102	0.00	Jabulani	Zwane 	0813063916	14 Raven street Roodepan Kimberley 8309	\N	\N	f	f	f	\N	\N
102	zwanepower1@gmail.com	zwanepower1@gmail.com	scrypt:32768:8:1$k7ULl1qbOvv80cz6$470aadd89e4946cae097bf8a464836d8f71cefc99a9bda5d007b2b4d2e032a03d2e72ae95e619f21cd10ad6b98a012563ead02894a45ffbbc20d4539fef0c3ee	RESELLER	f	2025-06-24 11:54:38.189635	2	\N	0.00	Jabulani	Zwane	0813063916	14 Raven street Roodepan Kimberley 			t	f	f	\N	9811235333086
107	lehlohonolo.polo81@gmail.com	lehlohonolo.polo81@gmail.com	scrypt:32768:8:1$2vHAFZA6rYNFC0VH$d24bb89b160a0bc97712e32c2b804a72fd6531416025f86ef98272158d9a4e4220d46453e7d1a78897e98511cef004197c4d347d601de6861e64c0296c7f2df5	RESELLER	t	2025-06-24 11:55:32.784444	2	\N	0.00	Lehlohonolo 	Polo	0814253353	212 Mahabane Street \r\nSeeisoville \r\nKroonstad  9499	Lehlonkana Pty LTD	\N	t	t	f	\N	8110125523083
113	TestingUser	admin@wifideals.co.za	scrypt:32768:8:1$KKNFv40MoZ9fnsIl$ef4e7d84d5197b515737bcb1781755bd16a280376f9ea82ae443382fad87f2f62d634bbed5a485b73b398fa2c6f717d701a6a630a72ceef0574db5ec20138be9	ENDUSER	t	2025-06-24 16:43:19.361099	80	80	0.00	Testing	User			\N	\N	f	f	f	\N	\N
114	Christiaan Fourie	cfourie9460@gmail.com	scrypt:32768:8:1$Jhs9Ld6JBUvP96QF$47f091d47f391f98892d09bb5fa63a00a262b643634f393cce05a0284cb44fe81864d7f79b22e8a5e566d82d8f7ee2f8a4e9964e3a6f0e3906049dc7311b95cb	ENDUSER	t	2025-06-24 18:54:09.55305	35	35	0.00	Christiaan	Fourie	 0745043260	Plot 36 cottage 2 \r\nBlesboklaagte\r\nWitbank\r\nMpumalanga	\N	\N	f	f	f	\N	\N
115	alwin.carstens	alwin.carstens@gmail.com	scrypt:32768:8:1$WnwaZzZfSKRexuvT$a427b86d5326551f7d2bd9ffb8e12881b93e6f7d7947bd95796481d75e59a2acde6585c9a7de1dfcf0f48d65b2afca9538fef22cb61ea4482aa38952d184af40	ENDUSER	t	2025-06-25 05:04:50.731356	83	83	0.00	Alwin Friedrich	Carstens	0827583689	26 Rhino Street\r\nMalelane\r\n1320	\N	\N	f	f	f	\N	\N
56	rethabilerammota@gmail.com	rethabilerammota@gmail.com	scrypt:32768:8:1$XOrAa1wQmlvCcyfJ$537fa0900401b66145f3697a4f9d0d21bbfa5c1dadd27bbdb7a6d6b7a8958169ae553cb52b17c6f0e743d87501868848960ac9e8adb0988045de0ed2c71adff5	RESELLER	t	2025-06-10 15:13:42.292882	2	\N	0.00	Rethabile	Rammota	0634220292	Site Nr 6338 Stilte\r\nMeloding Virginia 9430	\N	\N	t	f	f	\N	9801065638084
116	zelda@openweb.email	zelda@openweb.email	scrypt:32768:8:1$SJFeVJ2P5OIZwYiF$6a7aeb0d71530c8c3f6516a9ed9931244ff4e289659952dc9071bcc48c34f22e41dd470f971d5ad70f836e95203488aee67ca82e4095d06b5421aca53643a131	RESELLER	t	2025-06-25 14:29:51.106013	14	\N	0.00	test zelda	test zelda	0683333666	Main street\r\nCoffee Bay\r\n5082	na	na	f	f	f	\N	0000000000000
118	ntandomehlomakulu@dr.com	ntandomehlomakulu@dr.com	scrypt:32768:8:1$RVAgmrXB3k9WAUVo$fe42739dead10749aecda90ca48d022a5c8ee7afab28c83add44319682ad5c8329ec061184872439414e822c70854c6c7ba218f0893b86615eb07bf793b99cfc	RESELLER	t	2025-06-25 14:30:25.222543	14	\N	0.00	Isaac Ntando	Mehlomakulu 	0623255233	7 Argosy Road \r\nImpala Park\r\nBoksburg\r\n1459	INM0304 PTY LTD	\N	t	f	f	\N	0103045325083
123	shongwe.moosa@yahoo.com	shongwe.moosa@yahoo.com	scrypt:32768:8:1$4s0r5yJlJhdkk2rc$4c99845398eb12c36e56819bf710cc14e3e9863128c0e4b2dda95a64a9ea129746644a36037bdd5e695059be9f4c8fab6fba90869a8a3cfa8592f29a27bcaca6	RESELLER	t	2025-06-29 12:40:41.253776	14	\N	0.00	moosa andries	shongwe	0763559935	2141 phindile street barbeton 1300	germo corp	\N	f	f	f	\N	8409265497086
125	mashababd@lisikotech.co.za	mashababd@lisikotech.co.za	scrypt:32768:8:1$IktrzxG3SYOFMs8d$c273d8875fd23259d8b1d5104b97012f6b39bf7c6fa8c5aa033cd37aec6710b17a284708114fef74f3b5e1402636b64aa4cf6c1ffc7a150100d7bf2f875e9e75	RESELLER	t	2025-06-30 11:56:23.454964	2	\N	0.00	Bongani	Mashaba	0822253552	8 Prinsloo Street\r\nAlberton\r\n1450	Lisoko Technologies	\N	f	f	f	\N	8503285393083
126	chevonevdwesthuizen05@gmail.com	chevonevdwesthuizen05@gmail.com	scrypt:32768:8:1$tyF8QDctyucute3I$bad65c5d8a9555088d48d688cc0b7f0e626a928b3a773f1760a430565a93dc9421d9604866dd4b8c8377dd80776872475002d49977d50a4ba9bf911397ea31fc	RESELLER	t	2025-06-30 11:56:33.534405	2	\N	0.00	Chevone 	Liebenberg 	0691125213	Die hoek bloemhof 	\N	\N	f	f	f	\N	0203160067088
120	Nazlie98	Nazlie.akhtar@gmail.com	scrypt:32768:8:1$l1LzVb47lkzgsyb9$e50ae2ebf2e7a8edba2ccb20f2cdba80c9c1be5680cdcbdbe764e71a730526445e71bc3026396f0be9dbb7223a243cb945744f6d1c61db755b4febf2a278ade6	ENDUSER	t	2025-06-26 23:30:53.003587	84	84	0.00	Nazlie	Gelderbloem	0632008814	Unit 14 Agapanthus court \r\nMalabar \r\nPort Elizabeth \r\n6020	Amaze telecoms	\N	f	f	f	\N	\N
121	mjmaluks@gmail.com	mjmaluks@gmail.com	scrypt:32768:8:1$lZckHnfvQ3myC3yz$3fd6d2078fb8b4117c9d9961ca5e9e6ce027906fef59dfc91fdc2070cccd78c5d975f1cade0913b1193c95fe29a66c46920471fe1b301bf60b45e619460075b5	RESELLER	t	2025-06-27 13:44:56.52078	14	\N	0.00	MOSHE	MALULEKE	0614431719	832 Khutso Street Reddersburg\r\nMatoporong\r\n9904\r\nFree State 	\N	\N	t	f	f	\N	9011215787084
130	lawthevu	lawthevu@yahoo.com	scrypt:32768:8:1$1xxw3dawoyK1Xqij$5a13815083433ec451c78afb1a39a86c24bffdf4403cdad238d7e13afb762bf75b84d2459b6b1fd6513b5a67c4dc0c188ab7b8fc2cc20ccaaaa25c67c2784a2c	ENDUSER	t	2025-07-01 13:11:10.286806	108	108	0.00	Laurence	Mathebula			\N	\N	f	f	f	\N	\N
131	gcina	tabisogcina@gmail.com	scrypt:32768:8:1$KZuyGxx7WXbuHjnK$258b21bf3c652c68fda0f0f99469457dcf5c164dfc6a12e9293460bf743878f58276dd24235bcf6daf3d956fdc54417e12355eaba5ea47b0e54f5b0893d338d6	ENDUSER	t	2025-07-02 08:16:41.920147	122	122	0.00	Gcina	Ntintili	0798038461	Rode a/a, mount ayliff 4735	\N	\N	f	f	f	\N	\N
119	ntandomehlomakulu	screenshr@gmail.com	scrypt:32768:8:1$pxp8KIKPX3dLxZTJ$26e825988db1ee3e208adc6cc31c6968cad2fadaa8144df12148721159c765fb381547b115f63cfa499564f59830c105b322c1d7b687c9a7712a3668e60e2824	ENDUSER	t	2025-06-26 06:44:36.247885	118	118	0.00	Ntando	Mehlomakulu	0623255233	7 Argosy Road	\N	\N	f	f	f	\N	\N
127	ghomveld01@gmail.com	ghomveld01@gmail.com	scrypt:32768:8:1$iSWIG9jgqYkckxFy$6657972dd5d671f654a468bd7272a9f0bdf67a3d8d1996614ac7dc88e3472ccd14421c0614ebd1597f68da4e6164ce4ee49c862f7c11c47bb830cf6b685b3f61	RESELLER	t	2025-06-30 11:56:43.884973	2	\N	0.00	Gerhard	Homveld	0681689766	2A Botterblom Street, Bos en Dal, George, 6529	\N	\N	f	f	f	\N	9204025137083
124	nxhongo123@gmail.com	nxhongo123@gmail.com	scrypt:32768:8:1$HCMr77Il6DoGtFf7$19f672280d17cb4ef49af5aaee06a830df0b94f158adfce16b3671f60aacfd17b21714436d56d4864fa32f238675a3099347074031f6f71086d53e4456f02178	RESELLER	t	2025-06-30 11:56:10.88748	2	\N	0.00	Vuyane Victor 	Nxhongo 	0685419584	10686 verdwaal no 1\r\nItsoseng \r\nLichtenburg \r\n2744	\N	\N	t	f	f	\N	9201296044089
128	Happyn	happyn@marsanatrading.co.za	scrypt:32768:8:1$Q3IXSsq5eO85v18c$ec7410f60aae9a7b24f257ce350330091f310cde58e1b1e2306b0519242675c87cbe4c26c247dccadb10fed897bee5edd766d9172f0d1edc346e45a9115e8741	ENDUSER	t	2025-07-01 12:43:07.822528	108	108	0.00	Happy	Nkanyani			Marsana Trading	\N	f	f	f	\N	\N
129	mashalil	lawmash@gmail.com	scrypt:32768:8:1$wnNSnUlGCctzRWE8$5712845b83890c122ca275e296fb748475094301ba1d3224f8b412fad70356a3edb246290f829315c2cb6ec3bbb358c6500f32a104dd1d42ba663d4264b3a28e	ENDUSER	t	2025-07-01 12:45:31.151742	108	108	0.00	Solomon	Ma	0789490243	House 161, Olive Tree complex, South Hills, johannesburg, 2194	LSM IT Solutions (PTY) LTD	\N	f	f	f	\N	\N
35	louisvt46@gmail.com	louisvt46@gmail.com	scrypt:32768:8:1$xWxNCs7AiWQnQH8e$43ef419bb5922f78048012842b7dc25229010654e1c18ba946bbcf7a1904ae110f470275663b043cc13964c77cdc719c1d839f06128da36b846cad862f620dbb	RESELLER	t	2025-06-07 10:38:02.847681	2	\N	0.00	Louis van Tonder	Van Tonder	0621335142	no valid delivery address provided			t	f	f	\N	8503175014088
122	thetagitptyltd@gmail.com	thetagitptyltd@gmail.com	scrypt:32768:8:1$yAsn0vpq5LTmMyKL$c1d0a08859816a1ff0ff683fed53387e9b6e4f650cab13bd530d010613673e2f77e942dbad1e312b8f5be2da2a50c445ec0a034251e60f42e8e71852a4f41b1e	RESELLER	t	2025-06-27 13:46:05.126592	14	\N	0.00	Gcina	Ntintili	0736174861	32 Hope street, Bizana 4800	Thetag-it(Pty)Ltd	\N	t	f	f	\N	9405086119080
117	chriskby@gmail.com	chriskby@gmail.com	scrypt:32768:8:1$ERtCTBCDs29W2LDj$834c9daafb594c4e9f91ff53180e4c69961d1a744555cbc7763fe0cdd4e8d8f273395eeced5c58b046cf1ac69aab9d851421374d1f6d255cb8b8b2cbb8a11788	RESELLER	t	2025-06-25 14:30:08.776604	14	\N	10.00	CHRIS	WILLIAMS	0833203488	2 Community Road\r\nFloors\r\nKimberley			t	f	f	\N	7412125201087
132	hugo@bfn.co.za	hugo@bfn.co.za	scrypt:32768:8:1$U5NPexC8gS6n1X03$0fa2d75741b277c23ccc5986b69eb8639267a34f4c246fe523d07876a7662cf236531006acdd3377398fca5bc80921e8db790621ba1428409bbbfbf5cd06a977	RESELLER	t	2025-07-02 10:00:41.722373	2	\N	0.00	Hugo	Lambrechts	0722798884	6 Akkoorde Crescent Pellissier Bloemfontein	LLDDA Solutions Pty LTD	4870300011	t	f	f	\N	7705125080082
133	charles.lotterie@ppc-it.co.za	charles.lotterie@ppc-it.co.za	scrypt:32768:8:1$ZVqdc3yAjtqRbP9S$40a1d820df9e4b9dc866a65fc725671c365263f648f2a23204d7558e0b9c01259d10a23c721cccd91c2753c88762b8fd2ae1d91df9f31d82425324d34cd78371	RESELLER	t	2025-07-02 10:00:59.105683	2	\N	0.00	Charles 	Lotterie	0672773362	44 West Street\r\nNapier	\N	\N	t	f	f	\N	7808305152083
134	Aiming High Development 	gaysen76@gmail.com	scrypt:32768:8:1$5gWb9AFfpM3C4KWH$7757495b1c69714d5193ffcb673970943529ec82e23c2517e0888a9ebadea2cf070a73f95d3df98edb3cdf56bba6d959a824c8ed559611f06fac55be0ce6c682	ENDUSER	t	2025-07-02 18:18:22.917983	117	117	0.00	Glynis	Aysen	+27 83 447 8886	BP Mmabatho\r\nCnr of Setlegelo and Bray Drive\r\nUnit 15\r\nMmbatho 	Aiming High Development Corporation (Pty) trading as BP MmabathoLtd	\N	f	f	f	\N	\N
136	web@itcity.co.za	web@itcity.co.za	scrypt:32768:8:1$mAdqFnfwhNsrG8xp$01a1aef0fd03ce631fd1e9ad08fb022f432212ba3360425f19be3d62e31e0fa371f90dcba159e952ac149e97f817e9fffb6095dbd954975e6bb1fc8773960a1b	RESELLER	t	2025-07-03 11:51:32.427629	14	\N	0.00	Luvo	Ntisana	0846518220	Blackriver Office Park, Block B\r\n1 Firs Road \r\nObservatory \r\nCape Town\r\n8001\r\n	IT CITY (Pty) Ltd	\N	f	f	f	\N	8810085897084
135	monareng.mashaba@gmail.com	monareng.mashaba@gmail.com	scrypt:32768:8:1$BFcFVPGnTqNBZlrg$1b5a4b20229f57af93b3bef2058682fd3259700b7a3b49dfeec9e3cdffcd0d58027bbf0a35335879a7262b4fb3353ebba9b1e3a1d4404e81f417f5a3279cdd4a	RESELLER	t	2025-07-03 11:42:09.554958	14	\N	0.00	Makgantlane Goodwill	Mashaba	066 362 5621 	396 Tubatse Township\r\nPraktiseer\r\nBurgersfort	\N	\N	t	f	f	\N	8504045638080
137	tintswalosolutions@gmail.com	tintswalosolutions@gmail.com	scrypt:32768:8:1$e0UIwtbUYZaozmo7$497f1de701f3b4e4f88ce7034e0b30eef43d259f8c33484aaa292c48a070c264983a11a31dbada38a1429da7d9944c6cd4bfcdcf7953a5d8e22a30622a721473	RESELLER	t	2025-07-04 11:06:08.943981	14	\N	0.00	Tinyiko Guy	Shibambu	0733550846	84 Israel Street, Cosmo City	Tintswalo Solutions PTY LTD	2023/741426/07	t	f	f	\N	9203275513084
138	geetekserv@gmail.com	geetekserv@gmail.com	scrypt:32768:8:1$tnQWy2JbUpu3anPc$b7a6c161d0a7bcc6b1c28d5c820943680470d1388a4bb78d26cc6ae82ef88a6fec67e5c053938e5a7e64e92cda442e442155fd20bea46219fcd16f88efef6a19	RESELLER	t	2025-07-04 11:08:18.358893	14	\N	0.00	Vincent 	Jaftha	0769479881	330 Kruger street \r\nRietvale \r\nRitchie 	\N	\N	t	f	f	\N	8505235080082
140	Louis.Esselen	esselenkwekery@gmail.com	scrypt:32768:8:1$vgHct5yshMXCtJKE$a83dba3641400be3e7274d644ce9656460ee2a41c49c8874f43b03d23744a07b1eac8168196bd0353ffb16af9f4bb12b8486334fe5a7dff4b80c6900e84be6cd	ENDUSER	t	2025-07-05 05:45:56.491192	83	83	0.00	Louis	Esselen	0788037010	Malelane	Esselen Kwekery	\N	f	f	f	\N	\N
141	ngwenyamaj137@gmail.com	ngwenyamaj137@gmail.com	scrypt:32768:8:1$YLExLLDO4YM3u3Z1$61b90ef9eb05a07187bca905b141ff9ebc33e8f6f20fdd77413595871ca0a31c22540ae9f1fe07e2b8352944f4a02042e514086e67de1c75e61e7575ac5b2760	RESELLER	t	2025-07-07 09:08:18.48165	14	\N	0.00	Jabulani 	Ngwenyama 	0718164340	21 Nurney Avenue Crosby Johannesburg 	Flightselect group pty ltd 	\N	t	f	f	\N	9108016096085
142	Baloyimaluleke	lte@baloyimalulekeinc.co.za	scrypt:32768:8:1$wKzyQX2HITxYlqC9$e7b9c6025cd105a116b161626d8b45bc71dcad96ec3d131e2493d534d181ada14338bbfc431f717984b7c2e59d637fcbf56d106da89ebfa68f4c9b04264466f6	ENDUSER	t	2025-07-07 18:27:00.412256	108	108	0.00	baloyi	maluleke			Baloyi Maluleke	\N	f	f	f	\N	\N
143	Kekana	info@lsmitsolutions.co.za	scrypt:32768:8:1$uafHSfgKhznIHvfZ$add8fbc0903f73247f519010b8fe264f2db715893660cdd3c2dae1a6cc15f3eb3311931e8c302f6b2a1354033a58f8e9c6e81ffbc3d02ba22c233573134f1d09	ENDUSER	t	2025-07-07 18:31:32.322973	108	108	0.00	KHR	INC	0789490243		LSM IT Solutions (PTY) LTD	\N	f	f	f	\N	\N
145	rowen@swiftvoice.co.za	rowen@swiftvoice.co.za	scrypt:32768:8:1$O3xXdRRKv3Ejn2O0$1387177a20073accc526cced9af39e955c8bc1c2d1929dc96d8c44dbd6d47ad18bceaaf2231d1b3f8b6509be9d7e2eea7aa4aeda0af34ce363cc10d50376d7c8	RESELLER	t	2025-07-09 14:16:06.115605	14	\N	0.00	Rowen 	van der Walt	0739749850	29 Heuwel avenue \r\nNewcastle\r\n2940	Swift Voice (PTY) Ltd	\N	t	f	f	\N	0102266266083
146	Soon	soon@vancom.co.za	scrypt:32768:8:1$DQokImXKyUKcrQSX$f13ece4ce467916a2e3e7978ac9328401bce8334fe163b2722f1c667985e4a3127adbe25ef698dc508c4309aeeef7917b9c663a9c734b5194d17d2209bd80037	ENDUSER	t	2025-07-09 16:00:01.261845	145	145	0.00	Soon 	van der Walt	0739749850	29 Heuwel avenue\r\nNewcastle\r\n2940	\N	\N	f	f	f	\N	\N
147	Rabby	mcj23548@gmail.com	scrypt:32768:8:1$s6cGuJ2orMRIw8UX$72e6c11073e533cef93332be64e1947ae9a9bc1d434efc28daf7c676be15a15af0658183cf57136b8076e9c65dc9cce5a96db017c798f41fe9b6179b3639fcca	ENDUSER	t	2025-07-14 00:43:46.26199	81	81	0.00	Rabby	Kapela	081 767 8628 	1 troy street, pietermarizburg	\N	\N	f	f	f	\N	\N
150	gomeztristan460@gmail.com	gomeztristan460@gmail.com	scrypt:32768:8:1$f8ym8CGEmhfaJ3mM$3c12b8f3249aab9305d7e8b5c1522ccc76fd01f73058db2e22eef5def91f2796425e2a20da89f6e23759f341a46aba720f73789d35692b57fdae9b3358a5166d	ENDUSER	t	2025-07-15 08:27:24.82743	117	117	0.00	Tristan	Gomez	073 078 8404		\N	\N	f	f	f	\N	\N
152	Sylviadladla@gmail.com	Sylviadladla@gmail.com	scrypt:32768:8:1$kIcVRuXj9qHjLa0k$cc9e09e1312a0effa765d722bca786139a56418219c9f24858de00af3d26e4420c4e836229828fb8636e19af3b350abf97aa771520ab9d54b1561cfd661ef60d	ENDUSER	t	2025-07-15 18:26:42.31571	100	100	0.00	Bheki	Dladla	0722642491	The Courier Guy -Malelane\r\nCnr Buffel &, Business centre, Shop 3, The Courier Guy, N4, Malalane, 1320	\N	\N	f	f	f	\N	\N
151	tertiusvl@ditungaict.co.za	tertiusvl@ditungaict.co.za	scrypt:32768:8:1$3FDUPqzPvUsskYJf$64373859b6feb55d5912da38479c689ca24f4d94c17ea6ebb8ccc5503cca06b9916ac34cd9c8a6cacafe994f1b949a232de9c55e95d4bf4c4d75dd65c31900fb	RESELLER	t	2025-07-15 09:44:56.967377	14	\N	0.00	Tertius	van Litsenborgh	0823923883	33 Schoeman Str, Vaalpark, Sasolburg, FS, 1947	DitungaICT (PTY) Ltd	\N	t	f	f	\N	8412255014085
153	GAfrique@gmail.com	GAfrique@gmail.com	scrypt:32768:8:1$LKVNRK7fyjZXvdgR$ab44cef81a9b91f2a29063174449985d6725ef219723f3e180078351629097f1c404452623fbddcaa42d4321918e870d7db2fb06a592549e0fe06abf17629f91	ENDUSER	t	2025-07-15 18:27:18.485134	117	117	0.00	Grant	Afrique	0622307136	Barnes Manor\r\nBarkly Road\r\nKimberley	\N	\N	f	f	f	\N	\N
139	ryan.ncisti@gmail.com	ryan.ncisti@gmail.com	scrypt:32768:8:1$t1vlVeiV6b1du1ZG$c2c88c7a56783a3259eb361e72481e8ff58851dc70806a53fd0df486cd178f36cb7a99579d50af268246b8e2846dc6af3301e4c1a4770dd1b70a27a83aebecf4	RESELLER	f	2025-07-04 11:09:31.784226	14	\N	0.00	Ryan	Snyman	0768184494	House\r\nPetunia street,Pacaltsdorp,George,Western Cape,South Africa,6529	N/aungkusi Group Pty Ltd 		f	f	f	\N	8001395218085
154	lehlonkanaservices@gmail.om	lehlonkanaservices@gmail.om	scrypt:32768:8:1$96lfLyhm7gNIXiqy$75d22cfd96abc11877a81756976a3f8f4f6d5d3ab18a53d05904501e5659d73d72d670a84ffb4449c2897eaaa7d4137aa89704872c23edc501e7a14f30877fed	RESELLER	t	2025-07-16 08:44:27.749386	14	\N	0.00	LEHLOHONOLO ANDRIES	POLO	0814253353	212 Mahabane Street\r\nSeeisoville\r\nKROONSTAD 9499	LEHLONKANA (PTY)LTD	\N	f	f	f	\N	8110125523083
155	joseph@jseinfotech.co.za	joseph@jseinfotech.co.za	scrypt:32768:8:1$reyXcAQRizdE6C39$d262811a86abcf171c5369be7a35e19e3328181fecbbee3acad6e3f94898057229b58304c864230eed4418a79c03e2e99a6c532c360ef0f922f02dfb304e3988	RESELLER	t	2025-07-18 07:45:36.848899	14	\N	0.00	Joseph	Ebrahim	0814394638	6 Herbert Penny Street, Penhill Estate, Eersteriver, 7100	JSEInfotech (Pty) Ltd	\N	t	f	f	\N	7908145163082
156	hansvheerden92@outlook.com	hansvheerden92@outlook.com	scrypt:32768:8:1$IUcMOWGNo1BNGuaq$f01027b7942f5a7d9c8cd74a0de7cb84e5ecb565af6ad40637cac05f06bdf08b6a9f8493726cd406f82f05f6819098334bbf7152ebc53cca51d482443aa28bd0	RESELLER	t	2025-07-18 07:46:31.858116	14	\N	0.00	Hans	Van Heerden	0627912993	24 4de Street \r\nKrugersdorp North \r\nKrugersdorp\r\n1739	\N	\N	t	f	f	\N	9205055046086
157	EXEMI001	sannatruter@gmail.com	scrypt:32768:8:1$rd3tcEZuVIe2rHP6$33c84f51ff045ffc9d0cba4c3f9847abbc1da95ac25ffc5410f786c04539ec37901f829923859304c1068eb7660154edb3929de6e32b42a3a7df4e28950afa5a	ENDUSER	t	2025-07-19 06:36:27.295796	15	15	0.00	Emile	Du Plessis	063 169 8013	6 Gerrit Maritz Street, Deelkraal, Carletonville, 2499	\N	\N	f	f	f	\N	\N
158	Michael Isaacs	aerysupply@gmail.com	scrypt:32768:8:1$HOzNJ9F2p6fndtim$23384028e41c19e0549478f1ac5a25674d1798e9bcdc552f439b1f4eafbbaf91ee177b1cd4ffa341dc1b3031b98f28a70cb8c99cec6a7cc8f832653ce3446916	ENDUSER	t	2025-07-19 12:35:05.174755	117	117	0.00	Michael	Isaacs		28 Karee Road Kimberley, 8301	\N	\N	f	f	f	\N	\N
160	monique@mulkegroep.co.za	monique@mulkegroep.co.za	scrypt:32768:8:1$AZTCzYRORYFYUl8g$3d5a0b383b27d8f6ed729589a4ecd7eb6541b7340d53bc9483edf2004ee9247ccb308da59cf9c1e24bc37f2173c26c331f6d6fe42597802f0b46c04f7ca47c35	ENDUSER	t	2025-07-21 10:32:03.316009	132	132	0.00	Monique	Mülke	0835628973	Perseel B32\r\nSambok Street\r\nJacobsdal	Mülke Pty LTD	4030315131	f	f	f	\N	\N
159	fuad@dalkom.co.za	fuad@dalkom.co.za	scrypt:32768:8:1$1QrYrM2CUKMDMv6Q$3db9555fc80be8c04edc525aa17d99f982b75134e7482280743602a9d2384ceec897f980200216069288adb5e6e53c7f88407c42d47c650a48ee10606e01aa58	RESELLER	t	2025-07-21 07:28:14.593613	14	\N	0.00	Fuad	Abdulle	0655556855	68 Durban Road Bellville	\N	\N	t	f	f	\N	8909026423180
144	idmasaas@gmail.com	idmasaas@gmail.com	scrypt:32768:8:1$0fOItpXKK9VHzqEs$bac3658898f28ad72a9023bec3be634d2b9bceafaeb51817a4344b6c9b1d566b4b664d06ee2437396e827870eadb6041f630de37c249b22050fd4dc53867618c	RESELLER	t	2025-07-09 08:14:41.907348	14	\N	0.00	Adiel	Solomons	0685977514	18 School Rd\r\nBishop Lavis, Cape Town, 7490	IDMA Inc Ltd		t	t	f	\N	9103055276086
161	gareth@kliq.co.za	gareth@kliq.co.za	scrypt:32768:8:1$prbuTM8qo5E5OrDH$1d6507c19e1405c4712a4f7363213efef53e08a870abe16fb3967944fec6f0cc608f17543cc989cf9a7e6e608f482aeb888627b7a4adcaa612c1a2ffe3777f81	RESELLER	t	2025-07-22 09:28:58.910814	14	\N	0.00	Gareth	Farrow	0765764170	82 Sovereign Drive, Route 21 Corporate Office Park,\r\nCenturion\r\nGauteng	kliq (Pty) Ltd	4630259127	t	f	f	\N	8603095101088
162	hagerma@hotmail.com	hagerma@hotmail.com	scrypt:32768:8:1$37zF0nO8hWfJwFls$ef4404304f678852626207de0a286b85b7a063f9d0181c609e379faae46d34d3617b8a2e035f2c9177e8c6c2636489a4eb24bd2e5d80e44c72f89d7d861e5a5e	ENDUSER	t	2025-07-23 07:57:53.03993	132	132	0.00	Lizette	Krause	0790864754	Perseel B35, Sambokstr, Jacobsdal, 8710	\N	 4900264815	f	f	f	\N	\N
163	actruck@mweb.co.za	actruck@mweb.co.za	scrypt:32768:8:1$TYeNmfK71bVrgtrr$cafb40356c7077b7151a8bff564c9209990c7ded5ee8239aa3a6cb25ec33a7f29a081df77f6c94ccb53dace1e87e3701da5797a0d24f9250c53d52f36139f001	ENDUSER	t	2025-07-23 09:03:14.570672	132	132	0.00	Aubrey 	Robinson	0825762824	Perseel A41 Modderrivier	Sorgvry Landgoed	4450112331	f	f	f	\N	\N
165	ziska@zamconsultingservices.com	ziska@zamconsultingservices.com	scrypt:32768:8:1$ou7fYGcW3jHvShSX$bb259de0156c7c70c1946223a5680141abbfd029bbb329f920a803b050e977d10ddbfc78f0ca1207785be9a392cc36865299dcfc021d0216c10ab0ef6cbdbc4e	RESELLER	t	2025-07-24 07:25:07.646746	14	\N	0.00	Ziska	Michaels	0717043221	114 Mission Street\r\nPacaltsdorp \r\nGeorge\r\n6529	Future Connect 	\N	t	f	f	\N	8310070286088
164	cobus@permanet.co.za	cobus@permanet.co.za	scrypt:32768:8:1$o7sbT6VH1vEm65SC$79864e3d8e918c705671ecdb3946e4281363c105aa94f5b6ba0b4f2836831034fa94a75097126ab74ec1b7581f544b9e31c11d337c5f0e2c8a7f94c4f211d47f	RESELLER	t	2025-07-23 09:29:11.462075	14	\N	0.00	Cobus	Marais	0834813297	15 Selatirivier Ave\r\nCashan, Rustenburg, 2999\r\n	Permanet PTY LTD		t	f	f	\N	9009305045082
166	AdielTest	adielsaffiliate@gmail.com	scrypt:32768:8:1$hVDVU8cR2Zwr0QpQ$e579ab5b8a3ec9b24d6547745d29694d89289dc3299a48afffb82f5f4b06c3b4b7623fd28177de8b275df7b2f78c5601e9c721b7aa8c6cc3bd58e2e237059748	ENDUSER	t	2025-07-25 00:28:13.473185	144	144	0.00	Adi	Test	0610409961	Bolo Street	Create Your Own Life	\N	f	f	f	\N	\N
171	mthombenib016@gmail.com	mthombenib016@gmail.com	scrypt:32768:8:1$dINgPNvgCpRmudNA$c7354b372ef5ae4572e183521cdb8db71c73f34fcfa8dfbca8b7573095b05092073c79b70d7d4d9f657a8175b1b0354f017e4b15682c58c879a858ffdeb70688	RESELLER	t	2025-07-25 09:57:15.356877	14	\N	0.00	Bongani 	Mthombeni 	0674092924 	210 Albertus street\r\nLa Montagne\r\nPretoria East 0184	\N	\N	t	f	f	\N	8009185705087 
167	mokotediek@gmail.com	mokotediek@gmail.com	scrypt:32768:8:1$pP5AjoeNA2qVxOaz$46281b93f9b7c4878cc76086cc7f06f4f2ba9205467b0f1a7a0d98250e71ac3ce230b8db308701ded8c9ff9ac89da010a18b5fbbbb20cda6349432d6b828373a	RESELLER	t	2025-07-25 05:44:37.679196	14	\N	0.00	Edwin	Mokotedi	0768437570	2541\r\nOikgang Street, Tlhabane	DIGITECH CO	\N	f	f	f	\N	9009246394086
169	jacques.botes76@gmail.com	jacques.botes76@gmail.com	scrypt:32768:8:1$GD4gOGrA0RO9uPT2$aabc5ffb1566cdc954d1d537e6dc3ac2d211a90695f79a1b0ca278503c44e2309670272e2bed5648753748736ae6cba003273c81790740b1ab121e039d5b3363	RESELLER	t	2025-07-25 07:05:08.115902	14	\N	0.00	Jacques	Botes	0718765818	Rietfontein Farm\r\nTrichardt\r\nMpumalanga	\N	\N	t	f	f	\N	7605185100087
168	zamasiyanda@gmail.com	zamasiyanda@gmail.com	scrypt:32768:8:1$YilaDFCizbSeXnS9$0a660e2e0753e97e08e8efe7259a91ef42658ab32aaa724667a660f407faa0d0a1f9db300f28becb93abc9793f5a7895a65f3dab01c51de94f669175fe465db2	RESELLER	t	2025-07-25 05:46:49.67424	14	\N	0.00	Siyanda	Ngcobo	0781383831	49 Stonybrook Road\r\nBrookdale\r\nPhoenix\r\n4068	Thintanet	\N	t	t	f	\N	9109055629083
172	Siyanda	siyanda007@gmail.com	scrypt:32768:8:1$fvFvZSWJO8TsZumK$14d604eb337a074a6128be7b2700c544c7ed6fad8eb1d1b2685aaafcd1f75c237e2dbe5c421610527f39d06878baed1dafb4d2a4f9a03b0edfd8fb81c4210903	ENDUSER	t	2025-07-25 15:49:47.142126	168	168	0.00	Siyanda	Ngcobo		49 Stonybrook Road\r\nBrookdale\r\nPhoenix\r\n4068	\N	\N	f	f	f	\N	\N
170	Segbyte1@gmail.com	Segbyte1@gmail.com	scrypt:32768:8:1$yW2NlZJKSEEtTNfl$510fb4021c8bd9690bd72ebdf679a8e956fe06aaf4bf341b41d6bf768e86fc166bd62c671ff5255f210b8625d2275f5a5924ea5af52305688234ad44be6b2c43	RESELLER	f	2025-07-25 08:07:38.137497	14	\N	0.00	Obakeng	Segoatlhe	0846695630	1683 Mothotlung\r\nBrits\r\n0268	SegByte Solutions		t	f	f	\N	9101065614080
\.


--
-- TOC entry 3934 (class 0 OID 21036)
-- Dependencies: 288
-- Data for Name: video_guides; Type: TABLE DATA; Schema: public; Owner: neondb_owner
--

COPY public.video_guides (id, title, description, filename, file_path, file_size, duration, thumbnail_path, category, tags, difficulty_level, is_active, is_featured, sort_order, created_at, updated_at, created_by_id) FROM stdin;
1	How To Assign An End User	This video will guide you step by step on how to assign an end-user to an active service	How to Assign an End User.mp4	videos/How_to_Assign_an_End_User_20250621_120712_5ca7be0b.mp4	9298405	\N	\N	Reseller Panel	\N	beginner	t	t	0	2025-06-21 12:07:12.280361	2025-06-21 12:07:12.280363	2
2	Upgrade And Downgrade your Account	This video provides a step by step guide on how to upgrade and downgrade your clients accounts.	Upgrade and Downgrade.mp4	videos/Upgrade_and_Downgrade_20250627_103251_7a1350ac.mp4	232953656	\N	\N	Reseller Panel	["upgrade", "downgrade"]	beginner	t	t	1	2025-06-27 10:32:51.910189	2025-06-27 10:32:51.910193	2
\.


--
-- TOC entry 3919 (class 0 OID 18116)
-- Dependencies: 273
-- Data for Name: whatsapp_activity_log; Type: TABLE DATA; Schema: public; Owner: neondb_owner
--

COPY public.whatsapp_activity_log (id, "timestamp", recipient_phone, recipient_name, reseller_id, template_key, message_type, message_body, success, api_response, error_message, response_time_ms, initiated_by_user_id, user_agent, ip_address) FROM stdin;
1	2025-06-10 17:31:06.378876	27826987888	\N	\N	\N	manual	Test message from OpenWeb Reseller System	t	{"success": true, "data": {"to": "27826987888", "message": "Test message from OpenWeb Reseller System", "channelId": "GRNLTR-VK6DC", "timestamp": "2025-06-10T17:31:06.242Z", "outboundMessageId": 9}}	\N	2221	\N	\N	\N
2	2025-06-11 09:28:02.755421	27826987888	Keoma Wright	6	order_status_change	template	📦 *Order Update*\n\nHi Keoma!\n\nYour order status has been updated:\n🏷️ *Order ID:* {order_id}\n📊 *Status:* {order_status}\n💰 *Total:* {order_total}\n📅 *Date:* 2025-06-11\n\nTrack your order progress in the reseller dashboard.\n\n*OpenWeb Reseller Services*	t	{"success": true, "data": {"to": "27826987888", "message": "\\ud83d\\udce6 *Order Update*\\n\\nHi Keoma!\\n\\nYour order status has been updated:\\n\\ud83c\\udff7\\ufe0f *Order ID:* {order_id}\\n\\ud83d\\udcca *Status:* {order_status}\\n\\ud83d\\udcb0 *Total:* {order_total}\\n\\ud83d\\udcc5 *Date:* 2025-06-11\\n\\nTrack your order progress in the reseller dashboard.\\n\\n*OpenWeb Reseller Services*", "channelId": "GRNLTR-VK6DC", "timestamp": "2025-06-11T09:28:02.615Z", "outboundMessageId": 10}}	\N	2999	\N	\N	\N
3	2025-06-11 09:47:36.294851	27826987888	Keoma Wright	6	order_status_change	template	📦 *Order Update*\n\nHi Keoma!\n\nYour order status has been updated:\n🏷️ *Order ID:* ORD5288216\n📊 *Status:* Delivered\n💰 *Total:* R244.06\n📅 *Date:* 2025-06-11\n\nTrack your order progress in the reseller dashboard.\n\n*OpenWeb Reseller Services*	t	{"success": true, "data": {"to": "27826987888", "message": "\\ud83d\\udce6 *Order Update*\\n\\nHi Keoma!\\n\\nYour order status has been updated:\\n\\ud83c\\udff7\\ufe0f *Order ID:* ORD5288216\\n\\ud83d\\udcca *Status:* Delivered\\n\\ud83d\\udcb0 *Total:* R244.06\\n\\ud83d\\udcc5 *Date:* 2025-06-11\\n\\nTrack your order progress in the reseller dashboard.\\n\\n*OpenWeb Reseller Services*", "channelId": "GRNLTR-VK6DC", "timestamp": "2025-06-11T09:47:36.155Z", "outboundMessageId": 11}}	\N	2739	\N	\N	\N
4	2025-06-13 10:37:14.834415	27639012121	Bethuel Themba Masuku	33	\N	mass_communication	*Telkom 10Mbps Basic - R387*\n\nDear Partner\r\n\r\nWe are running a special on the Telkom Uncapped up to 10Mbps basic for R387 minus your qualified reseller discount.\r\n\r\nThe promotion will run for the next 48 hours.\r\n\r\nHappy selling\r\nOpenWeb Resellers Team\n\n_OpenWeb Team_	t	{"success": true, "data": {"to": "27639012121", "message": "*Telkom 10Mbps Basic - R387*\\n\\nDear Partner\\r\\n\\r\\nWe are running a special on the Telkom Uncapped up to 10Mbps basic for R387 minus your qualified reseller discount.\\r\\n\\r\\nThe promotion will run for the next 48 hours.\\r\\n\\r\\nHappy selling\\r\\nOpenWeb Resellers Team\\n\\n_OpenWeb Team_", "channelId": "GRNLTR-VK6DC", "timestamp": "2025-06-13T10:37:14.690Z", "outboundMessageId": 16}}	\N	3654	\N	\N	\N
5	2025-06-13 10:37:22.998831	27765843583	Tshepiso Malatji	44	\N	mass_communication	*Telkom 10Mbps Basic - R387*\n\nDear Partner\r\n\r\nWe are running a special on the Telkom Uncapped up to 10Mbps basic for R387 minus your qualified reseller discount.\r\n\r\nThe promotion will run for the next 48 hours.\r\n\r\nHappy selling\r\nOpenWeb Resellers Team\n\n_OpenWeb Team_	t	{"success": true, "data": {"to": "27765843583", "message": "*Telkom 10Mbps Basic - R387*\\n\\nDear Partner\\r\\n\\r\\nWe are running a special on the Telkom Uncapped up to 10Mbps basic for R387 minus your qualified reseller discount.\\r\\n\\r\\nThe promotion will run for the next 48 hours.\\r\\n\\r\\nHappy selling\\r\\nOpenWeb Resellers Team\\n\\n_OpenWeb Team_", "channelId": "GRNLTR-VK6DC", "timestamp": "2025-06-13T10:37:22.858Z", "outboundMessageId": 17}}	\N	2400	\N	\N	\N
6	2025-06-13 15:49:57.421877	27639012121	Bethuel Themba Masuku	33	\N	mass_communication	*OpenWeb Reseller Sale: Telkom 10Mbps Uncapped Basic*\n\nWe are running a special on the Telkom Uncapped up to 10Mbps basic for R387 minus your qualified reseller discount.\r\n\r\nThe promotion will run for the next 48 hours.\r\n\r\nPortal URL: https://reseller.openweb.co.za\r\n\r\nHappy selling\r\nOpenWeb Resellers Team\n\n_OpenWeb Team_	f	\N	Request timeout - WhatsApp API did not respond	30105	\N	\N	\N
7	2025-06-14 12:01:24.688544	27676639715	Sduduzo Brian  Poswa	22	\N	mass_communication	*OpenWeb Reseller: Telkom Uncapped 10Mbps Sale*\n\nWe are running a special on the Telkom Uncapped up to 10Mbps basic for R387 minus your qualified reseller discount.\r\n\r\nThe promotion will run for the next 48 hours.\r\n\r\nPortal URL: https://reseller.openweb.co.za\r\n\r\nHappy selling\r\nOpenWeb Resellers Team\n\n_OpenWeb Team_	f	\N	API request failed with status 404: <!DOCTYPE html>\n<html lang="en">\n<head>\n<meta charset="utf-8">\n<title>Error</title>\n</head>\n<body>\n<pre>Cannot POST /messages/send</pre>\n</body>\n</html>\n	821	\N	\N	\N
8	2025-06-14 12:01:30.661702	27676639715	Sduduzo Brian  Poswa	22	\N	mass_communication	*OpenWeb Reseller: Telkom Uncapped 10Mbps Sale*\n\nWe are running a special on the Telkom Uncapped up to 10Mbps basic for R387 minus your qualified reseller discount.\r\n\r\nThe promotion will run for the next 48 hours.\r\n\r\nPortal URL: https://reseller.openweb.co.za\r\n\r\nHappy selling\r\nOpenWeb Resellers Team\n\n_OpenWeb Team_	f	\N	API request failed with status 404: <!DOCTYPE html>\n<html lang="en">\n<head>\n<meta charset="utf-8">\n<title>Error</title>\n</head>\n<body>\n<pre>Cannot POST /messages/send</pre>\n</body>\n</html>\n	773	\N	\N	\N
9	2025-06-14 12:01:36.525945	27676639715	Sduduzo Brian  Poswa	22	\N	mass_communication	*OpenWeb Reseller: Telkom Uncapped 10Mbps Sale*\n\nWe are running a special on the Telkom Uncapped up to 10Mbps basic for R387 minus your qualified reseller discount.\r\n\r\nThe promotion will run for the next 48 hours.\r\n\r\nPortal URL: https://reseller.openweb.co.za\r\n\r\nHappy selling\r\nOpenWeb Resellers Team\n\n_OpenWeb Team_	f	\N	API request failed with status 404: <!DOCTYPE html>\n<html lang="en">\n<head>\n<meta charset="utf-8">\n<title>Error</title>\n</head>\n<body>\n<pre>Cannot POST /messages/send</pre>\n</body>\n</html>\n	674	\N	\N	\N
10	2025-06-14 12:01:42.250758	27826987888	Shaun Last	13	\N	mass_communication	*OpenWeb Reseller: Telkom Uncapped 10Mbps Sale*\n\nWe are running a special on the Telkom Uncapped up to 10Mbps basic for R387 minus your qualified reseller discount.\r\n\r\nThe promotion will run for the next 48 hours.\r\n\r\nPortal URL: https://reseller.openweb.co.za\r\n\r\nHappy selling\r\nOpenWeb Resellers Team\n\n_OpenWeb Team_	f	\N	API request failed with status 404: <!DOCTYPE html>\n<html lang="en">\n<head>\n<meta charset="utf-8">\n<title>Error</title>\n</head>\n<body>\n<pre>Cannot POST /messages/send</pre>\n</body>\n</html>\n	528	\N	\N	\N
11	2025-06-14 12:01:47.934504	27826987888	Shaun Last	13	\N	mass_communication	*OpenWeb Reseller: Telkom Uncapped 10Mbps Sale*\n\nWe are running a special on the Telkom Uncapped up to 10Mbps basic for R387 minus your qualified reseller discount.\r\n\r\nThe promotion will run for the next 48 hours.\r\n\r\nPortal URL: https://reseller.openweb.co.za\r\n\r\nHappy selling\r\nOpenWeb Resellers Team\n\n_OpenWeb Team_	f	\N	API request failed with status 404: <!DOCTYPE html>\n<html lang="en">\n<head>\n<meta charset="utf-8">\n<title>Error</title>\n</head>\n<body>\n<pre>Cannot POST /messages/send</pre>\n</body>\n</html>\n	494	\N	\N	\N
12	2025-06-14 13:43:14.509844	27826987888	\N	\N	\N	manual	Test message from OpenWeb Reseller System	f	\N	API request failed with status 404: <!DOCTYPE html>\n<html lang="en">\n<head>\n<meta charset="utf-8">\n<title>Error</title>\n</head>\n<body>\n<pre>Cannot POST /api/v1/messages/send/messages/send</pre>\n</body>\n</html>\n	14578	\N	\N	\N
13	2025-06-14 14:15:44.167317	27826987888	\N	\N	\N	manual	Test message from OpenWeb Reseller System	f	{"error": "Bad Request", "message": "Both \\"to\\" and \\"message\\" fields are required"}	API request failed with status 400: Both "to" and "message" fields are required	16237	\N	\N	\N
14	2025-06-14 14:49:15.417319	27826987888	\N	\N	\N	manual	Test message from OpenWeb Reseller System	t	{"success": true, "data": {"to": "27826987888", "message": "Test message from OpenWeb Reseller System", "channelId": "GRNLTR-VK6DC", "timestamp": "2025-06-14T14:49:15.279Z", "outboundMessageId": 22}}	\N	8878	\N	\N	\N
15	2025-06-15 10:36:20.393279	27826987888	Keoma Wright	6	order_status_change	template	📦 *Order Update*\n\nHi Keoma!\n\nYour order status has been updated:\n🏷️ *Order ID:* ORD7614829\n📊 *Status:* Delivered\n💰 *Total:* R212.31\n📅 *Date:* 2025-06-15\n\nTrack your order progress in the reseller dashboard.\n\n*OpenWeb Reseller Services*	f	\N	Request timeout - WhatsApp API did not respond	10450	\N	\N	\N
16	2025-06-15 10:41:45.229254	27826987888	Keoma Wright	6	order_status_change	template	📦 *Order Update*\n\nHi Keoma!\n\nYour order status has been updated:\n🏷️ *Order ID:* ORD7993536\n📊 *Status:* Delivered\n💰 *Total:* R212.31\n📅 *Date:* 2025-06-15\n\nTrack your order progress in the reseller dashboard.\n\n*OpenWeb Reseller Services*	f	\N	Request timeout - WhatsApp API did not respond	10219	\N	\N	\N
17	2025-06-18 10:36:55.067383	27817810006	Alvin Vafana	61	payment_received	template	💳 *Payment Confirmed*\n\nHi Alvin!\n\nWe've received your payment:\n💰 *Amount:* R700.00\n📅 *Date:* 2025-06-18 10:36\n🔄 *Method:* Stripe\n💼 *New Balance:* R967.80\n\nThank you for your payment! Your account has been updated.\n\n*OpenWeb Reseller Services*	f	\N	Request timeout - WhatsApp API did not respond	15293	\N	\N	\N
18	2025-06-24 15:50:49.926453	27826987888	\N	\N	\N	test	Hello! This is a test message from OpenWeb WhatsApp API.	t	{"success": true, "messageId": "unknown", "status": "sent", "timestamp": "2025-06-24T15:50:49.781Z", "channelId": "GRNLTR-VK6DC", "to": "27826987888", "message": "Hello! This is a test message from OpenWeb WhatsApp API.", "type": "text"}	\N	1538	\N	\N	\N
19	2025-06-27 13:18:32.897449	27827583689	Alwin Friedrich  Carstens	83	payment_received	template	💳 *Payment Confirmed*\n\nHi Alwin Friedrich!\n\nWe've received your payment:\n💰 *Amount:* R200.00\n📅 *Date:* 2025-06-27 13:18\n🔄 *Method:* Stripe\n💼 *New Balance:* R700.00\n\nThank you for your payment! Your account has been updated.\n\n*OpenWeb Reseller Services*	t	{"success": true, "messageId": "unknown", "status": "sent", "timestamp": "2025-06-27T13:18:32.887Z", "channelId": "GRNLTR-VK6DC", "to": "27827583689", "message": "\\ud83d\\udcb3 *Payment Confirmed*\\n\\nHi Alwin Friedrich!\\n\\nWe've received your payment:\\n\\ud83d\\udcb0 *Amount:* R200.00\\n\\ud83d\\udcc5 *Date:* 2025-06-27 13:18\\n\\ud83d\\udd04 *Method:* Stripe\\n\\ud83d\\udcbc *New Balance:* R700.00\\n\\nThank you for your payment! Your account has been updated.\\n\\n*OpenWeb Reseller Services*", "type": "text"}	\N	1801	\N	\N	\N
20	2025-06-27 16:29:25.497965	27826987888	\N	\N	\N	test	Hello! This is a test message from OpenWeb WhatsApp API.	t	{"success": true, "messageId": "unknown", "status": "sent", "timestamp": "2025-06-27T16:29:25.357Z", "channelId": "GRNLTR-VK6DC", "to": "27826987888", "message": "Hello! This is a test message from OpenWeb WhatsApp API.", "type": "text"}	\N	1975	\N	\N	\N
21	2025-06-28 09:57:22.767971	27623255233	Isaac Ntando Mehlomakulu	118	payment_received	template	💳 *Payment Confirmed*\n\nHi Isaac Ntando!\n\nWe've received your payment:\n💰 *Amount:* R10.00\n📅 *Date:* 2025-06-28 09:57\n🔄 *Method:* Stripe\n💼 *New Balance:* R10.00\n\nThank you for your payment! Your account has been updated.\n\n*OpenWeb Reseller Services*	t	{"success": true, "messageId": "unknown", "status": "sent", "timestamp": "2025-06-28T09:57:22.758Z", "channelId": "GRNLTR-VK6DC", "to": "27623255233", "message": "\\ud83d\\udcb3 *Payment Confirmed*\\n\\nHi Isaac Ntando!\\n\\nWe've received your payment:\\n\\ud83d\\udcb0 *Amount:* R10.00\\n\\ud83d\\udcc5 *Date:* 2025-06-28 09:57\\n\\ud83d\\udd04 *Method:* Stripe\\n\\ud83d\\udcbc *New Balance:* R10.00\\n\\nThank you for your payment! Your account has been updated.\\n\\n*OpenWeb Reseller Services*", "type": "text"}	\N	1769	\N	\N	\N
22	2025-06-30 10:14:20.218293	27789490243	Lawrence Mashali	108	payment_received	template	💳 *Payment Confirmed*\n\nHi Lawrence!\n\nWe've received your payment:\n💰 *Amount:* R250.00\n📅 *Date:* 2025-06-30 10:14\n🔄 *Method:* Stripe\n💼 *New Balance:* R250.00\n\nThank you for your payment! Your account has been updated.\n\n*OpenWeb Reseller Services*	t	{"success": true, "messageId": "unknown", "status": "sent", "timestamp": "2025-06-30T10:14:20.208Z", "channelId": "GRNLTR-VK6DC", "to": "27789490243", "message": "\\ud83d\\udcb3 *Payment Confirmed*\\n\\nHi Lawrence!\\n\\nWe've received your payment:\\n\\ud83d\\udcb0 *Amount:* R250.00\\n\\ud83d\\udcc5 *Date:* 2025-06-30 10:14\\n\\ud83d\\udd04 *Method:* Stripe\\n\\ud83d\\udcbc *New Balance:* R250.00\\n\\nThank you for your payment! Your account has been updated.\\n\\n*OpenWeb Reseller Services*", "type": "text"}	\N	1720	\N	\N	\N
23	2025-06-30 13:30:42.40974	27826987888	\N	\N	\N	test	Hello! This is a test message from OpenWeb WhatsApp API.	f	{"error": {"code": 401, "message": "Failed to send message: Unauthorized", "details": "{\\"error\\":{\\"code\\":401,\\"message\\":\\"need channel authorization for send message\\"}}"}}	API request failed with status 401: Unknown error	1752	\N	\N	\N
24	2025-06-30 13:33:54.246731	27826987888	\N	\N	\N	test	Hello! This is a test message from OpenWeb WhatsApp API.	t	{"success": true, "messageId": "unknown", "status": "sent", "timestamp": "2025-06-30T13:33:54.107Z", "channelId": "GRNLTR-VK6DC", "to": "27826987888", "message": "Hello! This is a test message from OpenWeb WhatsApp API.", "type": "text"}	\N	1837	\N	\N	\N
25	2025-06-30 16:49:06.311004	27817791440	Deon Naude	30	payment_received	template	💳 *Payment Confirmed*\n\nHi Deon!\n\nWe've received your payment:\n💰 *Amount:* R2421.09\n📅 *Date:* 2025-06-30 16:49\n🔄 *Method:* Stripe\n💼 *New Balance:* R12421.09\n\nThank you for your payment! Your account has been updated.\n\n*OpenWeb Reseller Services*	t	{"success": true, "messageId": "unknown", "status": "sent", "timestamp": "2025-06-30T16:49:06.303Z", "channelId": "GRNLTR-VK6DC", "to": "27817791440", "message": "\\ud83d\\udcb3 *Payment Confirmed*\\n\\nHi Deon!\\n\\nWe've received your payment:\\n\\ud83d\\udcb0 *Amount:* R2421.09\\n\\ud83d\\udcc5 *Date:* 2025-06-30 16:49\\n\\ud83d\\udd04 *Method:* Stripe\\n\\ud83d\\udcbc *New Balance:* R12421.09\\n\\nThank you for your payment! Your account has been updated.\\n\\n*OpenWeb Reseller Services*", "type": "text"}	\N	1896	\N	\N	\N
26	2025-07-02 07:53:23.465207	27639012121	Bethuel Themba Masuku	33	payment_received	template	💳 *Payment Confirmed*\n\nHi  Bethuel Themba!\n\nWe've received your payment:\n💰 *Amount:* R370.00\n📅 *Date:* 2025-07-02 07:53\n🔄 *Method:* Stripe\n💼 *New Balance:* R376.40\n\nThank you for your payment! Your account has been updated.\n\n*OpenWeb Reseller Services*	t	{"success": true, "messageId": "unknown", "status": "sent", "timestamp": "2025-07-02T07:53:23.455Z", "channelId": "GRNLTR-VK6DC", "to": "27639012121", "message": "\\ud83d\\udcb3 *Payment Confirmed*\\n\\nHi  Bethuel Themba!\\n\\nWe've received your payment:\\n\\ud83d\\udcb0 *Amount:* R370.00\\n\\ud83d\\udcc5 *Date:* 2025-07-02 07:53\\n\\ud83d\\udd04 *Method:* Stripe\\n\\ud83d\\udcbc *New Balance:* R376.40\\n\\nThank you for your payment! Your account has been updated.\\n\\n*OpenWeb Reseller Services*", "type": "text"}	\N	1481	\N	\N	\N
27	2025-07-02 08:08:04.356618	27736174861	Gcina Ntintili	122	payment_received	template	💳 *Payment Confirmed*\n\nHi Gcina!\n\nWe've received your payment:\n💰 *Amount:* R200.00\n📅 *Date:* 2025-07-02 08:08\n🔄 *Method:* Stripe\n💼 *New Balance:* R200.00\n\nThank you for your payment! Your account has been updated.\n\n*OpenWeb Reseller Services*	t	{"success": true, "messageId": "unknown", "status": "sent", "timestamp": "2025-07-02T08:08:04.347Z", "channelId": "GRNLTR-VK6DC", "to": "27736174861", "message": "\\ud83d\\udcb3 *Payment Confirmed*\\n\\nHi Gcina!\\n\\nWe've received your payment:\\n\\ud83d\\udcb0 *Amount:* R200.00\\n\\ud83d\\udcc5 *Date:* 2025-07-02 08:08\\n\\ud83d\\udd04 *Method:* Stripe\\n\\ud83d\\udcbc *New Balance:* R200.00\\n\\nThank you for your payment! Your account has been updated.\\n\\n*OpenWeb Reseller Services*", "type": "text"}	\N	1381	\N	\N	\N
28	2025-07-02 18:26:07.345905	27833203488	CHRIS WILLIAMS	117	payment_received	template	💳 *Payment Confirmed*\n\nHi CHRIS!\n\nWe've received your payment:\n💰 *Amount:* R900.00\n📅 *Date:* 2025-07-02 18:26\n🔄 *Method:* Stripe\n💼 *New Balance:* R900.00\n\nThank you for your payment! Your account has been updated.\n\n*OpenWeb Reseller Services*	t	{"success": true, "messageId": "unknown", "status": "sent", "timestamp": "2025-07-02T18:26:07.336Z", "channelId": "GRNLTR-VK6DC", "to": "27833203488", "message": "\\ud83d\\udcb3 *Payment Confirmed*\\n\\nHi CHRIS!\\n\\nWe've received your payment:\\n\\ud83d\\udcb0 *Amount:* R900.00\\n\\ud83d\\udcc5 *Date:* 2025-07-02 18:26\\n\\ud83d\\udd04 *Method:* Stripe\\n\\ud83d\\udcbc *New Balance:* R900.00\\n\\nThank you for your payment! Your account has been updated.\\n\\n*OpenWeb Reseller Services*", "type": "text"}	\N	2249	\N	\N	\N
29	2025-07-03 06:31:45.473929	27827583689	Alwin Friedrich  Carstens	83	payment_received	template	💳 *Payment Confirmed*\n\nHi Alwin Friedrich!\n\nWe've received your payment:\n💰 *Amount:* R500.00\n📅 *Date:* 2025-07-03 06:31\n🔄 *Method:* Stripe\n💼 *New Balance:* R613.00\n\nThank you for your payment! Your account has been updated.\n\n*OpenWeb Reseller Services*	t	{"success": true, "messageId": "unknown", "status": "sent", "timestamp": "2025-07-03T06:31:45.463Z", "channelId": "GRNLTR-VK6DC", "to": "27827583689", "message": "\\ud83d\\udcb3 *Payment Confirmed*\\n\\nHi Alwin Friedrich!\\n\\nWe've received your payment:\\n\\ud83d\\udcb0 *Amount:* R500.00\\n\\ud83d\\udcc5 *Date:* 2025-07-03 06:31\\n\\ud83d\\udd04 *Method:* Stripe\\n\\ud83d\\udcbc *New Balance:* R613.00\\n\\nThank you for your payment! Your account has been updated.\\n\\n*OpenWeb Reseller Services*", "type": "text"}	\N	1738	\N	\N	\N
30	2025-07-10 17:09:27.675485	27789490243	Lawrence Mashali	108	payment_received	template	💳 *Payment Confirmed*\n\nHi Lawrence!\n\nWe've received your payment:\n💰 *Amount:* R200.00\n📅 *Date:* 2025-07-10 17:09\n🔄 *Method:* Stripe\n💼 *New Balance:* R450.00\n\nThank you for your payment! Your account has been updated.\n\n*OpenWeb Reseller Services*	t	{"success": true, "messageId": "unknown", "status": "sent", "timestamp": "2025-07-10T17:09:27.663Z", "channelId": "GRNLTR-VK6DC", "to": "27789490243", "message": "\\ud83d\\udcb3 *Payment Confirmed*\\n\\nHi Lawrence!\\n\\nWe've received your payment:\\n\\ud83d\\udcb0 *Amount:* R200.00\\n\\ud83d\\udcc5 *Date:* 2025-07-10 17:09\\n\\ud83d\\udd04 *Method:* Stripe\\n\\ud83d\\udcbc *New Balance:* R450.00\\n\\nThank you for your payment! Your account has been updated.\\n\\n*OpenWeb Reseller Services*", "type": "text"}	\N	1203	\N	\N	\N
31	2025-07-16 06:52:08.378368	27789490243	Lawrence Mashali	108	payment_received	template	💳 *Payment Confirmed*\n\nHi Lawrence!\n\nWe've received your payment:\n💰 *Amount:* R250.00\n📅 *Date:* 2025-07-16 06:51\n🔄 *Method:* Stripe\n💼 *New Balance:* R360.00\n\nThank you for your payment! Your account has been updated.\n\n*OpenWeb Reseller Services*	f	\N	Request timeout - WhatsApp API did not respond	15341	\N	\N	\N
32	2025-07-19 06:39:54.793785	27723119540	Gert Rossouw	15	payment_received	template	💳 *Payment Confirmed*\n\nHi Gert!\n\nWe've received your payment:\n💰 *Amount:* R262.98\n📅 *Date:* 2025-07-19 06:39\n🔄 *Method:* Stripe\n💼 *New Balance:* R262.98\n\nThank you for your payment! Your account has been updated.\n\n*OpenWeb Reseller Services*	t	{"success": true, "messageId": "unknown", "status": "sent", "timestamp": "2025-07-19T06:39:54.780Z", "channelId": "GRNLTR-VK6DC", "to": "27723119540", "message": "\\ud83d\\udcb3 *Payment Confirmed*\\n\\nHi Gert!\\n\\nWe've received your payment:\\n\\ud83d\\udcb0 *Amount:* R262.98\\n\\ud83d\\udcc5 *Date:* 2025-07-19 06:39\\n\\ud83d\\udd04 *Method:* Stripe\\n\\ud83d\\udcbc *New Balance:* R262.98\\n\\nThank you for your payment! Your account has been updated.\\n\\n*OpenWeb Reseller Services*", "type": "text"}	\N	2114	\N	\N	\N
33	2025-07-19 16:13:10.391109	27789490243	Lawrence Mashali	108	payment_received	template	💳 *Payment Confirmed*\n\nHi Lawrence!\n\nWe've received your payment:\n💰 *Amount:* R200.00\n📅 *Date:* 2025-07-19 16:13\n🔄 *Method:* Stripe\n💼 *New Balance:* R327.80\n\nThank you for your payment! Your account has been updated.\n\n*OpenWeb Reseller Services*	t	{"success": true, "messageId": "unknown", "status": "sent", "timestamp": "2025-07-19T16:13:10.379Z", "channelId": "GRNLTR-VK6DC", "to": "27789490243", "message": "\\ud83d\\udcb3 *Payment Confirmed*\\n\\nHi Lawrence!\\n\\nWe've received your payment:\\n\\ud83d\\udcb0 *Amount:* R200.00\\n\\ud83d\\udcc5 *Date:* 2025-07-19 16:13\\n\\ud83d\\udd04 *Method:* Stripe\\n\\ud83d\\udcbc *New Balance:* R327.80\\n\\nThank you for your payment! Your account has been updated.\\n\\n*OpenWeb Reseller Services*", "type": "text"}	\N	1661	\N	\N	\N
34	2025-07-23 11:02:20.007554	27722798884	Hugo Lambrechts	132	payment_received	template	💳 *Payment Confirmed*\n\nHi Hugo!\n\nWe've received your payment:\n💰 *Amount:* R1000.00\n📅 *Date:* 2025-07-23 11:02\n🔄 *Method:* Stripe\n💼 *New Balance:* R1000.00\n\nThank you for your payment! Your account has been updated.\n\n*OpenWeb Reseller Services*	f	\N	Request timeout - WhatsApp API did not respond	15336	\N	\N	\N
35	2025-07-23 15:09:37.531891	27834813297	Cobus Marais	164	payment_received	template	💳 *Payment Confirmed*\n\nHi Cobus!\n\nWe've received your payment:\n💰 *Amount:* R1000.00\n📅 *Date:* 2025-07-23 15:09\n🔄 *Method:* Stripe\n💼 *New Balance:* R1000.00\n\nThank you for your payment! Your account has been updated.\n\n*OpenWeb Reseller Services*	f	\N	Request timeout - WhatsApp API did not respond	15420	\N	\N	\N
36	2025-07-25 18:38:07.134233	27722798884	Hugo Lambrechts	132	payment_received	template	💳 *Payment Confirmed*\n\nHi Hugo!\n\nWe've received your payment:\n💰 *Amount:* R100.00\n📅 *Date:* 2025-07-25 18:38\n🔄 *Method:* Stripe\n💼 *New Balance:* R155.60\n\nThank you for your payment! Your account has been updated.\n\n*OpenWeb Reseller Services*	t	{"success": true, "messageId": "unknown", "status": "sent", "timestamp": "2025-07-25T18:38:07.114Z", "channelId": "GRNLTR-VK6DC", "to": "27722798884", "message": "\\ud83d\\udcb3 *Payment Confirmed*\\n\\nHi Hugo!\\n\\nWe've received your payment:\\n\\ud83d\\udcb0 *Amount:* R100.00\\n\\ud83d\\udcc5 *Date:* 2025-07-25 18:38\\n\\ud83d\\udd04 *Method:* Stripe\\n\\ud83d\\udcbc *New Balance:* R155.60\\n\\nThank you for your payment! Your account has been updated.\\n\\n*OpenWeb Reseller Services*", "type": "text"}	\N	1494	\N	\N	\N
37	2025-07-27 14:02:26.683879	27722798884	Hugo Lambrechts	132	payment_received	template	💳 *Payment Confirmed*\n\nHi Hugo!\n\nWe've received your payment:\n💰 *Amount:* R2400.00\n📅 *Date:* 2025-07-27 14:02\n🔄 *Method:* Stripe\n💼 *New Balance:* R2476.90\n\nThank you for your payment! Your account has been updated.\n\n*OpenWeb Reseller Services*	t	{"success": true, "messageId": "unknown", "status": "sent", "timestamp": "2025-07-27T14:02:26.690Z", "channelId": "GRNLTR-VK6DC", "to": "27722798884", "message": "\\ud83d\\udcb3 *Payment Confirmed*\\n\\nHi Hugo!\\n\\nWe've received your payment:\\n\\ud83d\\udcb0 *Amount:* R2400.00\\n\\ud83d\\udcc5 *Date:* 2025-07-27 14:02\\n\\ud83d\\udd04 *Method:* Stripe\\n\\ud83d\\udcbc *New Balance:* R2476.90\\n\\nThank you for your payment! Your account has been updated.\\n\\n*OpenWeb Reseller Services*", "type": "text"}	\N	1302	\N	\N	\N
\.


--
-- TOC entry 3928 (class 0 OID 18619)
-- Dependencies: 282
-- Data for Name: whatsapp_api_settings; Type: TABLE DATA; Schema: public; Owner: neondb_owner
--

COPY public.whatsapp_api_settings (id, api_url, api_key, instance_id, sender_phone, sender_name, rate_limit_enabled, messages_per_minute, messages_per_hour, queue_enabled, max_retries, retry_delay_minutes, include_business_footer, business_footer_text, webhook_enabled, webhook_url, webhook_secret, created_at, updated_at, updated_by_id) FROM stdin;
1	https://modbot.cc/api/v1/messages/send	sk_fc4b40497cdd00bf844dae7094e63e900486450062f227b2a46e028801d9e331	GRNLTR-VK6DC	27814287759	OpenWeb Communications	t	30	500	t	3	5	t	_OpenWeb Team_	f			2025-06-14 12:15:26.073217	2025-06-14 14:52:17.489496	2
\.


--
-- TOC entry 3921 (class 0 OID 18122)
-- Dependencies: 275
-- Data for Name: whatsapp_queue; Type: TABLE DATA; Schema: public; Owner: neondb_owner
--

COPY public.whatsapp_queue (id, recipient_phone, recipient_name, recipient_user_id, message_body, template_key, template_variables, status, priority, retry_count, max_retries, created_at, scheduled_at, processed_at, sent_at, error_message, last_attempt_at, api_response, response_time_ms, message_type, initiated_by_user_id, batch_id) FROM stdin;
1159	27826987888	lte@openweb.co.za	6	Order Update - Hi lte@openweb.co.za! Your order has been delivered: Order ID: ORD9509160, Status: Delivered, Total: R38.43, Date: 2025-07-25. Your service is now active! - OpenWeb Reseller Services	order_status_change	{"reseller_name": "lte@openweb.co.za", "order_number": "ORD9509160", "status": "Delivered", "total_amount": "R38.43", "order_date": "2025-07-25"}	sent	5	0	3	2025-07-25 15:30:06.059476	\N	2025-07-25 13:37:27.304838	2025-07-25 13:37:31.971405	\N	\N	{"success": true, "status": "sent", "service": "SimpleWhatsAppService", "response_time_ms": 4001}	4001	order_notification	\N	1c1694b7-83cc-4c42-875f-d0b9e0a40f46
1160	27826987888	lte@openweb.co.za	6	Order Update - Hi lte@openweb.co.za! Your order has been delivered: Order ID: ORD7147438, Status: Delivered, Total: R43.83, Date: 2025-07-25. Your service is now active! - OpenWeb Reseller Services	order_status_change	{"reseller_name": "lte@openweb.co.za", "order_number": "ORD7147438", "status": "Delivered", "total_amount": "R43.83", "order_date": "2025-07-25"}	sent	5	0	3	2025-07-25 15:44:46.717163	\N	2025-07-25 13:45:10.598546	2025-07-25 13:45:13.676438	\N	\N	{"success": true, "status": "sent", "service": "SimpleWhatsAppService", "response_time_ms": 1943}	1943	order_notification	\N	0d5b4a98-c499-4479-84b3-d92f73849a8a
1161	27826987888	lte@openweb.co.za	6	Service Activated - Hi lte@openweb.co.za! Your new service has been activated: Service: Uncapped 10Mbps, Monthly Cost: R438.30, Activation Date: 2025-07-25, MSISDN: 27415478411. Your service is ready to use! - OpenWeb Reseller Services	service_created	{"reseller_name": "lte@openweb.co.za", "service_name": "Uncapped 10Mbps", "service_price": "R438.30", "activation_date": "2025-07-25", "product_name": "Uncapped 10Mbps", "service_id": "130", "msisdn": "27415478411"}	sent	5	0	3	2025-07-25 15:44:57.213958	\N	2025-07-25 13:45:17.527865	2025-07-25 13:45:20.004607	\N	\N	{"success": true, "status": "sent", "service": "SimpleWhatsAppService", "response_time_ms": 1198}	1198	service_notification	\N	e1260294-ec79-47b6-abbb-6e619f047a24
1162	27826987888	lte@openweb.co.za	6	Order Update - Hi lte@openweb.co.za! Your order has been delivered: Order ID: ORD6824481, Status: Delivered, Total: R38.43, Date: 2025-07-25. Your service is now active! - OpenWeb Reseller Services	order_status_change	{"reseller_name": "lte@openweb.co.za", "order_number": "ORD6824481", "status": "Delivered", "total_amount": "R38.43", "order_date": "2025-07-25"}	sent	5	0	3	2025-07-25 16:03:24.473089	\N	2025-07-25 14:03:28.356856	2025-07-25 14:03:34.971145	\N	\N	{"success": true, "status": "sent", "service": "SimpleWhatsAppService", "response_time_ms": 5936}	5936	order_notification	\N	a85aa293-46be-46e0-bb19-b73861db456c
1163	27826987888	lte@openweb.co.za	6	Service Activated - Hi lte@openweb.co.za! Your new service has been activated: Service: Uncapped 5Mbps, Monthly Cost: R384.30, Activation Date: 2025-07-25, MSISDN: 27685221451. Your service is ready to use! - OpenWeb Reseller Services	service_created	{"reseller_name": "lte@openweb.co.za", "service_name": "Uncapped 5Mbps", "service_price": "R384.30", "activation_date": "2025-07-25", "product_name": "Uncapped 5Mbps", "service_id": "131", "msisdn": "27685221451"}	sent	5	0	3	2025-07-25 16:03:34.860436	\N	2025-07-25 14:03:40.099936	2025-07-25 14:03:44.348939	\N	\N	{"success": true, "status": "sent", "service": "SimpleWhatsAppService", "response_time_ms": 1415}	1415	service_notification	\N	af908d33-2e83-4d08-87e3-8cd6a019030c
1164	27826987888	Keoma Wright	6	Order Update - Hi Keoma! Your order has been delivered: Order ID: ORD5367121, Status: Delivered, Total: R35.91, Date: 2025-07-25. Your service is now active! - OpenWeb Reseller Services	order_status_change	{"reseller_name": "Keoma", "order_number": "ORD5367121", "status": "Delivered", "total_amount": "R35.91", "order_date": "2025-07-25"}	sent	5	0	3	2025-07-25 16:14:47.274911	\N	2025-07-25 14:14:58.819728	2025-07-25 14:15:02.965703	\N	\N	{"success": true, "status": "sent", "service": "SimpleWhatsAppService", "response_time_ms": 1413}	1413	order_notification	\N	2f718a48-075b-4a98-943a-1117f7dee0bb
1165	27826987888	Keoma Wright	6	Service Activated - Hi Keoma! Your new service has been activated: Service: Telkom One Pro, Monthly Cost: R359.10, Activation Date: 2025-07-25, MSISDN: 2785154117445. Your service is ready to use! - OpenWeb Reseller Services	service_created	{"reseller_name": "Keoma", "service_name": "Telkom One Pro", "service_price": "R359.10", "activation_date": "2025-07-25", "product_name": "Telkom One Pro", "service_id": "132", "msisdn": "2785154117445"}	sent	5	0	3	2025-07-25 16:14:57.54292	\N	2025-07-25 14:15:06.625881	2025-07-25 14:15:10.151317	\N	\N	{"success": true, "status": "sent", "service": "SimpleWhatsAppService", "response_time_ms": 848}	848	service_notification	\N	95915d22-b93b-4a51-8aad-62da35a0dd2b
\.


--
-- TOC entry 3923 (class 0 OID 18128)
-- Dependencies: 277
-- Data for Name: whatsapp_templates; Type: TABLE DATA; Schema: public; Owner: neondb_owner
--

COPY public.whatsapp_templates (id, template_key, template_name, message_body, description, category, is_active, created_at, updated_at, created_by_id) FROM stdin;
1	service_created	Service Created Notification	🎉 *Service Activated!*\n\nHi {reseller_name}! \n\nYour new service has been successfully activated:\n📋 *Service:* {service_name}\n💰 *Monthly Cost:* {service_price}\n📅 *Activation Date:* {activation_date}\n\nYour service is now ready to use. Check your reseller dashboard for more details.\n\nNeed support? Contact us at notify@openweb.live\n\n*OpenWeb Reseller Services*	Sent when a new service is created for a reseller	service	t	2025-06-10 16:10:57.087237	2025-06-10 16:10:57.08724	1
2	payment_received	Payment Received Confirmation	💳 *Payment Confirmed*\n\nHi {reseller_name}!\n\nWe've received your payment:\n💰 *Amount:* {amount}\n📅 *Date:* {transaction_date}\n🔄 *Method:* {payment_method}\n💼 *New Balance:* {balance}\n\nThank you for your payment! Your account has been updated.\n\n*OpenWeb Reseller Services*	Sent when payment is received from reseller	billing	t	2025-06-10 16:10:57.571277	2025-06-10 16:10:57.57128	1
3	credit_adjustment	Credit Adjustment Notification	💼 *Account Update*\n\nHi {reseller_name}!\n\nYour account balance has been updated:\n🔄 *Transaction:* {transaction_type}\n💰 *Amount:* {amount}\n📝 *Reason:* {description}\n💼 *New Balance:* {balance}\n\nCheck your dashboard for full transaction details.\n\n*OpenWeb Reseller Services*	Sent when credit is added or deducted from reseller account	billing	t	2025-06-10 16:10:58.03771	2025-06-10 16:10:58.037713	1
4	order_status_change	Order Status Update	📦 *Order Update*\n\nHi {reseller_name}!\n\nYour order status has been updated:\n🏷️ *Order ID:* {order_id}\n📊 *Status:* {order_status}\n💰 *Total:* {order_total}\n📅 *Date:* {order_date}\n\nTrack your order progress in the reseller dashboard.\n\n*OpenWeb Reseller Services*	Sent when order status changes	orders	t	2025-06-10 16:10:58.505519	2025-06-10 16:10:58.505523	1
5	registration_approved	Registration Approved Welcome	🎉 *Welcome to OpenWeb!*\n\nHi {reseller_name}!\n\nYour reseller account has been approved! \n\n🔑 You can now login to your dashboard\n💰 Welcome credit: {welcome_credit}\n📧 Login at: {login_url}\n\nStart building your business with our services today!\n\nNeed help? Contact {support_email}\n\n*OpenWeb Reseller Services*	Sent when reseller registration is approved	account	t	2025-06-10 16:10:58.971911	2025-06-10 16:10:58.971915	1
6	low_credit_warning	Low Credit Balance Warning	⚠️ *Low Credit Alert*\n\nHi {reseller_name}!\n\nYour account balance is running low:\n💼 *Current Balance:* {balance}\n⚡ *Recommended Top-up:* R200\n\nTop up now to avoid service interruptions:\n• Online payment via dashboard\n• Bank transfer\n• Credit card\n\n*OpenWeb Reseller Services*	Sent when reseller credit balance is low	billing	t	2025-06-10 16:10:59.43814	2025-06-10 16:10:59.438143	1
7	service_suspended	Service Suspension Notice	⚠️ *Service Suspended*\n\nHi {reseller_name}!\n\nYour service has been temporarily suspended:\n📋 *Service:* {service_name}\n📅 *Suspension Date:* {current_date}\n💰 *Outstanding Balance:* {balance}\n\nPlease top up your account to reactivate your service.\n\n*OpenWeb Reseller Services*	Sent when a service is suspended	service	t	2025-06-10 16:10:59.904794	2025-06-10 16:10:59.904797	1
8	monthly_statement	Monthly Account Statement	📊 *Monthly Statement*\n\nHi {reseller_name}!\n\nYour monthly account summary:\n📅 *Period:* {current_date}\n💰 *Total Charges:* {amount}\n💼 *Account Balance:* {balance}\n📈 *Active Services:* {service_count}\n\nDownload your detailed statement from the dashboard.\n\n*OpenWeb Reseller Services*	Sent monthly with account summary	billing	t	2025-06-10 16:11:00.371543	2025-06-10 16:11:00.371546	1
9	account_status_change	Account Status Change	🔄 *Account Status Update*\n\nHi {reseller_name}!\n\nYour account status has been updated:\n📊 *New Status:* {status}\n📅 *Effective Date:* {current_date}\n\nContact support if you have questions about this change.\n\n*OpenWeb Reseller Services*	Sent when account status changes	account	t	2025-06-10 16:11:00.838542	2025-06-10 16:11:00.838545	1
10	admin_message	Admin Custom Message	📢 *Message from OpenWeb*\n\nHi {reseller_name}!\n\n{message_content}\n\n*OpenWeb Reseller Services*	General template for admin custom messages	general	t	2025-06-10 16:11:01.305483	2025-06-10 16:11:01.305487	1
11	product_update_notification	Product Update Notification	🔄 *OpenWeb Reseller Product Update Alert*\r\n\r\nHi {{reseller_name}}! We've updated one of our products:\r\n\r\n📦 *Product:* {{product_name}}\r\n💰 *Your Price:* {{reseller_price}}\r\n🏷️ *SKU:* {{sku}}\r\n\r\n{{product_description}}\r\n\r\nLog into your reseller portal to view full details and start selling this updated product to your customers.\r\n\r\nPanel URL: https://reseller.openweb.co.za\r\n\r\nBest regards,\r\nOpenWeb Team	Template for notifying resellers about product updates	general	t	2025-06-11 12:22:16.519958	2025-06-11 12:38:47.381977	\N
12	new_product_announcement	New Product Announcement	🚀 *NEW PRODUCT ALERT!*\n\nHi {{reseller_name}}! 👋\n\nWe're excited to announce a new product available for you to offer your customers:\n\n📦 *{{product_name}}*\n📁 Category: {{category_name}}\n\n💰 *Pricing for You:*\nBase Price: R{{base_price}}\nYour Price: R{{reseller_price}} ({{discount_percentage}}% discount)\nYour Savings: R{{savings_amount}}\n\n📋 *Product Details:*\n{{product_description}}\n\n⚡ Speed: {{speed}}\n📊 Data Cap: {{data_cap}}\n\n🛒 *Order now through your reseller portal!*\n💻 Login to place your orders\n\n📞 Need help? Contact our support team\n✨ Start earning with this exciting new product!\n\n---\nOpenWeb Reseller Management	WhatsApp notification for new products to resellers	product_notifications	t	2025-06-11 14:16:52.619997	2025-06-11 14:16:52.619997	1
13	sync_renewal_notification	Sync Renewal Payment Notification	🔔 *URGENT: July 2025 Service Renewal Notice*\n\nHi {reseller_name}! 👋\n\n📊 *Your Monthly Renewal Summary:*\n• Current Credit Balance: R{credit_balance}\n• Monthly Renewal Amount: R{renewal_amount}\n• Payment Required: R{amount_needed}\n\n{payment_status}\n\n⚠️ *IMPORTANT DEADLINE:*\nPayment due by 16:00 TODAY to avoid service interruption.\n\n💳 *Quick Payment Options:*\n• Online Banking Transfer\n• EFT Payment  \n• Contact billing support\n\n🔗 *Top Up Now:* https://reseller.openweb.co.za/credit-wallet\n\nNeed help? Reply immediately or contact billing@openweb.co.za\n\n*OpenWeb Billing Team*\nwww.openweb.co.za	Notification sent during sync renewal process with payment request	billing	t	2025-06-30 12:40:31.224789	2025-06-30 18:14:53.966112	1
\.


--
-- TOC entry 3925 (class 0 OID 18134)
-- Dependencies: 279
-- Data for Name: white_label_settings; Type: TABLE DATA; Schema: public; Owner: neondb_owner
--

COPY public.white_label_settings (id, reseller_id, company_name, logo_url, primary_color, secondary_color, accent_color, custom_css, support_email, support_phone, website_url, footer_text, created_at, updated_at, invoice_logo_filename, invoice_logo_url) FROM stdin;
1	3			#0d6efd	#6c757d	#198754						2025-05-31 10:05:26.400767	2025-05-31 10:05:26.400769	\N	\N
4	13			#0d6efd	#6c757d	#198754						2025-06-03 11:50:30.479954	2025-06-03 11:50:30.479958	\N	\N
6	16	Spiderweb Investments Holding and Projects 		#0d6efd	#6c757d	#198754						2025-06-04 13:20:35.158997	2025-06-04 13:20:35.159	\N	\N
12	22	Sduduzo Brian  Poswa		#0d6efd	#6c757d	#198754						2025-06-04 15:54:21.550677	2025-06-04 15:54:21.550681	\N	\N
13	23	Nkosana  Masilela 		#0d6efd	#6c757d	#198754						2025-06-04 15:54:30.310515	2025-06-04 15:54:30.310519	\N	\N
15	25	Sboniso  Shange 		#0d6efd	#6c757d	#198754						2025-06-04 15:54:46.760463	2025-06-04 15:54:46.760466	\N	\N
16	26	Tebogo Kedisalletse  Tlhaole 		#0d6efd	#6c757d	#198754						2025-06-04 15:54:54.235846	2025-06-04 15:54:54.235849	\N	\N
17	27	Nathan Chetty		#0d6efd	#6c757d	#198754						2025-06-04 15:59:31.045754	2025-06-04 15:59:31.045757	\N	\N
14	24	UNCAPPIFY (PTY) LTD	/static/uploads/logos/reseller_24_78bfe4e53af24029a9408cd298fa180a.png	#0d6efd	#6c757d	#198754						2025-06-04 15:54:37.942901	2025-06-04 17:06:54.645643	\N	\N
11	21	OpenWeb	/static/uploads/logos/reseller_21_b31cd6c7544c494c8599929c70395610.jpg	#0d6efd	#6c757d	#198754		support@openweb.co.za	0873508601	https://openweb.co.za	We strive to serve...	2025-06-04 15:53:59.027018	2025-06-05 11:22:12.429117	\N	\N
20	\N	OpenWeb		#007bff	#6c757d	#198754						2025-06-05 18:14:22.408182	2025-06-05 18:17:59.798849	b358dfbcee23f816bfdd0ff3ca43fbad.jpg	/static/uploads/logos/b358dfbcee23f816bfdd0ff3ca43fbad.jpg
21	31	Keoma Wright		#0d6efd	#6c757d	#198754						2025-06-06 11:21:56.362223	2025-06-06 11:21:56.362226	\N	\N
22	32	Coronation Mahlalela Mahlalela 		#0d6efd	#6c757d	#198754						2025-06-06 11:29:25.799169	2025-06-06 11:29:25.799173	\N	\N
23	33	TSSN Group		#0d6efd	#6c757d	#198754						2025-06-06 11:29:42.651264	2025-06-06 11:29:42.651269	\N	\N
24	34	Sailas Chimuka		#0d6efd	#6c757d	#198754						2025-06-07 10:37:58.33648	2025-06-07 10:37:58.336486	\N	\N
27	37	My Data Tech 		#0d6efd	#6c757d	#198754						2025-06-07 10:38:16.349249	2025-06-07 10:38:16.349254	\N	\N
28	38	Thenjiwe Mthembu 		#0d6efd	#6c757d	#198754						2025-06-07 10:38:22.026508	2025-06-07 10:38:22.026514	\N	\N
29	39	Knowledge  Marimo 		#0d6efd	#6c757d	#198754						2025-06-07 10:38:27.010503	2025-06-07 10:38:27.010508	\N	\N
30	40	Mervin Sydney  Gilbert 		#0d6efd	#6c757d	#198754						2025-06-07 10:38:32.190281	2025-06-07 10:38:32.190286	\N	\N
31	41	Overpar Solutions		#0d6efd	#6c757d	#198754						2025-06-07 10:38:37.76612	2025-06-07 10:38:37.766125	\N	\N
32	42	Umcebo Mpanza		#0d6efd	#6c757d	#198754						2025-06-07 10:38:47.420494	2025-06-07 10:38:47.420583	\N	\N
33	43	Wiseman Zondo 		#0d6efd	#6c757d	#198754						2025-06-07 10:38:52.582791	2025-06-07 10:38:52.582797	\N	\N
34	44	Tshepiso Malatji		#0d6efd	#6c757d	#198754						2025-06-07 10:38:57.346591	2025-06-07 10:38:57.346596	\N	\N
35	45	Sipho Angus Tshabangu		#0d6efd	#6c757d	#198754						2025-06-07 10:39:01.813809	2025-06-07 10:39:01.813813	\N	\N
36	46	Individual 		#0d6efd	#6c757d	#198754						2025-06-07 10:39:06.064445	2025-06-07 10:39:06.064449	\N	\N
37	47	DigitalEdge Solutions 		#0d6efd	#6c757d	#198754						2025-06-07 10:39:10.313264	2025-06-07 10:39:10.31327	\N	\N
38	48	Sphephelo  Majola 		#0d6efd	#6c757d	#198754						2025-06-07 10:39:14.664269	2025-06-07 10:39:14.664274	\N	\N
39	49	Keoma Wright		#0d6efd	#6c757d	#198754						2025-06-09 09:51:29.780429	2025-06-09 09:51:29.780433	\N	\N
40	50	eMobile		#0d6efd	#6c757d	#198754						2025-06-09 09:51:45.736441	2025-06-09 09:51:45.736444	\N	\N
41	51	Sonto Qotoyi Qotoyi		#0d6efd	#6c757d	#198754						2025-06-09 09:51:59.995256	2025-06-09 09:51:59.99526	\N	\N
42	56	Rethabile Rammota		#0d6efd	#6c757d	#198754						2025-06-10 15:13:43.010439	2025-06-10 15:13:43.010444	\N	\N
43	57	Lerato Comfort Dikgale		#0d6efd	#6c757d	#198754						2025-06-10 15:14:40.021246	2025-06-10 15:14:40.021249	\N	\N
44	58	herbert mokwena		#0d6efd	#6c757d	#198754						2025-06-10 15:14:53.230969	2025-06-10 15:14:53.230973	\N	\N
45	59	YOUTH ACEDIMY		#0d6efd	#6c757d	#198754						2025-06-10 15:15:06.527014	2025-06-10 15:15:06.527018	\N	\N
46	60	Motsamai Leonard  Cokonya		#0d6efd	#6c757d	#198754						2025-06-11 13:33:40.900668	2025-06-11 13:33:40.900672	\N	\N
47	61	Umbai Africa		#0d6efd	#6c757d	#198754						2025-06-11 13:33:54.723836	2025-06-11 13:33:54.723839	\N	\N
48	62	Scamto Networks		#0d6efd	#6c757d	#198754						2025-06-11 13:34:00.924154	2025-06-11 13:34:00.924158	\N	\N
49	63	GXD Computers (Pty) Ltd.		#0d6efd	#6c757d	#198754						2025-06-12 06:20:17.178885	2025-06-12 06:20:17.178889	\N	\N
50	64	Nonhlanhla  Makhoba 		#0d6efd	#6c757d	#198754						2025-06-12 13:38:53.656721	2025-06-12 13:38:53.656724	\N	\N
51	65	Elangeni IT Services		#0d6efd	#6c757d	#198754						2025-06-13 07:34:43.726968	2025-06-13 07:34:43.726971	\N	\N
52	66	Blaine Potgieter		#0d6efd	#6c757d	#198754						2025-06-13 14:12:43.431379	2025-06-13 14:12:43.431384	\N	\N
53	67	Zibilom Mathibe		#0d6efd	#6c757d	#198754						2025-06-14 13:15:26.753419	2025-06-14 13:15:26.753423	\N	\N
54	69	Cronwill Direct		#0d6efd	#6c757d	#198754						2025-06-17 17:25:23.489862	2025-06-17 17:25:23.489866	\N	\N
55	70	Jacques Botes		#0d6efd	#6c757d	#198754						2025-06-17 17:25:49.525712	2025-06-17 17:25:49.525715	\N	\N
56	71	Herman Baumgarten		#0d6efd	#6c757d	#198754						2025-06-18 06:00:16.88208	2025-06-18 06:00:16.882084	\N	\N
57	72	City to City Computer Services		#0d6efd	#6c757d	#198754						2025-06-18 06:01:14.515316	2025-06-18 06:01:14.51532	\N	\N
58	73	AB IT		#0d6efd	#6c757d	#198754						2025-06-18 06:03:25.174646	2025-06-18 06:03:25.174651	\N	\N
60	75	Broadview Networks		#0d6efd	#6c757d	#198754						2025-06-18 07:05:03.332902	2025-06-18 07:05:03.332907	\N	\N
61	76	Datachoice		#0d6efd	#6c757d	#198754						2025-06-18 07:37:49.998597	2025-06-18 07:37:49.998603	\N	\N
62	77	Okewsizwe		#0d6efd	#6c757d	#198754						2025-06-18 08:50:08.428485	2025-06-18 08:50:08.42849	\N	\N
64	79	Dinges Tech		#0d6efd	#6c757d	#198754						2025-06-18 08:56:04.412755	2025-06-18 08:56:04.412759	\N	\N
67	82	ZIPHO KA NKOSI (PTY) LTD 		#0d6efd	#6c757d	#198754						2025-06-18 16:44:21.37106	2025-06-18 16:44:21.371063	\N	\N
3	6	OpenWeb	/static/uploads/logos/reseller_6_1e36f68f52d54bbcb3bbab45c85c1a23.jpg	#0d6efd	#6c757d	#198754		support@openweb.co.za	0873508601	https://openweb.co.za	Copyright OpenWeb	2025-06-02 12:02:04.070964	2025-06-18 17:27:12.765451	\N	\N
70	85	Pumlani  Mlungwana 		#0d6efd	#6c757d	#198754						2025-06-19 09:11:30.524028	2025-06-19 09:11:30.524033	\N	\N
71	86	MZIMKHULU YEKO		#0d6efd	#6c757d	#198754						2025-06-19 09:12:47.41369	2025-06-19 09:12:47.413695	\N	\N
73	88	uHost		#0d6efd	#6c757d	#198754						2025-06-19 09:13:40.929463	2025-06-19 09:13:40.929468	\N	\N
74	89	8909145825083		#0d6efd	#6c757d	#198754						2025-06-19 09:14:41.568999	2025-06-19 09:14:41.569004	\N	\N
75	90	Ikoni Tech		#0d6efd	#6c757d	#198754						2025-06-19 09:15:07.146604	2025-06-19 09:15:07.146608	\N	\N
25	35	L & A services		#0d6efd	#6c757d	#198754		louisvt46@gmail.com	0621335142		Thank you for your support\r\nBanking details\r\nBank - Capitec\r\nAccount number - 1990870668	2025-06-07 10:38:02.914168	2025-06-24 19:12:05.949419	\N	\N
59	74	Bits & Bites Services		#0d6efd	#6c757d	#198754		support@bb-services.co.za	+27836658422	https://www.bb-services.co.za		2025-06-18 07:03:56.829646	2025-06-20 10:38:06.755897	\N	\N
69	84	Amaze shop	/static/uploads/logos/reseller_84_6cb3819043e44e1e9c74ada88c73b57c.jpg	#dbd000	#000000	#f5e61b		info@amazeshop.co.za	+27633382017	www.amazeshop.co.za	Amaze shop! Connecting you to the World!	2025-06-19 09:10:46.391541	2025-06-26 23:18:25.75195	\N	\N
66	81	KAPELANET	/static/uploads/logos/reseller_81_84b22fae60ba4f479e9a625653843627.jpg	#0d6efd	#6c757d	#198754		rabbykapela8@gmail.com	0815373829			2025-06-18 11:22:09.690339	2025-07-14 01:34:17.212878	\N	\N
72	87	SO MY GROUP		#0d6efd	#6c757d	#198754		support@somy.co.za				2025-06-19 09:13:13.432754	2025-06-19 13:21:31.267145	\N	\N
76	91	Braivi Technologies		#0d6efd	#6c757d	#198754						2025-06-19 15:21:19.397109	2025-06-19 15:21:19.397112	\N	\N
78	93	Flow Sync		#0d6efd	#6c757d	#198754						2025-06-19 15:22:14.882405	2025-06-19 15:22:14.88241	\N	\N
79	94	Flow Sync		#0d6efd	#6c757d	#198754						2025-06-19 15:22:45.308139	2025-06-19 15:22:45.308143	\N	\N
80	95	Renier Marx		#0d6efd	#6c757d	#198754						2025-06-19 15:22:56.460726	2025-06-19 15:22:56.46073	\N	\N
77	92	e-Khonect Wifi	/static/uploads/logos/reseller_92_e3c62fd52fb34941990e4c3db1f19f56.jpg	#0d6efd	#6c757d	#198754		info@braivitec.co.za	0724616090		Simplified Internet Connection	2025-06-19 15:22:01.110626	2025-06-20 15:57:11.655139	\N	\N
95	117	Yfi	www.ywifi.co.za	#0d6efd	#6c757d	#198754						2025-06-25 14:30:09.506142	2025-07-02 18:06:55.652074	\N	\N
82	100	Thasil Electrical		#0d6efd	#6c757d	#198754		support@thasil.co.za	+27870931186	https://thasil.co.za		2025-06-24 11:54:16.243251	2025-07-15 08:27:57.5821	\N	\N
63	78	GKroon (Pty) Ltd	/static/uploads/logos/reseller_78_5ffc2212833349db84b1f81bef47eb67.png	#05224d	#6c757d	#198754		info.gkroon@gmail.com		https://g-kroon.github.io/GKroon/	WhatsApp: +27661199255	2025-06-18 08:51:49.794929	2025-06-21 19:18:46.61362	\N	\N
81	99	Lungisani Vatsha		#0d6efd	#6c757d	#198754						2025-06-24 11:53:58.381358	2025-06-24 11:53:58.381361	\N	\N
83	101	DIT Services		#0d6efd	#6c757d	#198754						2025-06-24 11:54:27.571216	2025-06-24 11:54:27.571219	\N	\N
84	102	Jabulani Zwane		#0d6efd	#6c757d	#198754						2025-06-24 11:54:38.578501	2025-06-24 11:54:38.578505	\N	\N
85	103	Gigahost		#0d6efd	#6c757d	#198754						2025-06-24 11:54:49.564793	2025-06-24 11:54:49.564796	\N	\N
86	104	Modiba Advice Mokgate 		#0d6efd	#6c757d	#198754						2025-06-24 11:55:00.165539	2025-06-24 11:55:00.165542	\N	\N
87	105	Brian Pelekwane Kgohloane		#0d6efd	#6c757d	#198754						2025-06-24 11:55:11.540047	2025-06-24 11:55:11.540051	\N	\N
88	106	Thabiso Motlakase		#0d6efd	#6c757d	#198754						2025-06-24 11:55:22.744947	2025-06-24 11:55:22.744951	\N	\N
89	107	Lehlonkana Pty LTD		#0d6efd	#6c757d	#198754						2025-06-24 11:55:33.172642	2025-06-24 11:55:33.172645	\N	\N
91	109	Private		#0d6efd	#6c757d	#198754						2025-06-24 11:55:54.581447	2025-06-24 11:55:54.581451	\N	\N
93	111	Mbali Mary Ngcobo		#0d6efd	#6c757d	#198754						2025-06-24 11:56:17.330133	2025-06-24 11:56:17.330136	\N	\N
68	83	Capal (Pty)Ltd	/static/uploads/logos/reseller_83_15eac92dc2e744588793dc14e101b924.png	#0d6efd	#6c757d	#198754		info@capalpty.co.za	+27827583689	www.capalpty.co.za		2025-06-19 09:09:56.263491	2025-06-26 11:16:16.299065	\N	\N
92	110	Binitoo Internet		#fd0dd1	#9a34a2	#861963		sales@binitoo.co.za	0120232112	https://www.binitoo.co.za	Our WhatsApp support number +27739647888\r\nBinitoo 2025	2025-06-24 11:56:05.498876	2025-06-24 12:44:40.591209	\N	\N
65	80	WiFi Deals	/static/uploads/logos/reseller_80_9aad2f678dac4ac3af6276f100ef972b.png	#ff7800	#ffffff	#198754		info@wifideals.co.za		https://www.wifideals.co.za/	Powered by https://www.wifideals.co.za/	2025-06-18 10:07:12.920698	2025-06-24 16:40:17.66503	\N	\N
90	108	LSM IT Solutions (PTY) LTD	/static/uploads/logos/reseller_108_390e0c3194284eb0b633a58215968acc.png	#fd490d	#6d7e79	#198754		lawrence@lsmitsolutions.co.za	+27789490243			2025-06-24 11:55:43.777617	2025-06-24 19:38:37.834547	\N	\N
94	116	na		#0d6efd	#6c757d	#198754						2025-06-25 14:29:51.838071	2025-06-25 14:29:51.838075	\N	\N
5	15	Expert Network Solutions	/static/uploads/logos/reseller_15_882a34b8ea18430e8c657e64be40e546.png	#ff00ea	#00ff04	#00fbff		support@expertns.co.za	0685042057	https://www.expertns.co.za	For any support related issues please contact us using the below email address	2025-06-04 11:17:25.618152	2025-07-19 06:29:17.551579	\N	\N
97	121	MOSHE MALULEKE		#0d6efd	#6c757d	#198754						2025-06-27 13:44:57.233921	2025-06-27 13:44:57.233926	\N	\N
118	159	Fuad Abdulle		#0d6efd	#6c757d	#198754						2025-07-21 07:28:15.311153	2025-07-21 07:28:15.311158	\N	\N
98	122	Thetag-it(Pty)Ltd	/static/uploads/logos/reseller_122_87e44637fb094879be7f64cc6e863cf9.png	#0d6efd	#6c757d	#198754		services@thetag-it.co.za	0390320160	www.thetag-it.co.za		2025-06-27 13:46:05.842866	2025-06-28 10:34:38.447118	\N	\N
99	123	germo corp		#0d6efd	#6c757d	#198754						2025-06-29 12:40:41.972086	2025-06-29 12:40:41.972091	\N	\N
96	118	ALWAYSCONNECTED	www.justuncapped.com	#0d6efd	#6c757d	#198754		support@mehlonet.co.za	0623255233	https://www.mehlonet.co.za	Ntando Mehlomakulu 	2025-06-25 14:30:25.952071	2025-06-29 18:03:36.059258	\N	\N
100	124	Vuyane Victor  Nxhongo 		#0d6efd	#6c757d	#198754						2025-06-30 11:56:11.276217	2025-06-30 11:56:11.276222	\N	\N
101	125	Lisoko Technologies		#0d6efd	#6c757d	#198754						2025-06-30 11:56:23.857628	2025-06-30 11:56:23.857632	\N	\N
102	126	Chevone  Liebenberg 		#0d6efd	#6c757d	#198754						2025-06-30 11:56:33.935967	2025-06-30 11:56:33.935971	\N	\N
103	127	Gerhard Homveld		#0d6efd	#6c757d	#198754						2025-06-30 11:56:44.286316	2025-06-30 11:56:44.28632	\N	\N
105	133	Charles  Lotterie		#0d6efd	#6c757d	#198754						2025-07-02 10:00:59.506832	2025-07-02 10:00:59.506837	\N	\N
104	132	LLDDA Solutions Pty LTD	/static/uploads/logos/reseller_132_708fc61fbef641289258d89246f59c86.jpeg	#0d6efd	#6c757d	#198754		hugo@bfn.co.za	0722798884			2025-07-02 10:00:42.115056	2025-07-02 15:24:41.471453	\N	\N
18	30	Flashy Bee Computers	/static/uploads/logos/reseller_30_9891ecfe94524f1789ebe7a917a7ab0c.jpg	#0d6efd	#6c757d	#198754		support@flashybee.co.za	0817791440	http://www.flashybee.co.za		2025-06-05 12:08:25.453924	2025-07-02 17:34:46.35349	\N	\N
106	135	Makgantlane Goodwill Mashaba		#0d6efd	#6c757d	#198754						2025-07-03 11:42:10.304742	2025-07-03 11:42:10.304749	\N	\N
107	136	IT CITY (Pty) Ltd		#0d6efd	#6c757d	#198754						2025-07-03 11:51:33.165776	2025-07-03 11:51:33.165782	\N	\N
109	138	Vincent  Jaftha		#0d6efd	#6c757d	#198754						2025-07-04 11:08:19.130972	2025-07-04 11:08:19.130976	\N	\N
110	139	N/aungkusi Group Pty Ltd 		#0d6efd	#6c757d	#198754						2025-07-04 11:09:32.550719	2025-07-04 11:09:32.550724	\N	\N
108	137	Tintswalo Solutions PTY LTD	/static/uploads/logos/reseller_137_2a721255abda448080f43493a8624e97.jpg	#0d6efd	#6c757d	#198754						2025-07-04 11:06:09.671339	2025-07-04 11:13:38.010011	\N	\N
111	141	Flightselect group pty ltd 		#0d6efd	#6c757d	#198754						2025-07-07 09:08:19.226075	2025-07-07 09:08:19.226081	\N	\N
113	145	Swift Voice (PTY) Ltd	/static/uploads/logos/reseller_145_97e28c39725d4527b4cec34fd59dbe14.png	#0d6efd	#6c757d	#33c9fb		openweb@swiftvoice.co.za	+27340085134	https://www.swiftvoice.co.za		2025-07-09 14:16:06.850849	2025-07-09 15:42:37.728135	\N	\N
119	161	kliq (Pty) Ltd		#0d6efd	#6c757d	#198754						2025-07-22 09:28:59.632944	2025-07-22 09:28:59.63295	\N	\N
114	151	DitungaICT (PTY) Ltd		#0d6efd	#6c757d	#198754						2025-07-15 09:44:57.734785	2025-07-15 09:44:57.734793	\N	\N
115	154	LEHLONKANA (PTY)LTD		#0d6efd	#6c757d	#198754						2025-07-16 08:44:28.472429	2025-07-16 08:44:28.472439	\N	\N
116	155	JSEInfotech (Pty) Ltd		#0d6efd	#6c757d	#198754						2025-07-18 07:45:37.562313	2025-07-18 07:45:37.562317	\N	\N
117	156	Hans Van Heerden		#0d6efd	#6c757d	#198754						2025-07-18 07:46:32.569197	2025-07-18 07:46:32.569203	\N	\N
120	164	Permanet PTY LTD	/static/uploads/logos/reseller_164_183578f5548049089276352a4ecc77ba.png	#0d6efd	#6c757d	#198754		support@permanet.co.za	+27149405390	https://permanet.co.za	Feel free to contact support should you have any problems. Whats app support is available from 07h00 to 22h00 Monday to Sunday.	2025-07-23 09:29:12.19798	2025-07-23 15:48:39.58581	\N	\N
121	165	Future Connect 		#0d6efd	#6c757d	#198754						2025-07-24 07:25:08.383578	2025-07-24 07:25:08.383585	\N	\N
112	144	IDMA Inc Ltd	data:image/jpeg;base64,/9j/4AAQSkZJRgABAQAAAQABAAD/2wCEAAkGBw4QEA0QEA0NEBASDQ8RFw8OFQ8VEg0PFhEWFxURFhQYHSksGRolGxUTITEjJSorLi4uFyE1ODMsQygwLysBCgoKDg0OGxAQGjcmHyYrKy0tListLSstNy83LS0tLS0tLS8tLS0uLSsvKy0tLS0yLy0tLi0tLSstKy0rLS03Lf/AABEIAOEA4QMBIgACEQEDEQH/	#0d6efd	#6c757d	#198754		idmasaas@gmail.com		www.idmasaas.com		2025-07-09 08:14:42.649778	2025-07-25 00:23:09.787328	\N	\N
122	167	DIGITECH CO		#0d6efd	#6c757d	#198754						2025-07-25 05:44:38.412496	2025-07-25 05:44:38.412503	\N	\N
123	168	Thintanet		#0d6efd	#6c757d	#198754						2025-07-25 05:46:50.403875	2025-07-25 05:46:50.403882	\N	\N
124	169	Jacques Botes		#0d6efd	#6c757d	#198754						2025-07-25 07:05:08.84702	2025-07-25 07:05:08.847026	\N	\N
125	170	SegByte Solutions		#0d6efd	#6c757d	#198754						2025-07-25 08:07:38.86269	2025-07-25 08:07:38.862698	\N	\N
126	171	Bongani  Mthombeni 		#0d6efd	#6c757d	#198754						2025-07-25 09:57:16.085643	2025-07-25 09:57:16.085649	\N	\N
\.


--
-- TOC entry 3990 (class 0 OID 0)
-- Dependencies: 216
-- Name: admin_notifications_id_seq; Type: SEQUENCE SET; Schema: public; Owner: neondb_owner
--

SELECT pg_catalog.setval('public.admin_notifications_id_seq', 62, true);


--
-- TOC entry 3991 (class 0 OID 0)
-- Dependencies: 218
-- Name: audit_log_id_seq; Type: SEQUENCE SET; Schema: public; Owner: neondb_owner
--

SELECT pg_catalog.setval('public.audit_log_id_seq', 2756, true);


--
-- TOC entry 3992 (class 0 OID 0)
-- Dependencies: 220
-- Name: auto_login_tokens_id_seq; Type: SEQUENCE SET; Schema: public; Owner: neondb_owner
--

SELECT pg_catalog.setval('public.auto_login_tokens_id_seq', 1, false);


--
-- TOC entry 3993 (class 0 OID 0)
-- Dependencies: 222
-- Name: company_settings_id_seq; Type: SEQUENCE SET; Schema: public; Owner: neondb_owner
--

SELECT pg_catalog.setval('public.company_settings_id_seq', 1, true);


--
-- TOC entry 3994 (class 0 OID 0)
-- Dependencies: 224
-- Name: credit_transactions_id_seq; Type: SEQUENCE SET; Schema: public; Owner: neondb_owner
--

SELECT pg_catalog.setval('public.credit_transactions_id_seq', 234, true);


--
-- TOC entry 3995 (class 0 OID 0)
-- Dependencies: 226
-- Name: credit_wallets_id_seq; Type: SEQUENCE SET; Schema: public; Owner: neondb_owner
--

SELECT pg_catalog.setval('public.credit_wallets_id_seq', 118, true);


--
-- TOC entry 3996 (class 0 OID 0)
-- Dependencies: 228
-- Name: discount_tier_fees_id_seq; Type: SEQUENCE SET; Schema: public; Owner: neondb_owner
--

SELECT pg_catalog.setval('public.discount_tier_fees_id_seq', 1, true);


--
-- TOC entry 3997 (class 0 OID 0)
-- Dependencies: 230
-- Name: early_discount_subscriptions_id_seq; Type: SEQUENCE SET; Schema: public; Owner: neondb_owner
--

SELECT pg_catalog.setval('public.early_discount_subscriptions_id_seq', 4, true);


--
-- TOC entry 3998 (class 0 OID 0)
-- Dependencies: 232
-- Name: email_queue_id_seq; Type: SEQUENCE SET; Schema: public; Owner: neondb_owner
--

SELECT pg_catalog.setval('public.email_queue_id_seq', 729, true);


--
-- TOC entry 3999 (class 0 OID 0)
-- Dependencies: 234
-- Name: email_templates_id_seq; Type: SEQUENCE SET; Schema: public; Owner: neondb_owner
--

SELECT pg_catalog.setval('public.email_templates_id_seq', 14, true);


--
-- TOC entry 4000 (class 0 OID 0)
-- Dependencies: 236
-- Name: invoice_items_id_seq; Type: SEQUENCE SET; Schema: public; Owner: neondb_owner
--

SELECT pg_catalog.setval('public.invoice_items_id_seq', 15, true);


--
-- TOC entry 4001 (class 0 OID 0)
-- Dependencies: 238
-- Name: invoices_id_seq; Type: SEQUENCE SET; Schema: public; Owner: neondb_owner
--

SELECT pg_catalog.setval('public.invoices_id_seq', 13, true);


--
-- TOC entry 4002 (class 0 OID 0)
-- Dependencies: 295
-- Name: monthly_renewal_processing_id_seq; Type: SEQUENCE SET; Schema: public; Owner: neondb_owner
--

SELECT pg_catalog.setval('public.monthly_renewal_processing_id_seq', 8, true);


--
-- TOC entry 4003 (class 0 OID 0)
-- Dependencies: 240
-- Name: notification_settings_id_seq; Type: SEQUENCE SET; Schema: public; Owner: neondb_owner
--

SELECT pg_catalog.setval('public.notification_settings_id_seq', 1, false);


--
-- TOC entry 4004 (class 0 OID 0)
-- Dependencies: 242
-- Name: order_id_seq; Type: SEQUENCE SET; Schema: public; Owner: neondb_owner
--

SELECT pg_catalog.setval('public.order_id_seq', 123, true);


--
-- TOC entry 4005 (class 0 OID 0)
-- Dependencies: 244
-- Name: order_item_id_seq; Type: SEQUENCE SET; Schema: public; Owner: neondb_owner
--

SELECT pg_catalog.setval('public.order_item_id_seq', 112, true);


--
-- TOC entry 4006 (class 0 OID 0)
-- Dependencies: 246
-- Name: password_reset_tokens_id_seq; Type: SEQUENCE SET; Schema: public; Owner: neondb_owner
--

SELECT pg_catalog.setval('public.password_reset_tokens_id_seq', 13, true);


--
-- TOC entry 4007 (class 0 OID 0)
-- Dependencies: 248
-- Name: payfast_transactions_id_seq; Type: SEQUENCE SET; Schema: public; Owner: neondb_owner
--

SELECT pg_catalog.setval('public.payfast_transactions_id_seq', 6, true);


--
-- TOC entry 4008 (class 0 OID 0)
-- Dependencies: 250
-- Name: payment_settings_id_seq; Type: SEQUENCE SET; Schema: public; Owner: neondb_owner
--

SELECT pg_catalog.setval('public.payment_settings_id_seq', 5, true);


--
-- TOC entry 4009 (class 0 OID 0)
-- Dependencies: 252
-- Name: pending_registrations_id_seq; Type: SEQUENCE SET; Schema: public; Owner: neondb_owner
--

SELECT pg_catalog.setval('public.pending_registrations_id_seq', 199, true);


--
-- TOC entry 4010 (class 0 OID 0)
-- Dependencies: 291
-- Name: pro_rata_billing_settings_id_seq; Type: SEQUENCE SET; Schema: public; Owner: neondb_owner
--

SELECT pg_catalog.setval('public.pro_rata_billing_settings_id_seq', 12, true);


--
-- TOC entry 4011 (class 0 OID 0)
-- Dependencies: 255
-- Name: product_category_id_seq; Type: SEQUENCE SET; Schema: public; Owner: neondb_owner
--

SELECT pg_catalog.setval('public.product_category_id_seq', 11, true);


--
-- TOC entry 4012 (class 0 OID 0)
-- Dependencies: 257
-- Name: product_feature_id_seq; Type: SEQUENCE SET; Schema: public; Owner: neondb_owner
--

SELECT pg_catalog.setval('public.product_feature_id_seq', 222, true);


--
-- TOC entry 4013 (class 0 OID 0)
-- Dependencies: 258
-- Name: product_id_seq; Type: SEQUENCE SET; Schema: public; Owner: neondb_owner
--

SELECT pg_catalog.setval('public.product_id_seq', 40, true);


--
-- TOC entry 4014 (class 0 OID 0)
-- Dependencies: 293
-- Name: seo_pages_id_seq; Type: SEQUENCE SET; Schema: public; Owner: neondb_owner
--

SELECT pg_catalog.setval('public.seo_pages_id_seq', 5, true);


--
-- TOC entry 4015 (class 0 OID 0)
-- Dependencies: 283
-- Name: seo_settings_id_seq; Type: SEQUENCE SET; Schema: public; Owner: neondb_owner
--

SELECT pg_catalog.setval('public.seo_settings_id_seq', 2, true);


--
-- TOC entry 4016 (class 0 OID 0)
-- Dependencies: 285
-- Name: service_upgrade_downgrade_id_seq; Type: SEQUENCE SET; Schema: public; Owner: neondb_owner
--

SELECT pg_catalog.setval('public.service_upgrade_downgrade_id_seq', 1, false);


--
-- TOC entry 4017 (class 0 OID 0)
-- Dependencies: 260
-- Name: services_id_seq; Type: SEQUENCE SET; Schema: public; Owner: neondb_owner
--

SELECT pg_catalog.setval('public.services_id_seq', 132, true);


--
-- TOC entry 4018 (class 0 OID 0)
-- Dependencies: 262
-- Name: sim_cards_id_seq; Type: SEQUENCE SET; Schema: public; Owner: neondb_owner
--

SELECT pg_catalog.setval('public.sim_cards_id_seq', 314, true);


--
-- TOC entry 4019 (class 0 OID 0)
-- Dependencies: 264
-- Name: sim_package_offers_id_seq; Type: SEQUENCE SET; Schema: public; Owner: neondb_owner
--

SELECT pg_catalog.setval('public.sim_package_offers_id_seq', 5, true);


--
-- TOC entry 4020 (class 0 OID 0)
-- Dependencies: 266
-- Name: sim_purchase_orders_id_seq; Type: SEQUENCE SET; Schema: public; Owner: neondb_owner
--

SELECT pg_catalog.setval('public.sim_purchase_orders_id_seq', 35, true);


--
-- TOC entry 4021 (class 0 OID 0)
-- Dependencies: 268
-- Name: smtp_settings_id_seq; Type: SEQUENCE SET; Schema: public; Owner: neondb_owner
--

SELECT pg_catalog.setval('public.smtp_settings_id_seq', 9, true);


--
-- TOC entry 4022 (class 0 OID 0)
-- Dependencies: 270
-- Name: stripe_transactions_id_seq; Type: SEQUENCE SET; Schema: public; Owner: neondb_owner
--

SELECT pg_catalog.setval('public.stripe_transactions_id_seq', 24, true);


--
-- TOC entry 4023 (class 0 OID 0)
-- Dependencies: 289
-- Name: system_maintenance_settings_id_seq; Type: SEQUENCE SET; Schema: public; Owner: neondb_owner
--

SELECT pg_catalog.setval('public.system_maintenance_settings_id_seq', 1, false);


--
-- TOC entry 4024 (class 0 OID 0)
-- Dependencies: 272
-- Name: user_id_seq; Type: SEQUENCE SET; Schema: public; Owner: neondb_owner
--

SELECT pg_catalog.setval('public.user_id_seq', 172, true);


--
-- TOC entry 4025 (class 0 OID 0)
-- Dependencies: 287
-- Name: video_guides_id_seq; Type: SEQUENCE SET; Schema: public; Owner: neondb_owner
--

SELECT pg_catalog.setval('public.video_guides_id_seq', 2, true);


--
-- TOC entry 4026 (class 0 OID 0)
-- Dependencies: 274
-- Name: whatsapp_activity_log_id_seq; Type: SEQUENCE SET; Schema: public; Owner: neondb_owner
--

SELECT pg_catalog.setval('public.whatsapp_activity_log_id_seq', 37, true);


--
-- TOC entry 4027 (class 0 OID 0)
-- Dependencies: 281
-- Name: whatsapp_api_settings_id_seq; Type: SEQUENCE SET; Schema: public; Owner: neondb_owner
--

SELECT pg_catalog.setval('public.whatsapp_api_settings_id_seq', 1, true);


--
-- TOC entry 4028 (class 0 OID 0)
-- Dependencies: 276
-- Name: whatsapp_queue_id_seq; Type: SEQUENCE SET; Schema: public; Owner: neondb_owner
--

SELECT pg_catalog.setval('public.whatsapp_queue_id_seq', 1165, true);


--
-- TOC entry 4029 (class 0 OID 0)
-- Dependencies: 278
-- Name: whatsapp_templates_id_seq; Type: SEQUENCE SET; Schema: public; Owner: neondb_owner
--

SELECT pg_catalog.setval('public.whatsapp_templates_id_seq', 13, true);


--
-- TOC entry 4030 (class 0 OID 0)
-- Dependencies: 280
-- Name: white_label_settings_id_seq; Type: SEQUENCE SET; Schema: public; Owner: neondb_owner
--

SELECT pg_catalog.setval('public.white_label_settings_id_seq', 126, true);


--
-- TOC entry 3533 (class 2606 OID 18177)
-- Name: admin_notifications admin_notifications_pkey; Type: CONSTRAINT; Schema: public; Owner: neondb_owner
--

ALTER TABLE ONLY public.admin_notifications
    ADD CONSTRAINT admin_notifications_pkey PRIMARY KEY (id);


--
-- TOC entry 3535 (class 2606 OID 18179)
-- Name: audit_log audit_log_pkey; Type: CONSTRAINT; Schema: public; Owner: neondb_owner
--

ALTER TABLE ONLY public.audit_log
    ADD CONSTRAINT audit_log_pkey PRIMARY KEY (id);


--
-- TOC entry 3537 (class 2606 OID 18181)
-- Name: auto_login_tokens auto_login_tokens_pkey; Type: CONSTRAINT; Schema: public; Owner: neondb_owner
--

ALTER TABLE ONLY public.auto_login_tokens
    ADD CONSTRAINT auto_login_tokens_pkey PRIMARY KEY (id);


--
-- TOC entry 3539 (class 2606 OID 18183)
-- Name: auto_login_tokens auto_login_tokens_token_key; Type: CONSTRAINT; Schema: public; Owner: neondb_owner
--

ALTER TABLE ONLY public.auto_login_tokens
    ADD CONSTRAINT auto_login_tokens_token_key UNIQUE (token);


--
-- TOC entry 3541 (class 2606 OID 18185)
-- Name: company_settings company_settings_pkey; Type: CONSTRAINT; Schema: public; Owner: neondb_owner
--

ALTER TABLE ONLY public.company_settings
    ADD CONSTRAINT company_settings_pkey PRIMARY KEY (id);


--
-- TOC entry 3543 (class 2606 OID 18187)
-- Name: credit_transactions credit_transactions_pkey; Type: CONSTRAINT; Schema: public; Owner: neondb_owner
--

ALTER TABLE ONLY public.credit_transactions
    ADD CONSTRAINT credit_transactions_pkey PRIMARY KEY (id);


--
-- TOC entry 3545 (class 2606 OID 18189)
-- Name: credit_wallets credit_wallets_pkey; Type: CONSTRAINT; Schema: public; Owner: neondb_owner
--

ALTER TABLE ONLY public.credit_wallets
    ADD CONSTRAINT credit_wallets_pkey PRIMARY KEY (id);


--
-- TOC entry 3547 (class 2606 OID 18191)
-- Name: credit_wallets credit_wallets_reseller_id_key; Type: CONSTRAINT; Schema: public; Owner: neondb_owner
--

ALTER TABLE ONLY public.credit_wallets
    ADD CONSTRAINT credit_wallets_reseller_id_key UNIQUE (reseller_id);


--
-- TOC entry 3549 (class 2606 OID 18193)
-- Name: discount_tier_fees discount_tier_fees_pkey; Type: CONSTRAINT; Schema: public; Owner: neondb_owner
--

ALTER TABLE ONLY public.discount_tier_fees
    ADD CONSTRAINT discount_tier_fees_pkey PRIMARY KEY (id);


--
-- TOC entry 3551 (class 2606 OID 18195)
-- Name: early_discount_subscriptions early_discount_subscriptions_pkey; Type: CONSTRAINT; Schema: public; Owner: neondb_owner
--

ALTER TABLE ONLY public.early_discount_subscriptions
    ADD CONSTRAINT early_discount_subscriptions_pkey PRIMARY KEY (id);


--
-- TOC entry 3553 (class 2606 OID 18197)
-- Name: email_queue email_queue_pkey; Type: CONSTRAINT; Schema: public; Owner: neondb_owner
--

ALTER TABLE ONLY public.email_queue
    ADD CONSTRAINT email_queue_pkey PRIMARY KEY (id);


--
-- TOC entry 3555 (class 2606 OID 18199)
-- Name: email_templates email_templates_pkey; Type: CONSTRAINT; Schema: public; Owner: neondb_owner
--

ALTER TABLE ONLY public.email_templates
    ADD CONSTRAINT email_templates_pkey PRIMARY KEY (id);


--
-- TOC entry 3557 (class 2606 OID 18201)
-- Name: email_templates email_templates_template_key_key; Type: CONSTRAINT; Schema: public; Owner: neondb_owner
--

ALTER TABLE ONLY public.email_templates
    ADD CONSTRAINT email_templates_template_key_key UNIQUE (template_key);


--
-- TOC entry 3559 (class 2606 OID 18203)
-- Name: invoice_items invoice_items_pkey; Type: CONSTRAINT; Schema: public; Owner: neondb_owner
--

ALTER TABLE ONLY public.invoice_items
    ADD CONSTRAINT invoice_items_pkey PRIMARY KEY (id);


--
-- TOC entry 3561 (class 2606 OID 18205)
-- Name: invoices invoices_invoice_number_key; Type: CONSTRAINT; Schema: public; Owner: neondb_owner
--

ALTER TABLE ONLY public.invoices
    ADD CONSTRAINT invoices_invoice_number_key UNIQUE (invoice_number);


--
-- TOC entry 3563 (class 2606 OID 18207)
-- Name: invoices invoices_pkey; Type: CONSTRAINT; Schema: public; Owner: neondb_owner
--

ALTER TABLE ONLY public.invoices
    ADD CONSTRAINT invoices_pkey PRIMARY KEY (id);


--
-- TOC entry 3648 (class 2606 OID 21902)
-- Name: monthly_renewal_processing monthly_renewal_processing_pkey; Type: CONSTRAINT; Schema: public; Owner: neondb_owner
--

ALTER TABLE ONLY public.monthly_renewal_processing
    ADD CONSTRAINT monthly_renewal_processing_pkey PRIMARY KEY (id);


--
-- TOC entry 3565 (class 2606 OID 18209)
-- Name: notification_settings notification_settings_pkey; Type: CONSTRAINT; Schema: public; Owner: neondb_owner
--

ALTER TABLE ONLY public.notification_settings
    ADD CONSTRAINT notification_settings_pkey PRIMARY KEY (id);


--
-- TOC entry 3567 (class 2606 OID 18211)
-- Name: notification_settings notification_settings_setting_key_key; Type: CONSTRAINT; Schema: public; Owner: neondb_owner
--

ALTER TABLE ONLY public.notification_settings
    ADD CONSTRAINT notification_settings_setting_key_key UNIQUE (setting_key);


--
-- TOC entry 3573 (class 2606 OID 18213)
-- Name: order_item order_item_pkey; Type: CONSTRAINT; Schema: public; Owner: neondb_owner
--

ALTER TABLE ONLY public.order_item
    ADD CONSTRAINT order_item_pkey PRIMARY KEY (id);


--
-- TOC entry 3569 (class 2606 OID 18215)
-- Name: order order_order_number_key; Type: CONSTRAINT; Schema: public; Owner: neondb_owner
--

ALTER TABLE ONLY public."order"
    ADD CONSTRAINT order_order_number_key UNIQUE (order_number);


--
-- TOC entry 3571 (class 2606 OID 18217)
-- Name: order order_pkey; Type: CONSTRAINT; Schema: public; Owner: neondb_owner
--

ALTER TABLE ONLY public."order"
    ADD CONSTRAINT order_pkey PRIMARY KEY (id);


--
-- TOC entry 3575 (class 2606 OID 18219)
-- Name: password_reset_tokens password_reset_tokens_pkey; Type: CONSTRAINT; Schema: public; Owner: neondb_owner
--

ALTER TABLE ONLY public.password_reset_tokens
    ADD CONSTRAINT password_reset_tokens_pkey PRIMARY KEY (id);


--
-- TOC entry 3577 (class 2606 OID 18221)
-- Name: password_reset_tokens password_reset_tokens_token_key; Type: CONSTRAINT; Schema: public; Owner: neondb_owner
--

ALTER TABLE ONLY public.password_reset_tokens
    ADD CONSTRAINT password_reset_tokens_token_key UNIQUE (token);


--
-- TOC entry 3579 (class 2606 OID 18223)
-- Name: payfast_transactions payfast_transactions_pkey; Type: CONSTRAINT; Schema: public; Owner: neondb_owner
--

ALTER TABLE ONLY public.payfast_transactions
    ADD CONSTRAINT payfast_transactions_pkey PRIMARY KEY (id);


--
-- TOC entry 3581 (class 2606 OID 18225)
-- Name: payment_settings payment_settings_pkey; Type: CONSTRAINT; Schema: public; Owner: neondb_owner
--

ALTER TABLE ONLY public.payment_settings
    ADD CONSTRAINT payment_settings_pkey PRIMARY KEY (id);


--
-- TOC entry 3583 (class 2606 OID 18227)
-- Name: pending_registrations pending_registrations_email_key; Type: CONSTRAINT; Schema: public; Owner: neondb_owner
--

ALTER TABLE ONLY public.pending_registrations
    ADD CONSTRAINT pending_registrations_email_key UNIQUE (email);


--
-- TOC entry 3585 (class 2606 OID 18229)
-- Name: pending_registrations pending_registrations_pkey; Type: CONSTRAINT; Schema: public; Owner: neondb_owner
--

ALTER TABLE ONLY public.pending_registrations
    ADD CONSTRAINT pending_registrations_pkey PRIMARY KEY (id);


--
-- TOC entry 3640 (class 2606 OID 21236)
-- Name: pro_rata_billing_settings pro_rata_billing_settings_period_name_key; Type: CONSTRAINT; Schema: public; Owner: neondb_owner
--

ALTER TABLE ONLY public.pro_rata_billing_settings
    ADD CONSTRAINT pro_rata_billing_settings_period_name_key UNIQUE (period_name);


--
-- TOC entry 3642 (class 2606 OID 21234)
-- Name: pro_rata_billing_settings pro_rata_billing_settings_pkey; Type: CONSTRAINT; Schema: public; Owner: neondb_owner
--

ALTER TABLE ONLY public.pro_rata_billing_settings
    ADD CONSTRAINT pro_rata_billing_settings_pkey PRIMARY KEY (id);


--
-- TOC entry 3591 (class 2606 OID 18231)
-- Name: product_category product_category_name_key; Type: CONSTRAINT; Schema: public; Owner: neondb_owner
--

ALTER TABLE ONLY public.product_category
    ADD CONSTRAINT product_category_name_key UNIQUE (name);


--
-- TOC entry 3593 (class 2606 OID 18233)
-- Name: product_category product_category_pkey; Type: CONSTRAINT; Schema: public; Owner: neondb_owner
--

ALTER TABLE ONLY public.product_category
    ADD CONSTRAINT product_category_pkey PRIMARY KEY (id);


--
-- TOC entry 3595 (class 2606 OID 18235)
-- Name: product_feature product_feature_pkey; Type: CONSTRAINT; Schema: public; Owner: neondb_owner
--

ALTER TABLE ONLY public.product_feature
    ADD CONSTRAINT product_feature_pkey PRIMARY KEY (id);


--
-- TOC entry 3587 (class 2606 OID 18237)
-- Name: product product_pkey; Type: CONSTRAINT; Schema: public; Owner: neondb_owner
--

ALTER TABLE ONLY public.product
    ADD CONSTRAINT product_pkey PRIMARY KEY (id);


--
-- TOC entry 3589 (class 2606 OID 18239)
-- Name: product product_sku_key; Type: CONSTRAINT; Schema: public; Owner: neondb_owner
--

ALTER TABLE ONLY public.product
    ADD CONSTRAINT product_sku_key UNIQUE (sku);


--
-- TOC entry 3644 (class 2606 OID 21256)
-- Name: seo_pages seo_pages_page_path_key; Type: CONSTRAINT; Schema: public; Owner: neondb_owner
--

ALTER TABLE ONLY public.seo_pages
    ADD CONSTRAINT seo_pages_page_path_key UNIQUE (page_path);


--
-- TOC entry 3646 (class 2606 OID 21254)
-- Name: seo_pages seo_pages_pkey; Type: CONSTRAINT; Schema: public; Owner: neondb_owner
--

ALTER TABLE ONLY public.seo_pages
    ADD CONSTRAINT seo_pages_pkey PRIMARY KEY (id);


--
-- TOC entry 3632 (class 2606 OID 20512)
-- Name: seo_settings seo_settings_pkey; Type: CONSTRAINT; Schema: public; Owner: neondb_owner
--

ALTER TABLE ONLY public.seo_settings
    ADD CONSTRAINT seo_settings_pkey PRIMARY KEY (id);


--
-- TOC entry 3634 (class 2606 OID 20867)
-- Name: service_upgrade_downgrade service_upgrade_downgrade_pkey; Type: CONSTRAINT; Schema: public; Owner: neondb_owner
--

ALTER TABLE ONLY public.service_upgrade_downgrade
    ADD CONSTRAINT service_upgrade_downgrade_pkey PRIMARY KEY (id);


--
-- TOC entry 3597 (class 2606 OID 18241)
-- Name: services services_pkey; Type: CONSTRAINT; Schema: public; Owner: neondb_owner
--

ALTER TABLE ONLY public.services
    ADD CONSTRAINT services_pkey PRIMARY KEY (id);


--
-- TOC entry 3599 (class 2606 OID 18243)
-- Name: sim_cards sim_cards_pkey; Type: CONSTRAINT; Schema: public; Owner: neondb_owner
--

ALTER TABLE ONLY public.sim_cards
    ADD CONSTRAINT sim_cards_pkey PRIMARY KEY (id);


--
-- TOC entry 3601 (class 2606 OID 18245)
-- Name: sim_cards sim_cards_sim_number_key; Type: CONSTRAINT; Schema: public; Owner: neondb_owner
--

ALTER TABLE ONLY public.sim_cards
    ADD CONSTRAINT sim_cards_sim_number_key UNIQUE (sim_number);


--
-- TOC entry 3603 (class 2606 OID 18247)
-- Name: sim_package_offers sim_package_offers_pkey; Type: CONSTRAINT; Schema: public; Owner: neondb_owner
--

ALTER TABLE ONLY public.sim_package_offers
    ADD CONSTRAINT sim_package_offers_pkey PRIMARY KEY (id);


--
-- TOC entry 3605 (class 2606 OID 18249)
-- Name: sim_purchase_orders sim_purchase_orders_order_number_key; Type: CONSTRAINT; Schema: public; Owner: neondb_owner
--

ALTER TABLE ONLY public.sim_purchase_orders
    ADD CONSTRAINT sim_purchase_orders_order_number_key UNIQUE (order_number);


--
-- TOC entry 3607 (class 2606 OID 18251)
-- Name: sim_purchase_orders sim_purchase_orders_pkey; Type: CONSTRAINT; Schema: public; Owner: neondb_owner
--

ALTER TABLE ONLY public.sim_purchase_orders
    ADD CONSTRAINT sim_purchase_orders_pkey PRIMARY KEY (id);


--
-- TOC entry 3609 (class 2606 OID 18253)
-- Name: smtp_settings smtp_settings_pkey; Type: CONSTRAINT; Schema: public; Owner: neondb_owner
--

ALTER TABLE ONLY public.smtp_settings
    ADD CONSTRAINT smtp_settings_pkey PRIMARY KEY (id);


--
-- TOC entry 3611 (class 2606 OID 18255)
-- Name: stripe_transactions stripe_transactions_pkey; Type: CONSTRAINT; Schema: public; Owner: neondb_owner
--

ALTER TABLE ONLY public.stripe_transactions
    ADD CONSTRAINT stripe_transactions_pkey PRIMARY KEY (id);


--
-- TOC entry 3613 (class 2606 OID 18257)
-- Name: stripe_transactions stripe_transactions_session_id_key; Type: CONSTRAINT; Schema: public; Owner: neondb_owner
--

ALTER TABLE ONLY public.stripe_transactions
    ADD CONSTRAINT stripe_transactions_session_id_key UNIQUE (session_id);


--
-- TOC entry 3638 (class 2606 OID 21190)
-- Name: system_maintenance_settings system_maintenance_settings_pkey; Type: CONSTRAINT; Schema: public; Owner: neondb_owner
--

ALTER TABLE ONLY public.system_maintenance_settings
    ADD CONSTRAINT system_maintenance_settings_pkey PRIMARY KEY (id);


--
-- TOC entry 3650 (class 2606 OID 21904)
-- Name: monthly_renewal_processing uq_reseller_month; Type: CONSTRAINT; Schema: public; Owner: neondb_owner
--

ALTER TABLE ONLY public.monthly_renewal_processing
    ADD CONSTRAINT uq_reseller_month UNIQUE (reseller_id, processing_month);


--
-- TOC entry 3615 (class 2606 OID 18259)
-- Name: user user_email_key; Type: CONSTRAINT; Schema: public; Owner: neondb_owner
--

ALTER TABLE ONLY public."user"
    ADD CONSTRAINT user_email_key UNIQUE (email);


--
-- TOC entry 3617 (class 2606 OID 18261)
-- Name: user user_pkey; Type: CONSTRAINT; Schema: public; Owner: neondb_owner
--

ALTER TABLE ONLY public."user"
    ADD CONSTRAINT user_pkey PRIMARY KEY (id);


--
-- TOC entry 3619 (class 2606 OID 18263)
-- Name: user user_username_key; Type: CONSTRAINT; Schema: public; Owner: neondb_owner
--

ALTER TABLE ONLY public."user"
    ADD CONSTRAINT user_username_key UNIQUE (username);


--
-- TOC entry 3636 (class 2606 OID 21043)
-- Name: video_guides video_guides_pkey; Type: CONSTRAINT; Schema: public; Owner: neondb_owner
--

ALTER TABLE ONLY public.video_guides
    ADD CONSTRAINT video_guides_pkey PRIMARY KEY (id);


--
-- TOC entry 3621 (class 2606 OID 18265)
-- Name: whatsapp_activity_log whatsapp_activity_log_pkey; Type: CONSTRAINT; Schema: public; Owner: neondb_owner
--

ALTER TABLE ONLY public.whatsapp_activity_log
    ADD CONSTRAINT whatsapp_activity_log_pkey PRIMARY KEY (id);


--
-- TOC entry 3630 (class 2606 OID 18626)
-- Name: whatsapp_api_settings whatsapp_api_settings_pkey; Type: CONSTRAINT; Schema: public; Owner: neondb_owner
--

ALTER TABLE ONLY public.whatsapp_api_settings
    ADD CONSTRAINT whatsapp_api_settings_pkey PRIMARY KEY (id);


--
-- TOC entry 3623 (class 2606 OID 18267)
-- Name: whatsapp_queue whatsapp_queue_pkey; Type: CONSTRAINT; Schema: public; Owner: neondb_owner
--

ALTER TABLE ONLY public.whatsapp_queue
    ADD CONSTRAINT whatsapp_queue_pkey PRIMARY KEY (id);


--
-- TOC entry 3626 (class 2606 OID 18269)
-- Name: whatsapp_templates whatsapp_templates_pkey; Type: CONSTRAINT; Schema: public; Owner: neondb_owner
--

ALTER TABLE ONLY public.whatsapp_templates
    ADD CONSTRAINT whatsapp_templates_pkey PRIMARY KEY (id);


--
-- TOC entry 3628 (class 2606 OID 18271)
-- Name: white_label_settings white_label_settings_pkey; Type: CONSTRAINT; Schema: public; Owner: neondb_owner
--

ALTER TABLE ONLY public.white_label_settings
    ADD CONSTRAINT white_label_settings_pkey PRIMARY KEY (id);


--
-- TOC entry 3624 (class 1259 OID 18272)
-- Name: ix_whatsapp_templates_template_key; Type: INDEX; Schema: public; Owner: neondb_owner
--

CREATE UNIQUE INDEX ix_whatsapp_templates_template_key ON public.whatsapp_templates USING btree (template_key);


--
-- TOC entry 3651 (class 2606 OID 18273)
-- Name: audit_log audit_log_target_user_id_fkey; Type: FK CONSTRAINT; Schema: public; Owner: neondb_owner
--

ALTER TABLE ONLY public.audit_log
    ADD CONSTRAINT audit_log_target_user_id_fkey FOREIGN KEY (target_user_id) REFERENCES public."user"(id);


--
-- TOC entry 3652 (class 2606 OID 18278)
-- Name: audit_log audit_log_user_id_fkey; Type: FK CONSTRAINT; Schema: public; Owner: neondb_owner
--

ALTER TABLE ONLY public.audit_log
    ADD CONSTRAINT audit_log_user_id_fkey FOREIGN KEY (user_id) REFERENCES public."user"(id);


--
-- TOC entry 3653 (class 2606 OID 18283)
-- Name: auto_login_tokens auto_login_tokens_user_id_fkey; Type: FK CONSTRAINT; Schema: public; Owner: neondb_owner
--

ALTER TABLE ONLY public.auto_login_tokens
    ADD CONSTRAINT auto_login_tokens_user_id_fkey FOREIGN KEY (user_id) REFERENCES public."user"(id);


--
-- TOC entry 3654 (class 2606 OID 18288)
-- Name: company_settings company_settings_created_by_id_fkey; Type: FK CONSTRAINT; Schema: public; Owner: neondb_owner
--

ALTER TABLE ONLY public.company_settings
    ADD CONSTRAINT company_settings_created_by_id_fkey FOREIGN KEY (created_by_id) REFERENCES public."user"(id);


--
-- TOC entry 3655 (class 2606 OID 18293)
-- Name: credit_transactions credit_transactions_admin_user_id_fkey; Type: FK CONSTRAINT; Schema: public; Owner: neondb_owner
--

ALTER TABLE ONLY public.credit_transactions
    ADD CONSTRAINT credit_transactions_admin_user_id_fkey FOREIGN KEY (admin_user_id) REFERENCES public."user"(id);


--
-- TOC entry 3656 (class 2606 OID 18298)
-- Name: credit_transactions credit_transactions_order_id_fkey; Type: FK CONSTRAINT; Schema: public; Owner: neondb_owner
--

ALTER TABLE ONLY public.credit_transactions
    ADD CONSTRAINT credit_transactions_order_id_fkey FOREIGN KEY (order_id) REFERENCES public."order"(id);


--
-- TOC entry 3657 (class 2606 OID 18303)
-- Name: credit_transactions credit_transactions_wallet_id_fkey; Type: FK CONSTRAINT; Schema: public; Owner: neondb_owner
--

ALTER TABLE ONLY public.credit_transactions
    ADD CONSTRAINT credit_transactions_wallet_id_fkey FOREIGN KEY (wallet_id) REFERENCES public.credit_wallets(id);


--
-- TOC entry 3658 (class 2606 OID 18308)
-- Name: credit_wallets credit_wallets_reseller_id_fkey; Type: FK CONSTRAINT; Schema: public; Owner: neondb_owner
--

ALTER TABLE ONLY public.credit_wallets
    ADD CONSTRAINT credit_wallets_reseller_id_fkey FOREIGN KEY (reseller_id) REFERENCES public."user"(id);


--
-- TOC entry 3659 (class 2606 OID 18313)
-- Name: discount_tier_fees discount_tier_fees_subscription_id_fkey; Type: FK CONSTRAINT; Schema: public; Owner: neondb_owner
--

ALTER TABLE ONLY public.discount_tier_fees
    ADD CONSTRAINT discount_tier_fees_subscription_id_fkey FOREIGN KEY (subscription_id) REFERENCES public.early_discount_subscriptions(id);


--
-- TOC entry 3660 (class 2606 OID 18318)
-- Name: discount_tier_fees discount_tier_fees_user_id_fkey; Type: FK CONSTRAINT; Schema: public; Owner: neondb_owner
--

ALTER TABLE ONLY public.discount_tier_fees
    ADD CONSTRAINT discount_tier_fees_user_id_fkey FOREIGN KEY (user_id) REFERENCES public."user"(id);


--
-- TOC entry 3661 (class 2606 OID 18323)
-- Name: early_discount_subscriptions early_discount_subscriptions_created_by_id_fkey; Type: FK CONSTRAINT; Schema: public; Owner: neondb_owner
--

ALTER TABLE ONLY public.early_discount_subscriptions
    ADD CONSTRAINT early_discount_subscriptions_created_by_id_fkey FOREIGN KEY (created_by_id) REFERENCES public."user"(id);


--
-- TOC entry 3662 (class 2606 OID 18328)
-- Name: early_discount_subscriptions early_discount_subscriptions_user_id_fkey; Type: FK CONSTRAINT; Schema: public; Owner: neondb_owner
--

ALTER TABLE ONLY public.early_discount_subscriptions
    ADD CONSTRAINT early_discount_subscriptions_user_id_fkey FOREIGN KEY (user_id) REFERENCES public."user"(id);


--
-- TOC entry 3663 (class 2606 OID 18333)
-- Name: email_queue email_queue_initiated_by_user_id_fkey; Type: FK CONSTRAINT; Schema: public; Owner: neondb_owner
--

ALTER TABLE ONLY public.email_queue
    ADD CONSTRAINT email_queue_initiated_by_user_id_fkey FOREIGN KEY (initiated_by_user_id) REFERENCES public."user"(id);


--
-- TOC entry 3664 (class 2606 OID 18338)
-- Name: email_queue email_queue_recipient_user_id_fkey; Type: FK CONSTRAINT; Schema: public; Owner: neondb_owner
--

ALTER TABLE ONLY public.email_queue
    ADD CONSTRAINT email_queue_recipient_user_id_fkey FOREIGN KEY (recipient_user_id) REFERENCES public."user"(id);


--
-- TOC entry 3665 (class 2606 OID 18343)
-- Name: email_templates email_templates_created_by_id_fkey; Type: FK CONSTRAINT; Schema: public; Owner: neondb_owner
--

ALTER TABLE ONLY public.email_templates
    ADD CONSTRAINT email_templates_created_by_id_fkey FOREIGN KEY (created_by_id) REFERENCES public."user"(id);


--
-- TOC entry 3671 (class 2606 OID 18348)
-- Name: order fk_order_enduser; Type: FK CONSTRAINT; Schema: public; Owner: neondb_owner
--

ALTER TABLE ONLY public."order"
    ADD CONSTRAINT fk_order_enduser FOREIGN KEY (enduser_id) REFERENCES public."user"(id);


--
-- TOC entry 3672 (class 2606 OID 18992)
-- Name: order fk_order_sim_card; Type: FK CONSTRAINT; Schema: public; Owner: neondb_owner
--

ALTER TABLE ONLY public."order"
    ADD CONSTRAINT fk_order_sim_card FOREIGN KEY (sim_card_id) REFERENCES public.sim_cards(id);


--
-- TOC entry 3683 (class 2606 OID 20898)
-- Name: services fk_services_enduser_id; Type: FK CONSTRAINT; Schema: public; Owner: neondb_owner
--

ALTER TABLE ONLY public.services
    ADD CONSTRAINT fk_services_enduser_id FOREIGN KEY (enduser_id) REFERENCES public."user"(id);


--
-- TOC entry 3666 (class 2606 OID 18353)
-- Name: invoice_items invoice_items_invoice_id_fkey; Type: FK CONSTRAINT; Schema: public; Owner: neondb_owner
--

ALTER TABLE ONLY public.invoice_items
    ADD CONSTRAINT invoice_items_invoice_id_fkey FOREIGN KEY (invoice_id) REFERENCES public.invoices(id);


--
-- TOC entry 3667 (class 2606 OID 18358)
-- Name: invoice_items invoice_items_order_id_fkey; Type: FK CONSTRAINT; Schema: public; Owner: neondb_owner
--

ALTER TABLE ONLY public.invoice_items
    ADD CONSTRAINT invoice_items_order_id_fkey FOREIGN KEY (order_id) REFERENCES public."order"(id);


--
-- TOC entry 3668 (class 2606 OID 18363)
-- Name: invoice_items invoice_items_service_id_fkey; Type: FK CONSTRAINT; Schema: public; Owner: neondb_owner
--

ALTER TABLE ONLY public.invoice_items
    ADD CONSTRAINT invoice_items_service_id_fkey FOREIGN KEY (service_id) REFERENCES public.services(id);


--
-- TOC entry 3669 (class 2606 OID 18368)
-- Name: invoices invoices_created_by_id_fkey; Type: FK CONSTRAINT; Schema: public; Owner: neondb_owner
--

ALTER TABLE ONLY public.invoices
    ADD CONSTRAINT invoices_created_by_id_fkey FOREIGN KEY (created_by_id) REFERENCES public."user"(id);


--
-- TOC entry 3670 (class 2606 OID 18373)
-- Name: invoices invoices_reseller_id_fkey; Type: FK CONSTRAINT; Schema: public; Owner: neondb_owner
--

ALTER TABLE ONLY public.invoices
    ADD CONSTRAINT invoices_reseller_id_fkey FOREIGN KEY (reseller_id) REFERENCES public."user"(id);


--
-- TOC entry 3717 (class 2606 OID 21905)
-- Name: monthly_renewal_processing monthly_renewal_processing_reseller_id_fkey; Type: FK CONSTRAINT; Schema: public; Owner: neondb_owner
--

ALTER TABLE ONLY public.monthly_renewal_processing
    ADD CONSTRAINT monthly_renewal_processing_reseller_id_fkey FOREIGN KEY (reseller_id) REFERENCES public."user"(id);


--
-- TOC entry 3674 (class 2606 OID 18378)
-- Name: order_item order_item_order_id_fkey; Type: FK CONSTRAINT; Schema: public; Owner: neondb_owner
--

ALTER TABLE ONLY public.order_item
    ADD CONSTRAINT order_item_order_id_fkey FOREIGN KEY (order_id) REFERENCES public."order"(id);


--
-- TOC entry 3675 (class 2606 OID 18383)
-- Name: order_item order_item_product_id_fkey; Type: FK CONSTRAINT; Schema: public; Owner: neondb_owner
--

ALTER TABLE ONLY public.order_item
    ADD CONSTRAINT order_item_product_id_fkey FOREIGN KEY (product_id) REFERENCES public.product(id);


--
-- TOC entry 3673 (class 2606 OID 18388)
-- Name: order order_reseller_id_fkey; Type: FK CONSTRAINT; Schema: public; Owner: neondb_owner
--

ALTER TABLE ONLY public."order"
    ADD CONSTRAINT order_reseller_id_fkey FOREIGN KEY (reseller_id) REFERENCES public."user"(id);


--
-- TOC entry 3676 (class 2606 OID 18393)
-- Name: password_reset_tokens password_reset_tokens_user_id_fkey; Type: FK CONSTRAINT; Schema: public; Owner: neondb_owner
--

ALTER TABLE ONLY public.password_reset_tokens
    ADD CONSTRAINT password_reset_tokens_user_id_fkey FOREIGN KEY (user_id) REFERENCES public."user"(id);


--
-- TOC entry 3677 (class 2606 OID 18398)
-- Name: payfast_transactions payfast_transactions_credit_transaction_id_fkey; Type: FK CONSTRAINT; Schema: public; Owner: neondb_owner
--

ALTER TABLE ONLY public.payfast_transactions
    ADD CONSTRAINT payfast_transactions_credit_transaction_id_fkey FOREIGN KEY (credit_transaction_id) REFERENCES public.credit_transactions(id);


--
-- TOC entry 3678 (class 2606 OID 18403)
-- Name: payment_settings payment_settings_created_by_id_fkey; Type: FK CONSTRAINT; Schema: public; Owner: neondb_owner
--

ALTER TABLE ONLY public.payment_settings
    ADD CONSTRAINT payment_settings_created_by_id_fkey FOREIGN KEY (created_by_id) REFERENCES public."user"(id);


--
-- TOC entry 3679 (class 2606 OID 18408)
-- Name: pending_registrations pending_registrations_reviewed_by_id_fkey; Type: FK CONSTRAINT; Schema: public; Owner: neondb_owner
--

ALTER TABLE ONLY public.pending_registrations
    ADD CONSTRAINT pending_registrations_reviewed_by_id_fkey FOREIGN KEY (reviewed_by_id) REFERENCES public."user"(id);


--
-- TOC entry 3680 (class 2606 OID 18413)
-- Name: product product_category_id_fkey; Type: FK CONSTRAINT; Schema: public; Owner: neondb_owner
--

ALTER TABLE ONLY public.product
    ADD CONSTRAINT product_category_id_fkey FOREIGN KEY (category_id) REFERENCES public.product_category(id);


--
-- TOC entry 3681 (class 2606 OID 18418)
-- Name: product product_created_by_id_fkey; Type: FK CONSTRAINT; Schema: public; Owner: neondb_owner
--

ALTER TABLE ONLY public.product
    ADD CONSTRAINT product_created_by_id_fkey FOREIGN KEY (created_by_id) REFERENCES public."user"(id);


--
-- TOC entry 3682 (class 2606 OID 18423)
-- Name: product_feature product_feature_product_id_fkey; Type: FK CONSTRAINT; Schema: public; Owner: neondb_owner
--

ALTER TABLE ONLY public.product_feature
    ADD CONSTRAINT product_feature_product_id_fkey FOREIGN KEY (product_id) REFERENCES public.product(id) ON DELETE CASCADE;


--
-- TOC entry 3708 (class 2606 OID 20513)
-- Name: seo_settings seo_settings_updated_by_id_fkey; Type: FK CONSTRAINT; Schema: public; Owner: neondb_owner
--

ALTER TABLE ONLY public.seo_settings
    ADD CONSTRAINT seo_settings_updated_by_id_fkey FOREIGN KEY (updated_by_id) REFERENCES public."user"(id);


--
-- TOC entry 3709 (class 2606 OID 20888)
-- Name: service_upgrade_downgrade service_upgrade_downgrade_approved_by_id_fkey; Type: FK CONSTRAINT; Schema: public; Owner: neondb_owner
--

ALTER TABLE ONLY public.service_upgrade_downgrade
    ADD CONSTRAINT service_upgrade_downgrade_approved_by_id_fkey FOREIGN KEY (approved_by_id) REFERENCES public."user"(id);


--
-- TOC entry 3710 (class 2606 OID 20878)
-- Name: service_upgrade_downgrade service_upgrade_downgrade_current_product_id_fkey; Type: FK CONSTRAINT; Schema: public; Owner: neondb_owner
--

ALTER TABLE ONLY public.service_upgrade_downgrade
    ADD CONSTRAINT service_upgrade_downgrade_current_product_id_fkey FOREIGN KEY (current_product_id) REFERENCES public.product(id);


--
-- TOC entry 3711 (class 2606 OID 20883)
-- Name: service_upgrade_downgrade service_upgrade_downgrade_new_product_id_fkey; Type: FK CONSTRAINT; Schema: public; Owner: neondb_owner
--

ALTER TABLE ONLY public.service_upgrade_downgrade
    ADD CONSTRAINT service_upgrade_downgrade_new_product_id_fkey FOREIGN KEY (new_product_id) REFERENCES public.product(id);


--
-- TOC entry 3712 (class 2606 OID 20893)
-- Name: service_upgrade_downgrade service_upgrade_downgrade_rejected_by_id_fkey; Type: FK CONSTRAINT; Schema: public; Owner: neondb_owner
--

ALTER TABLE ONLY public.service_upgrade_downgrade
    ADD CONSTRAINT service_upgrade_downgrade_rejected_by_id_fkey FOREIGN KEY (rejected_by_id) REFERENCES public."user"(id);


--
-- TOC entry 3713 (class 2606 OID 20873)
-- Name: service_upgrade_downgrade service_upgrade_downgrade_reseller_id_fkey; Type: FK CONSTRAINT; Schema: public; Owner: neondb_owner
--

ALTER TABLE ONLY public.service_upgrade_downgrade
    ADD CONSTRAINT service_upgrade_downgrade_reseller_id_fkey FOREIGN KEY (reseller_id) REFERENCES public."user"(id);


--
-- TOC entry 3714 (class 2606 OID 20868)
-- Name: service_upgrade_downgrade service_upgrade_downgrade_service_id_fkey; Type: FK CONSTRAINT; Schema: public; Owner: neondb_owner
--

ALTER TABLE ONLY public.service_upgrade_downgrade
    ADD CONSTRAINT service_upgrade_downgrade_service_id_fkey FOREIGN KEY (service_id) REFERENCES public.services(id);


--
-- TOC entry 3684 (class 2606 OID 20730)
-- Name: services services_cancelled_by_id_fkey; Type: FK CONSTRAINT; Schema: public; Owner: neondb_owner
--

ALTER TABLE ONLY public.services
    ADD CONSTRAINT services_cancelled_by_id_fkey FOREIGN KEY (cancelled_by_id) REFERENCES public."user"(id);


--
-- TOC entry 3685 (class 2606 OID 18428)
-- Name: services services_product_id_fkey; Type: FK CONSTRAINT; Schema: public; Owner: neondb_owner
--

ALTER TABLE ONLY public.services
    ADD CONSTRAINT services_product_id_fkey FOREIGN KEY (product_id) REFERENCES public.product(id);


--
-- TOC entry 3686 (class 2606 OID 18433)
-- Name: services services_reseller_id_fkey; Type: FK CONSTRAINT; Schema: public; Owner: neondb_owner
--

ALTER TABLE ONLY public.services
    ADD CONSTRAINT services_reseller_id_fkey FOREIGN KEY (reseller_id) REFERENCES public."user"(id);


--
-- TOC entry 3687 (class 2606 OID 18438)
-- Name: sim_cards sim_cards_added_by_id_fkey; Type: FK CONSTRAINT; Schema: public; Owner: neondb_owner
--

ALTER TABLE ONLY public.sim_cards
    ADD CONSTRAINT sim_cards_added_by_id_fkey FOREIGN KEY (added_by_id) REFERENCES public."user"(id);


--
-- TOC entry 3688 (class 2606 OID 18443)
-- Name: sim_cards sim_cards_assigned_order_id_fkey; Type: FK CONSTRAINT; Schema: public; Owner: neondb_owner
--

ALTER TABLE ONLY public.sim_cards
    ADD CONSTRAINT sim_cards_assigned_order_id_fkey FOREIGN KEY (assigned_order_id) REFERENCES public."order"(id);


--
-- TOC entry 3689 (class 2606 OID 18448)
-- Name: sim_cards sim_cards_assigned_service_id_fkey; Type: FK CONSTRAINT; Schema: public; Owner: neondb_owner
--

ALTER TABLE ONLY public.sim_cards
    ADD CONSTRAINT sim_cards_assigned_service_id_fkey FOREIGN KEY (assigned_service_id) REFERENCES public.services(id);


--
-- TOC entry 3690 (class 2606 OID 18453)
-- Name: sim_cards sim_cards_category_id_fkey; Type: FK CONSTRAINT; Schema: public; Owner: neondb_owner
--

ALTER TABLE ONLY public.sim_cards
    ADD CONSTRAINT sim_cards_category_id_fkey FOREIGN KEY (category_id) REFERENCES public.product_category(id);


--
-- TOC entry 3691 (class 2606 OID 18458)
-- Name: sim_cards sim_cards_reseller_id_fkey; Type: FK CONSTRAINT; Schema: public; Owner: neondb_owner
--

ALTER TABLE ONLY public.sim_cards
    ADD CONSTRAINT sim_cards_reseller_id_fkey FOREIGN KEY (reseller_id) REFERENCES public."user"(id);


--
-- TOC entry 3692 (class 2606 OID 18463)
-- Name: sim_package_offers sim_package_offers_category_id_fkey; Type: FK CONSTRAINT; Schema: public; Owner: neondb_owner
--

ALTER TABLE ONLY public.sim_package_offers
    ADD CONSTRAINT sim_package_offers_category_id_fkey FOREIGN KEY (category_id) REFERENCES public.product_category(id);


--
-- TOC entry 3693 (class 2606 OID 18468)
-- Name: sim_package_offers sim_package_offers_created_by_id_fkey; Type: FK CONSTRAINT; Schema: public; Owner: neondb_owner
--

ALTER TABLE ONLY public.sim_package_offers
    ADD CONSTRAINT sim_package_offers_created_by_id_fkey FOREIGN KEY (created_by_id) REFERENCES public."user"(id);


--
-- TOC entry 3694 (class 2606 OID 18473)
-- Name: sim_purchase_orders sim_purchase_orders_package_offer_id_fkey; Type: FK CONSTRAINT; Schema: public; Owner: neondb_owner
--

ALTER TABLE ONLY public.sim_purchase_orders
    ADD CONSTRAINT sim_purchase_orders_package_offer_id_fkey FOREIGN KEY (package_offer_id) REFERENCES public.sim_package_offers(id);


--
-- TOC entry 3695 (class 2606 OID 18478)
-- Name: sim_purchase_orders sim_purchase_orders_processed_by_id_fkey; Type: FK CONSTRAINT; Schema: public; Owner: neondb_owner
--

ALTER TABLE ONLY public.sim_purchase_orders
    ADD CONSTRAINT sim_purchase_orders_processed_by_id_fkey FOREIGN KEY (processed_by_id) REFERENCES public."user"(id);


--
-- TOC entry 3696 (class 2606 OID 18483)
-- Name: sim_purchase_orders sim_purchase_orders_reseller_id_fkey; Type: FK CONSTRAINT; Schema: public; Owner: neondb_owner
--

ALTER TABLE ONLY public.sim_purchase_orders
    ADD CONSTRAINT sim_purchase_orders_reseller_id_fkey FOREIGN KEY (reseller_id) REFERENCES public."user"(id);


--
-- TOC entry 3697 (class 2606 OID 18488)
-- Name: smtp_settings smtp_settings_created_by_id_fkey; Type: FK CONSTRAINT; Schema: public; Owner: neondb_owner
--

ALTER TABLE ONLY public.smtp_settings
    ADD CONSTRAINT smtp_settings_created_by_id_fkey FOREIGN KEY (created_by_id) REFERENCES public."user"(id);


--
-- TOC entry 3698 (class 2606 OID 18493)
-- Name: stripe_transactions stripe_transactions_credit_transaction_id_fkey; Type: FK CONSTRAINT; Schema: public; Owner: neondb_owner
--

ALTER TABLE ONLY public.stripe_transactions
    ADD CONSTRAINT stripe_transactions_credit_transaction_id_fkey FOREIGN KEY (credit_transaction_id) REFERENCES public.credit_transactions(id);


--
-- TOC entry 3716 (class 2606 OID 21191)
-- Name: system_maintenance_settings system_maintenance_settings_enabled_by_user_id_fkey; Type: FK CONSTRAINT; Schema: public; Owner: neondb_owner
--

ALTER TABLE ONLY public.system_maintenance_settings
    ADD CONSTRAINT system_maintenance_settings_enabled_by_user_id_fkey FOREIGN KEY (enabled_by_user_id) REFERENCES public."user"(id);


--
-- TOC entry 3699 (class 2606 OID 18498)
-- Name: user user_created_by_id_fkey; Type: FK CONSTRAINT; Schema: public; Owner: neondb_owner
--

ALTER TABLE ONLY public."user"
    ADD CONSTRAINT user_created_by_id_fkey FOREIGN KEY (created_by_id) REFERENCES public."user"(id);


--
-- TOC entry 3700 (class 2606 OID 18503)
-- Name: user user_reseller_id_fkey; Type: FK CONSTRAINT; Schema: public; Owner: neondb_owner
--

ALTER TABLE ONLY public."user"
    ADD CONSTRAINT user_reseller_id_fkey FOREIGN KEY (reseller_id) REFERENCES public."user"(id);


--
-- TOC entry 3715 (class 2606 OID 21044)
-- Name: video_guides video_guides_created_by_id_fkey; Type: FK CONSTRAINT; Schema: public; Owner: neondb_owner
--

ALTER TABLE ONLY public.video_guides
    ADD CONSTRAINT video_guides_created_by_id_fkey FOREIGN KEY (created_by_id) REFERENCES public."user"(id);


--
-- TOC entry 3701 (class 2606 OID 18508)
-- Name: whatsapp_activity_log whatsapp_activity_log_initiated_by_user_id_fkey; Type: FK CONSTRAINT; Schema: public; Owner: neondb_owner
--

ALTER TABLE ONLY public.whatsapp_activity_log
    ADD CONSTRAINT whatsapp_activity_log_initiated_by_user_id_fkey FOREIGN KEY (initiated_by_user_id) REFERENCES public."user"(id);


--
-- TOC entry 3702 (class 2606 OID 18513)
-- Name: whatsapp_activity_log whatsapp_activity_log_reseller_id_fkey; Type: FK CONSTRAINT; Schema: public; Owner: neondb_owner
--

ALTER TABLE ONLY public.whatsapp_activity_log
    ADD CONSTRAINT whatsapp_activity_log_reseller_id_fkey FOREIGN KEY (reseller_id) REFERENCES public."user"(id);


--
-- TOC entry 3707 (class 2606 OID 18627)
-- Name: whatsapp_api_settings whatsapp_api_settings_updated_by_id_fkey; Type: FK CONSTRAINT; Schema: public; Owner: neondb_owner
--

ALTER TABLE ONLY public.whatsapp_api_settings
    ADD CONSTRAINT whatsapp_api_settings_updated_by_id_fkey FOREIGN KEY (updated_by_id) REFERENCES public."user"(id);


--
-- TOC entry 3703 (class 2606 OID 18518)
-- Name: whatsapp_queue whatsapp_queue_initiated_by_user_id_fkey; Type: FK CONSTRAINT; Schema: public; Owner: neondb_owner
--

ALTER TABLE ONLY public.whatsapp_queue
    ADD CONSTRAINT whatsapp_queue_initiated_by_user_id_fkey FOREIGN KEY (initiated_by_user_id) REFERENCES public."user"(id);


--
-- TOC entry 3704 (class 2606 OID 18523)
-- Name: whatsapp_queue whatsapp_queue_recipient_user_id_fkey; Type: FK CONSTRAINT; Schema: public; Owner: neondb_owner
--

ALTER TABLE ONLY public.whatsapp_queue
    ADD CONSTRAINT whatsapp_queue_recipient_user_id_fkey FOREIGN KEY (recipient_user_id) REFERENCES public."user"(id);


--
-- TOC entry 3705 (class 2606 OID 18528)
-- Name: whatsapp_templates whatsapp_templates_created_by_id_fkey; Type: FK CONSTRAINT; Schema: public; Owner: neondb_owner
--

ALTER TABLE ONLY public.whatsapp_templates
    ADD CONSTRAINT whatsapp_templates_created_by_id_fkey FOREIGN KEY (created_by_id) REFERENCES public."user"(id);


--
-- TOC entry 3706 (class 2606 OID 18533)
-- Name: white_label_settings white_label_settings_reseller_id_fkey; Type: FK CONSTRAINT; Schema: public; Owner: neondb_owner
--

ALTER TABLE ONLY public.white_label_settings
    ADD CONSTRAINT white_label_settings_reseller_id_fkey FOREIGN KEY (reseller_id) REFERENCES public."user"(id);


--
-- TOC entry 2289 (class 826 OID 18615)
-- Name: DEFAULT PRIVILEGES FOR SEQUENCES; Type: DEFAULT ACL; Schema: public; Owner: cloud_admin
--

ALTER DEFAULT PRIVILEGES FOR ROLE cloud_admin IN SCHEMA public GRANT ALL ON SEQUENCES TO neon_superuser WITH GRANT OPTION;


--
-- TOC entry 2290 (class 826 OID 18616)
-- Name: DEFAULT PRIVILEGES FOR TABLES; Type: DEFAULT ACL; Schema: public; Owner: cloud_admin
--

ALTER DEFAULT PRIVILEGES FOR ROLE cloud_admin IN SCHEMA public GRANT SELECT,INSERT,REFERENCES,DELETE,TRIGGER,TRUNCATE,UPDATE ON TABLES TO neon_superuser WITH GRANT OPTION;


-- Completed on 2025-07-27 16:42:06

--
--

-- Completed on 2025-07-27 16:42:06

--
-- PostgreSQL database cluster dump complete
--

